546
CXUS51 KCLE 012024
CLMERI


CLIMATE REPORT
NATIONAL WEATHER SERVICE CLEVELAND OH
321 PM EST WED FEB 1 2017

...................................

...THE ERIE PA CLIMATE SUMMARY FOR THE MONTH OF JANUARY 2017...

CLIMATE NORMAL PERIOD 1981 TO 2010
CLIMATE RECORD PERIOD 1873 TO 2017

WEATHER         OBSERVED          NORMAL  DEPART  LAST YEAR`S
                 VALUE   DATE(S)  VALUE   FROM    VALUE
                                          NORMAL
.............................................................
TEMPERATURE (F)
RECORD
 HIGH              73   01/25/1950
                        01/01/1876
 LOW              -18   01/19/1994
HIGHEST            65   01/21
LOWEST              8   01/07
                        01/06
AVG. MAXIMUM     39.3              33.7     5.6     35.5
AVG. MINIMUM     26.9              20.8     6.1     21.8
MEAN             33.1              27.2     5.9     28.7
DAYS MAX >= 90      0               0.0     0.0        0
DAYS MAX <= 32     10              14.2    -4.2       16
DAYS MIN <= 32     21              26.4    -5.4       27
DAYS MIN <= 0       0               1.3    -1.3        0

PRECIPITATION (INCHES)
RECORD
 MAXIMUM         6.25   1950
 MINIMUM         0.85   1944
TOTALS           4.88              2.95    1.93     2.38
DAYS >= .01        20              19.6     0.4       22
DAYS >= .10        15               8.6     6.4       10
DAYS >= .50         2               1.1     0.9        0
DAYS >= 1.00        0               0.2    -0.2        0
GREATEST
 24 HR. TOTAL    0.93   01/11 TO 01/12              0.40

SNOWFALL (INCHES)
RECORDS
 TOTAL           62.4   1978
TOTALS           33.4              29.6     3.8     38.4
SINCE 7/1        58.0              65.8    -7.8     43.8
DAYS >= 1.0         8               8.3    -0.3        9
GREATEST
 24 HR TOTAL      7.9   01/06 TO 01/06

DEGREE_DAYS
HEATING TOTAL     978              1170    -192     1119
 SINCE 7/1       2751              3338    -587     2654
COOLING TOTAL       0                 0       0        0
 SINCE 1/1          0                 0       0        0
..............................................................

WIND (MPH)
AVERAGE WIND SPEED              10.7
HIGHEST WIND SPEED/DIRECTION    45/170    DATE  01/10
HIGHEST GUST SPEED/DIRECTION    68/180    DATE  01/10

SKY COVER
AVERAGE SKY COVER           0.80

AVERAGE RH (PERCENT)     76

WEATHER CONDITIONS. NUMBER OF DAYS WITH
THUNDERSTORM              0     MIXED PRECIP               0
HEAVY RAIN                0     RAIN                       3
LIGHT RAIN               14     FREEZING RAIN              0
LT FREEZING RAIN          0     HAIL                       0
HEAVY SNOW                4     SNOW                       8
LIGHT SNOW               13     SLEET                      0
FOG                      24     FOG W/VIS <= 1/4 MILE     12
HAZE                     15

-  INDICATES NEGATIVE NUMBERS.
R  INDICATES RECORD WAS SET OR TIED.
MM INDICATES DATA IS MISSING.
T  INDICATES TRACE AMOUNT.

$$
