000
CXUS51 KCLE 021729
CLMERI
CLIMATE REPORT
NATIONAL WEATHER SERVICE CLEVELAND, OH
1229 PM EST TUE JAN 02 2024
...................................
...THE ERIE PA CLIMATE SUMMARY FOR THE MONTH OF DECEMBER 2023...
CLIMATE NORMAL PERIOD 1991 TO 2020
CLIMATE RECORD PERIOD 1873 TO 2024
WEATHER OBSERVED NORMAL DEPART LAST YEAR`S
VALUE DATE(S) VALUE FROM VALUE
NORMAL
..............................................................
TEMPERATURE (F)
RECORD
HIGH 75 12/03/1982
LOW -11 12/30/1880
HIGHEST 61 12/09
12/25
LOWEST 25 12/13
12/14
AVG. MAXIMUM 46.7 40.2 6.5 39.1
AVG. MINIMUM 36.2 28.0 8.2 27.5
MEAN 41.5 34.1 7.4 33.3
DAYS MAX >= 90 0 0.0 0.0 0
DAYS MAX <= 32 0 7.7 -7.7 6
DAYS MIN <= 32 8 21.5 -13.5 20
DAYS MIN <= 0 0 0.0 0.0 2
PRECIPITATION (INCHES)
RECORD
MAXIMUM 7.55 2017
MINIMUM 0.66 1928
TOTALS 3.27 4.17 -0.90 1.06
DAYS >= .01 20 18.5 1.5 12
DAYS >= .10 10 11.0 -1.0 4
DAYS >= .50 2 2.3 -0.3 0
DAYS >= 1.00 0 0.3 -0.3 0
GREATEST
24 HR. TOTAL 0.84 12/03 TO 12/04 0.90
SNOWFALL (INCHES)
RECORDS
TOTAL 93.8 2017
TOTALS 1.4 26.3 -24.9 6.5
SINCE 7/1 6.8 36.0 -29.2 29.4
DAYS >= 1.0 1 6.7 -5.7 2
GREATEST
24 HR TOTAL 1.0 12/19 TO 12/19
DEGREE DAYS
HEATING TOTAL 723 958 -235 976
SINCE 7/1 1723 2041 -318 2081
COOLING TOTAL 0 0 0 0
SINCE 1/1 590 753 -163 749
..............................................................
WIND (MPH)
AVERAGE WIND SPEED 9.2
HIGHEST WIND SPEED/DIRECTION 28/180 DATE 12/09
28/210 12/12
28/160 12/17
HIGHEST GUST SPEED/DIRECTION 43/170 DATE 12/09
43/280 12/18
SKY COVER
AVERAGE SKY COVER 0.76
AVERAGE RH (PERCENT) 74
WEATHER CONDITIONS. NUMBER OF DAYS WITH
THUNDERSTORM 1 MIXED PRECIP 0
HEAVY RAIN 3 RAIN 5
LIGHT RAIN 17 FREEZING RAIN 0
LT FREEZING RAIN 0 HAIL 1
HEAVY SNOW 0 SNOW 0
LIGHT SNOW 8 SLEET 0
FOG 21 FOG W/VIS <= 1/4 MILE 3
HAZE 1
- INDICATES NEGATIVE NUMBERS.
R INDICATES RECORD WAS SET OR TIED.
MM INDICATES DATA IS MISSING.
T INDICATES TRACE AMOUNT.
$$