000
CXUS51 KCLE 021333
CLMERI


CLIMATE REPORT
NATIONAL WEATHER SERVICE CLEVELAND OH
921 AM EDT TUE SEP 2 2014

...................................

...THE ERIE PA CLIMATE SUMMARY FOR THE MONTH OF AUGUST 2014...

CLIMATE NORMAL PERIOD 1981 TO 2010
CLIMATE RECORD PERIOD 1873 TO 2014

WEATHER         OBSERVED          NORMAL  DEPART  LAST YEAR`S
                 VALUE   DATE(S)  VALUE   FROM    VALUE  DATE(S)
                                          NORMAL
................................................................
TEMPERATURE (F)
RECORD
 HIGH              96   08/06/1918
 LOW               37   08/29/1982
HIGHEST            91   08/30
LOWEST             51   08/15
AVG. MAXIMUM     78.1              78.6    -0.5     77.3
AVG. MINIMUM     61.5              62.5    -1.0     62.5
MEAN             69.8              70.5    -0.7     69.9
DAYS MAX >= 90      1               0.6     0.4        0
DAYS MAX <= 32      0               0.0     0.0        0
DAYS MIN <= 32      0               0.0     0.0        0
DAYS MIN <= 0       0               0.0     0.0        0

PRECIPITATION (INCHES)
RECORD
 MAXIMUM        11.06   1977
 MINIMUM         0.29   1929
TOTALS           3.32              3.47   -0.15     3.74
DAYS >= .01        10              10.3    -0.3       11
DAYS >= .10         6               6.1    -0.1        7
DAYS >= .50         3               2.1     0.9        4
DAYS >= 1.00        0               0.9    -0.9        1
GREATEST
 24 HR. TOTAL    0.95   08/01 TO 08/02              1.45

SNOWFALL (INCHES)
RECORDS
 TOTAL             MM
TOTALS            0.0               0.0     0.0      0.0
SINCE 7/1         0.0               0.0     0.0      0.0
DAYS >= 1.0         0               0.0     0.0        0
GREATEST                                      0
 24 HR TOTAL      0.0

DEGREE_DAYS
HEATING TOTAL      13                11       2        9
 SINCE 7/1         18                18       0       12
COOLING TOTAL     167               183     -16      171
 SINCE 1/1        516               558     -42      621
.................................................................

WIND (MPH)
AVERAGE WIND SPEED              7.3
HIGHEST WIND SPEED/DIRECTION    28/150    DATE  08/11
HIGHEST GUST SPEED/DIRECTION    41/170    DATE  08/11

SKY COVER
AVERAGE SKY COVER           0.30

AVERAGE RH (PERCENT)     69

WEATHER CONDITIONS. NUMBER OF DAYS WITH
THUNDERSTORM              0     MIXED PRECIP               0
HEAVY RAIN                6     RAIN                       5
LIGHT RAIN               12     FREEZING RAIN              0
LT FREEZING RAIN          0     HAIL                       0
HEAVY SNOW                0     SNOW                       0
LIGHT SNOW                0     SLEET                      0
FOG                      11     FOG W/VIS <= 1/4 MILE      0
HAZE                      5

-  INDICATES NEGATIVE NUMBERS.
R  INDICATES RECORD WAS SET OR TIED.
MM INDICATES DATA IS MISSING.
T  INDICATES TRACE AMOUNT.

$$
