370
CXUS51 KCLE 011908
CLMERI


CLIMATE REPORT
NATIONAL WEATHER SERVICE CLEVELAND OH
305 PM EDT SAT OCT 1 2016

...................................

...THE ERIE PA CLIMATE SUMMARY FOR THE MONTH OF SEPTEMBER 2016...

CLIMATE NORMAL PERIOD 1981 TO 2010
CLIMATE RECORD PERIOD 1873 TO 2016

WEATHER         OBSERVED          NORMAL  DEPART  LAST YEAR`S
                 VALUE   DATE(S)  VALUE   FROM    VALUE
                                          NORMAL
.............................................................
TEMPERATURE (F)
RECORD
 HIGH              99   09/03/1953
 LOW               33   09/23/1974
                        09/27/1957
HIGHEST            89   09/10
LOWEST             47   09/25
AVG. MAXIMUM     76.8              71.9     4.9     77.4
AVG. MINIMUM     60.2              55.8     4.4     60.7
MEAN             68.5              63.8     4.7     69.1
DAYS MAX >= 90      0               0.1    -0.1        1
DAYS MAX <= 32      0               0.0     0.0        0
DAYS MIN <= 32      0               0.0     0.0        0
DAYS MIN <= 0       0               0.0     0.0        0

PRECIPITATION (INCHES)
RECORD
 MAXIMUM        10.65   1977
 MINIMUM         1.01   1948
TOTALS           5.96              4.61    1.35     5.18
DAYS >= .01         7              11.1    -4.1        7
DAYS >= .10         7               7.9    -0.9        5
DAYS >= .50         4               2.9     1.1        3
DAYS >= 1.00        2               1.3     0.7        2
GREATEST
 24 HR. TOTAL    2.01   08/31 TO 09/01              3.64

SNOWFALL (INCHES)
RECORDS
 TOTAL              T   1993
                        1990
                        1954
TOTALS            0.0               0.0     0.0      0.0
SINCE 7/1         0.0               0.0     0.0      0.0
DAYS >= 1.0         0               0.0     0.0        0
GREATEST
 24 HR TOTAL      0.0   09/30 TO 09/30

DEGREE_DAYS
HEATING TOTAL      23               106     -83       33
 SINCE 7/1         23               124    -101       51
COOLING TOTAL     136                71      65      162
 SINCE 1/1        985               629     356      768
..............................................................

WIND (MPH)
AVERAGE WIND SPEED              8.1
HIGHEST WIND SPEED/DIRECTION    26/210    DATE  09/10
HIGHEST GUST SPEED/DIRECTION    41/220    DATE  09/10

SKY COVER
AVERAGE SKY COVER           0.30

AVERAGE RH (PERCENT)     70

WEATHER CONDITIONS. NUMBER OF DAYS WITH
THUNDERSTORM              0     MIXED PRECIP               0
HEAVY RAIN                5     RAIN                       5
LIGHT RAIN               10     FREEZING RAIN              0
LT FREEZING RAIN          0     HAIL                       0
HEAVY SNOW                0     SNOW                       0
LIGHT SNOW                0     SLEET                      0
FOG                       6     FOG W/VIS <= 1/4 MILE      0
HAZE                      3

-  INDICATES NEGATIVE NUMBERS.
R  INDICATES RECORD WAS SET OR TIED.
MM INDICATES DATA IS MISSING.
T  INDICATES TRACE AMOUNT.

$$
