000
CXUS51 KCLE 031456
CLMERI
CLIMATE REPORT
NATIONAL WEATHER SERVICE CLEVELAND, OH
1056 AM EDT FRI NOV 03 2023
...................................
...THE ERIE PA CLIMATE SUMMARY FOR THE MONTH OF OCTOBER 2023...
CLIMATE NORMAL PERIOD 1991 TO 2020
CLIMATE RECORD PERIOD 1873 TO 2023
WEATHER OBSERVED NORMAL DEPART LAST YEAR`S
VALUE DATE(S) VALUE FROM VALUE
NORMAL
..............................................................
TEMPERATURE (F)
RECORD
HIGH 89 10/01/2019
10/08/2018
10/04/1951
LOW 23 10/28/1895
HIGHEST 84 10/04
LOWEST 32 10/31
AVG. MAXIMUM 62.8 62.3 0.5 61.0
AVG. MINIMUM 50.3 46.3 4.0 43.2
MEAN 56.5 54.3 2.2 52.1
DAYS MAX >= 90 0 0.0 0.0 0
DAYS MAX <= 32 0 0.0 0.0 0
DAYS MIN <= 32 1 0.4 0.6 1
DAYS MIN <= 0 0 0.0 0.0 0
PRECIPITATION (INCHES)
RECORD
MAXIMUM 9.87 1954
MINIMUM 0.02 1924
TOTALS 4.30 4.38 -0.08 4.79
DAYS >= .01 17 14.3 2.7 10
DAYS >= .10 11 9.5 1.5 7
DAYS >= .50 2 3.1 -1.1 4
DAYS >= 1.00 1 0.6 0.4 2
GREATEST
24 HR. TOTAL 1.53 10/05 TO 10/06 1.87
SNOWFALL (INCHES)
RECORDS
TOTAL 14.7 1925
TOTALS 2.3 0.1 2.2 T
SINCE 7/1 2.3 0.1 2.2 T
DAYS >= 1.0 1 0.0 1.0 0
GREATEST
24 HR TOTAL 2.3R 10/31 TO 10/31
DEGREE DAYS
HEATING TOTAL 293 346 -53 393
SINCE 7/1 352 441 -89 487
COOLING TOTAL 41 14 27 0
SINCE 1/1 590 753 -163 744
..............................................................
WIND (MPH)
AVERAGE WIND SPEED 9.3
HIGHEST WIND SPEED/DIRECTION 28/300 DATE 10/07
HIGHEST GUST SPEED/DIRECTION 45/300 DATE 10/07
SKY COVER
AVERAGE SKY COVER 0.65
AVERAGE RH (PERCENT) 68
WEATHER CONDITIONS. NUMBER OF DAYS WITH
THUNDERSTORM 2 MIXED PRECIP 0
HEAVY RAIN 3 RAIN 9
LIGHT RAIN 20 FREEZING RAIN 0
LT FREEZING RAIN 0 HAIL 0
HEAVY SNOW 0 SNOW 1
LIGHT SNOW 1 SLEET 0
FOG 17 FOG W/VIS <= 1/4 MILE 2
HAZE 7
- INDICATES NEGATIVE NUMBERS.
R INDICATES RECORD WAS SET OR TIED.
MM INDICATES DATA IS MISSING.
T INDICATES TRACE AMOUNT.
$$