894
CXUS51 KCLE 021821 RRC
CLMERI

CLIMATE REPORT
NATIONAL WEATHER SERVICE CLEVELAND OH
143 PM EDT SAT SEP 2 2017

...................................

...THE ERIE PA CLIMATE SUMMARY FOR THE MONTH OF AUGUST 2017...

CLIMATE NORMAL PERIOD 1981 TO 2010
CLIMATE RECORD PERIOD 1873 TO 2017

WEATHER         OBSERVED          NORMAL  DEPART  LAST YEAR`S
                 VALUE   DATE(S)  VALUE   FROM    VALUE
                                          NORMAL
.............................................................
TEMPERATURE (F)
RECORD
 HIGH              96   08/06/1918
 LOW               37   08/29/1982
HIGHEST            90   08/17
LOWEST             50   08/26
AVG. MAXIMUM     78.3              78.6    -0.3     83.9
AVG. MINIMUM     61.5              62.5    -1.0     67.3
MEAN             69.9              70.5    -0.6     75.6
DAYS MAX >= 90      1               0.6     0.4        3
DAYS MAX <= 32      0               0.0     0.0        0
DAYS MIN <= 32      0               0.0     0.0        0
DAYS MIN <= 0       0               0.0     0.0        0

PRECIPITATION (INCHES)
RECORD
 MAXIMUM        11.06   1977
 MINIMUM         0.29   1929
TOTALS           2.18              3.47   -1.29     8.12
DAYS >= .01         9              10.3    -1.3       12
DAYS >= .10         4               6.1    -2.1        9
DAYS >= .50         2               2.1    -0.1        3
DAYS >= 1.00        0               0.9    -0.9        3
GREATEST
 24 HR. TOTAL    0.92   08/22 TO 08/22              4.07

SNOWFALL (INCHES)
RECORDS
 TOTAL              T   1992
                        1990
                        1955
TOTALS            0.0               0.0     0.0      0.0
SINCE 7/1         0.0               0.0     0.0      0.0
DAYS >= 1.0         0               0.0     0.0        0
GREATEST
 24 HR TOTAL      0.0   08/31 TO 08/31

DEGREE_DAYS
HEATING TOTAL      10                11      -1        0
 SINCE 7/1         10                18      -8        0
COOLING TOTAL     169               183     -14      336
 SINCE 1/1        562               558       4      849
..............................................................

WIND (MPH)
AVERAGE WIND SPEED              8.4
HIGHEST WIND SPEED/DIRECTION    30/230    DATE  08/22
HIGHEST GUST SPEED/DIRECTION    44/220    DATE  08/22

SKY COVER
AVERAGE SKY COVER           0.30

AVERAGE RH (PERCENT)     69

WEATHER CONDITIONS. NUMBER OF DAYS WITH
THUNDERSTORM              0     MIXED PRECIP               0
HEAVY RAIN                3     RAIN                       5
LIGHT RAIN               13     FREEZING RAIN              0
LT FREEZING RAIN          0     HAIL                       0
HEAVY SNOW                0     SNOW                       0
LIGHT SNOW                0     SLEET                      0
FOG                       9     FOG W/VIS <= 1/4 MILE      0
HAZE                      6

-  INDICATES NEGATIVE NUMBERS.
R  INDICATES RECORD WAS SET OR TIED.
MM INDICATES DATA IS MISSING.
T  INDICATES TRACE AMOUNT.

$$
