000
CXUS51 KCLE 042000
CLMERI


CLIMATE REPORT
NATIONAL WEATHER SERVICE CLEVELAND OH
300 PM EST THU DEC 4 2014

...................................

...THE ERIE PA CLIMATE SUMMARY FOR THE MONTH OF NOVEMBER 2014...

CLIMATE NORMAL PERIOD 1981 TO 2010
CLIMATE RECORD PERIOD 1873 TO 2014

WEATHER         OBSERVED          NORMAL  DEPART  LAST YEAR`S
                 VALUE   DATE(S)  VALUE   FROM    VALUE  DATE(S)
                                          NORMAL
................................................................
TEMPERATURE (F)
RECORD
 HIGH              82   11/01/1950
 LOW                6   11/30/1929
                        11/22/1880
HIGHEST            69   11/11
LOWEST             12   11/19
AVG. MAXIMUM     45.4              49.9    -4.5     45.7
AVG. MINIMUM     33.1              36.6    -3.5     33.3
MEAN             39.2              43.3    -4.1     39.5
DAYS MAX >= 90      0               0.0     0.0        0
DAYS MAX <= 32      4               0.9     3.1        2
DAYS MIN <= 32     13               8.8     4.2       16
DAYS MIN <= 0       0               0.0     0.0        0

PRECIPITATION (INCHES)
RECORD
 MAXIMUM        10.40   1985
 MINIMUM         0.40   1904
TOTALS           3.44              3.93   -0.49     4.44
DAYS >= .01        21              15.5     5.5       20
DAYS >= .10         8               9.4    -1.4       14
DAYS >= .50         1               2.4    -1.4        3
DAYS >= 1.00        1               0.4     0.6        0
GREATEST
 24 HR. TOTAL    1.61   11/12 TO 11/13              0.74
                        11/13 TO 11/13
                        11/13 TO 11/14

SNOWFALL (INCHES)
RECORDS
 TOTAL           46.9   5
                        0
                        -26215
TOTALS           25.0               8.5    16.5     15.3
SINCE 7/1        25.0               8.7    16.3     15.6
SNOWDEPTH AVG.      2                MM      MM        1
DAYS >= 1.0         4               2.1     1.9        6
GREATEST
 SNOW DEPTH         9R  11/14                          6  11/29
 24 HR TOTAL     12.6R  MM

DEGREE_DAYS
HEATING TOTAL     767               653     114      755
 SINCE 7/1       1214              1156      58     1199
COOLING TOTAL       0                 0       0        0
 SINCE 1/1        603               638     -35      706
.................................................................

WIND (MPH)
AVERAGE WIND SPEED              13.3
HIGHEST WIND SPEED/DIRECTION    36/230    DATE  11/24
HIGHEST GUST SPEED/DIRECTION    51/200    DATE  11/24

SKY COVER
AVERAGE SKY COVER           0.80

AVERAGE RH (PERCENT)     65

WEATHER CONDITIONS. NUMBER OF DAYS WITH
THUNDERSTORM              0     MIXED PRECIP               0
HEAVY RAIN                1     RAIN                       2
LIGHT RAIN               14     FREEZING RAIN              0
LT FREEZING RAIN          1     HAIL                       0
HEAVY SNOW                2     SNOW                       6
LIGHT SNOW               14     SLEET                      0
FOG                      15     FOG W/VIS <= 1/4 MILE      3
HAZE                     13

-  INDICATES NEGATIVE NUMBERS.
R  INDICATES RECORD WAS SET OR TIED.
MM INDICATES DATA IS MISSING.
T  INDICATES TRACE AMOUNT.

$$
