000
CXUS51 KCLE 011234
CLMERI


CLIMATE REPORT
NATIONAL WEATHER SERVICE CLEVELAND OH
828 AM EDT FRI AUG 1 2014

...................................

...THE ERIE PA CLIMATE SUMMARY FOR THE MONTH OF JULY 2014...

CLIMATE NORMAL PERIOD 1981 TO 2010
CLIMATE RECORD PERIOD 1873 TO 2014

WEATHER         OBSERVED          NORMAL  DEPART  LAST YEAR`S
                 VALUE   DATE(S)  VALUE   FROM    VALUE  DATE(S)
                                          NORMAL
................................................................
TEMPERATURE (F)
RECORD
 HIGH              99   07/04/1990
 LOW               44   07/09/1963
HIGHEST            86   07/22
LOWEST             52   07/05
AVG. MAXIMUM     76.7              79.8    -3.1     79.5
AVG. MINIMUM     61.8              63.5    -1.7     65.8
MEAN             69.2              71.7    -2.5     72.7
DAYS MAX >= 90      0               1.3    -1.3        1
DAYS MAX <= 32      0               0.0     0.0        0
DAYS MIN <= 32      0               0.0     0.0        0
DAYS MIN <= 0       0               0.0     0.0        0

PRECIPITATION (INCHES)
RECORD
 MAXIMUM        13.27   1947
 MINIMUM         0.39   1916
TOTALS           3.25              3.54   -0.29     5.62
DAYS >= .01        13              10.2     2.8       17
DAYS >= .10         6               6.8    -0.8       13
DAYS >= .50         1               2.4    -1.4        5
DAYS >= 1.00        1               1.0     0.0        0
GREATEST
 24 HR. TOTAL    1.64   07/08 TO 07/08              1.00

SNOWFALL (INCHES)
RECORDS
 TOTAL             MM   MM
TOTALS            0.0               0.0     0.0      0.0
SINCE 7/1         0.0               0.0     0.0      0.0
SNOWDEPTH AVG.      0                MM      MM        0
DAYS >= 1.0         0               0.0     0.0        0
GREATEST
 SNOW DEPTH         0   MM                             0  MM
 24 HR TOTAL      0.0   07/31 TO 07/31

DEGREE_DAYS
HEATING TOTAL       5                 7      -2        3
 SINCE 7/1          5                 7      -2        3
COOLING TOTAL     145               213     -68      247
 SINCE 1/1        349               375     -26      450
.................................................................

WIND (MPH)
AVERAGE WIND SPEED              8.0
HIGHEST WIND SPEED/DIRECTION    26/260    DATE  07/13
HIGHEST GUST SPEED/DIRECTION    41/280    DATE  07/08

SKY COVER
AVERAGE SKY COVER           0.40

AVERAGE RH (PERCENT)     66

WEATHER CONDITIONS. NUMBER OF DAYS WITH
THUNDERSTORM              0     MIXED PRECIP               0
HEAVY RAIN                4     RAIN                       6
LIGHT RAIN               14     FREEZING RAIN              0
LT FREEZING RAIN          0     HAIL                       0
HEAVY SNOW                0     SNOW                       0
LIGHT SNOW                0     SLEET                      0
FOG                       9     FOG W/VIS <= 1/4 MILE      0
HAZE                      7

-  INDICATES NEGATIVE NUMBERS.
R  INDICATES RECORD WAS SET OR TIED.
MM INDICATES DATA IS MISSING.
T  INDICATES TRACE AMOUNT.

$$
