000
CXUS51 KCLE 011924
CLMERI


CLIMATE REPORT
NATIONAL WEATHER SERVICE CLEVELAND OH
222 PM EST MON FEB 1 2016

...................................

...THE ERIE PA CLIMATE SUMMARY FOR THE MONTH OF JANUARY 2016...

CLIMATE NORMAL PERIOD 1981 TO 2010
CLIMATE RECORD PERIOD 1873 TO 2016

WEATHER         OBSERVED          NORMAL  DEPART  LAST YEAR`S
                 VALUE   DATE(S)  VALUE   FROM    VALUE
                                          NORMAL
.............................................................
TEMPERATURE (F)
RECORD
 HIGH              73   01/25/1950
                        01/01/1876
 LOW              -18   01/19/1994
HIGHEST            59   01/31
LOWEST              8   01/05
AVG. MAXIMUM     35.5              33.7     1.8     30.3
AVG. MINIMUM     21.8              20.8     1.0     14.0
MEAN             28.7              27.2     1.5     22.1
DAYS MAX >= 90      0               0.0     0.0        0
DAYS MAX <= 32     16              14.2     1.8       21
DAYS MIN <= 32     27              26.4     0.6       31
DAYS MIN <= 0       0               1.3    -1.3        2

PRECIPITATION (INCHES)
RECORD
 MAXIMUM         6.25   1950
 MINIMUM         0.85   1944
TOTALS           2.38              2.95   -0.57     3.74
DAYS >= .01        22              19.6     2.4       23
DAYS >= .10        10               8.6     1.4        9
DAYS >= .50         0               1.1    -1.1        2
DAYS >= 1.00        0               0.2    -0.2        0
GREATEST
 24 HR. TOTAL    0.40   01/10 TO 01/11              1.21

SNOWFALL (INCHES)
RECORDS
 TOTAL           62.4   5
TOTALS           38.4              29.6     8.8     37.4
SINCE 7/1        43.8              65.8   -22.0     67.9
DAYS >= 1.0         9               8.3     0.7       10
GREATEST
 24 HR TOTAL      8.5   01/18 TO 01/18

DEGREE_DAYS
HEATING TOTAL    1119              1170     -51     1323
 SINCE 7/1       2654              3338    -684     3430
COOLING TOTAL       0                 0       0        0
 SINCE 1/1          0                 0       0        0
..............................................................

WIND (MPH)
AVERAGE WIND SPEED              12.8
HIGHEST WIND SPEED/DIRECTION    33/170    DATE  01/30
HIGHEST GUST SPEED/DIRECTION    48/270    DATE  01/10

SKY COVER
AVERAGE SKY COVER           0.70

AVERAGE RH (PERCENT)     65

WEATHER CONDITIONS. NUMBER OF DAYS WITH
THUNDERSTORM              0     MIXED PRECIP               0
HEAVY RAIN                0     RAIN                       0
LIGHT RAIN                7     FREEZING RAIN              0
LT FREEZING RAIN          0     HAIL                       0
HEAVY SNOW                5     SNOW                      10
LIGHT SNOW               21     SLEET                      0
FOG                      15     FOG W/VIS <= 1/4 MILE      5
HAZE                     22

-  INDICATES NEGATIVE NUMBERS.
R  INDICATES RECORD WAS SET OR TIED.
MM INDICATES DATA IS MISSING.
T  INDICATES TRACE AMOUNT.

$$
