000
CXUS51 KCLE 011926
CLMERI


CLIMATE REPORT
NATIONAL WEATHER SERVICE CLEVELAND OH
320 PM EDT TUE APR 1 2014

...................................

...THE ERIE PA CLIMATE SUMMARY FOR THE MONTH OF MARCH 2014...

CLIMATE NORMAL PERIOD 1981 TO 2010
CLIMATE RECORD PERIOD 1873 TO 2014

WEATHER         OBSERVED          NORMAL  DEPART  LAST YEAR`S
                 VALUE   DATE(S)  VALUE   FROM    VALUE  DATE(S)
                                          NORMAL
................................................................
TEMPERATURE (F)
RECORD
 HIGH              82   03/31/1998
                        03/30/1998
                        03/28/1945
 LOW              -10   03/12/1948
HIGHEST            57   03/28
LOWEST             -4   03/04
                        03/03
AVG. MAXIMUM     37.0              43.8    -6.8     37.8
AVG. MINIMUM     19.1              27.5    -8.4     27.5
MEAN             28.1              35.7    -7.6     32.7
DAYS MAX >= 90      0               0.0     0.0        0
DAYS MAX <= 32     11               5.4     5.6       11
DAYS MIN <= 32     27              21.9     5.1       26
DAYS MIN <= 0       2               0.0     2.0        0

PRECIPITATION (INCHES)
RECORD
 MAXIMUM         7.36   1913
 MINIMUM         0.53   1910
TOTALS           3.17              2.95    0.22     2.60
DAYS >= .01        15              14.3     0.7       18
DAYS >= .10         8               7.9     0.1       12
DAYS >= .50         2               1.3     0.7        1
DAYS >= 1.00        0               0.4    -0.4        0
GREATEST
 24 HR. TOTAL    0.87   03/12 TO 03/12              0.51

SNOWFALL (INCHES)
RECORDS
 TOTAL           33.9   2008
TOTALS           17.6              13.7     3.9     25.2
SINCE 7/1       137.2              97.7    39.5    104.5
SNOWDEPTH AVG.      1                 3      -2        1
DAYS >= 1.0         5               3.8     1.2       10
GREATEST
 SNOW DEPTH         4   03/30                          4  03/22
 24 HR TOTAL      5.5   03/12 TO 03/12

DEGREE_DAYS
HEATING TOTAL    1139               911     228      995
 SINCE 7/1       5960              5276     684     5089
COOLING TOTAL       0                 1      -1        0
 SINCE 1/1          0                 1      -1        0
.................................................................

WIND (MPH)
AVERAGE WIND SPEED              10.1
HIGHEST WIND SPEED/DIRECTION    40/040    DATE  03/12
HIGHEST GUST SPEED/DIRECTION    55/040    DATE  03/12

SKY COVER
AVERAGE SKY COVER           0.50

AVERAGE RH (PERCENT)     64

WEATHER CONDITIONS. NUMBER OF DAYS WITH
THUNDERSTORM              0     MIXED PRECIP               0
HEAVY RAIN                0     RAIN                       5
LIGHT RAIN                8     FREEZING RAIN              1
LT FREEZING RAIN          0     HAIL                       0
HEAVY SNOW                2     SNOW                       3
LIGHT SNOW               16     SLEET                      0
FOG                      12     FOG W/VIS <= 1/4 MILE      3
HAZE                     12

-  INDICATES NEGATIVE NUMBERS.
R  INDICATES RECORD WAS SET OR TIED.
MM INDICATES DATA IS MISSING.
T  INDICATES TRACE AMOUNT.

$$
