000
CXUS51 KCLE 011858
CLMERI


CLIMATE REPORT
NATIONAL WEATHER SERVICE CLEVELAND OH
149 PM EST SAT FEB 1 2014

...................................

...THE ERIE PA CLIMATE SUMMARY FOR THE MONTH OF JANUARY 2014...

CLIMATE NORMAL PERIOD 1981 TO 2010
CLIMATE RECORD PERIOD 1873 TO 2014

WEATHER         OBSERVED          NORMAL  DEPART  LAST YEAR`S
                 VALUE   DATE(S)  VALUE   FROM    VALUE  DATE(S)
                                          NORMAL
................................................................
TEMPERATURE (F)
RECORD
 HIGH              73   01/25/1950
                        01/01/1876
 LOW              -18   01/19/1994
HIGHEST            53   01/11
LOWEST            -10   01/07
AVG. MAXIMUM     29.7              33.7    -4.0     37.9
AVG. MINIMUM     13.5              20.8    -7.3     25.9
MEAN             21.6              27.2    -5.6     31.9
DAYS MAX >= 90      0               0.0     0.0        0
DAYS MAX <= 32     17              14.2     2.8       10
DAYS MIN <= 32     29              26.4     2.6       23
DAYS MIN <= 0       4               1.3     2.7        0

PRECIPITATION (INCHES)
RECORD
 MAXIMUM         6.25   1950
 MINIMUM         0.85   1944
TOTALS           2.56              2.95   -0.39     3.30
DAYS >= .01        20              19.6     0.4       18
DAYS >= .10        10               8.6     1.4        8
DAYS >= .50         0               1.1    -1.1        2
DAYS >= 1.00        0               0.2    -0.2        0
GREATEST
 24 HR. TOTAL    0.52   01/05 TO 01/06              0.83

SNOWFALL (INCHES)
RECORDS
 TOTAL           62.4   1978
TOTALS           28.1              29.6    -1.5     28.7
SINCE 7/1        91.7              65.8    25.9     52.2
SNOWDEPTH AVG.      2                 5      -3        3
DAYS >= 1.0         9               8.3     0.7        5
GREATEST
 SNOW DEPTH         8   01/03                          8  01/24
                                                          01/22
 24 HR TOTAL      5.9   01/01 TO 01/01
                        01/02 TO 01/02

DEGREE_DAYS
HEATING TOTAL    1339              1170     169     1018
 SINCE 7/1       3581              3338     243     3040
COOLING TOTAL       0                 0       0        0
 SINCE 1/1          0                 0       0        0
.................................................................

WIND (MPH)
AVERAGE WIND SPEED              12.7
HIGHEST WIND SPEED/DIRECTION    39/180    DATE  01/24
HIGHEST GUST SPEED/DIRECTION    49/190    DATE  01/24

SKY COVER
AVERAGE SKY COVER           0.70

AVERAGE RH (PERCENT)     67

WEATHER CONDITIONS. NUMBER OF DAYS WITH
THUNDERSTORM              0     MIXED PRECIP               0
HEAVY RAIN                1     RAIN                       4
LIGHT RAIN                8     FREEZING RAIN              0
LT FREEZING RAIN          1     HAIL                       0
HEAVY SNOW                4     SNOW                       6
LIGHT SNOW               23     SLEET                      0
FOG                      18     FOG W/VIS <= 1/4 MILE      5
HAZE                     22

-  INDICATES NEGATIVE NUMBERS.
R  INDICATES RECORD WAS SET OR TIED.
MM INDICATES DATA IS MISSING.
T  INDICATES TRACE AMOUNT.

$$
