000
CXUS51 KCLE 011930
CLMERI


CLIMATE REPORT
NATIONAL WEATHER SERVICE CLEVELAND OH
328 PM EDT SUN JUN 1 2014

...................................

...THE ERIE PA CLIMATE SUMMARY FOR THE MONTH OF MAY 2014...

CLIMATE NORMAL PERIOD 1981 TO 2010
CLIMATE RECORD PERIOD 1873 TO 2014

WEATHER         OBSERVED          NORMAL  DEPART  LAST YEAR`S
                 VALUE   DATE(S)  VALUE   FROM    VALUE  DATE(S)
                                          NORMAL
................................................................
TEMPERATURE (F)
RECORD
 HIGH              91   05/30/1879
 LOW               26   05/07/1970
HIGHEST            88   05/13
LOWEST             34   05/06
                        05/05
AVG. MAXIMUM     66.9              66.6     0.3     71.0
AVG. MINIMUM     49.9              48.2     1.7     52.1
MEAN             58.4              57.4     1.0     61.5
DAYS MAX >= 90      0               0.1    -0.1        0
DAYS MAX <= 32      0               0.0     0.0        0
DAYS MIN <= 32      0               0.4    -0.4        0
DAYS MIN <= 0       0               0.0     0.0        0

PRECIPITATION (INCHES)
RECORD
 MAXIMUM         8.54   2011
 MINIMUM         0.55   1934
TOTALS           3.25              3.44   -0.19     5.66
DAYS >= .01        14              12.8     1.2       14
DAYS >= .10         9               7.9     1.1        9
DAYS >= .50         2               2.4    -0.4        5
DAYS >= 1.00        0               0.4    -0.4        1
GREATEST
 24 HR. TOTAL    0.94   05/15 TO 05/16              2.34

SNOWFALL (INCHES)
RECORDS
 TOTAL            1.7   5
                        0
                        -26215
TOTALS            0.0                 T     0.0      0.0
SINCE 7/1       138.4             100.9    37.5    105.5
SNOWDEPTH AVG.      0                MM      MM        0
DAYS >= 1.0         0               0.0     0.0        0
GREATEST
 SNOW DEPTH         0   MM                             0  MM
 24 HR TOTAL      0.0   05/31 TO 05/31

DEGREE_DAYS
HEATING TOTAL     237               267     -30      185
 SINCE 7/1       6727              6086     641     5812
COOLING TOTAL      39                32       7       85
 SINCE 1/1         39                39       0       85
.................................................................

WIND (MPH)
AVERAGE WIND SPEED              7.6
HIGHEST WIND SPEED/DIRECTION    30/180    DATE  05/15
HIGHEST GUST SPEED/DIRECTION    43/260    DATE  05/03

SKY COVER
AVERAGE SKY COVER           0.40

AVERAGE RH (PERCENT)     65

WEATHER CONDITIONS. NUMBER OF DAYS WITH
THUNDERSTORM              0     MIXED PRECIP               0
HEAVY RAIN                7     RAIN                       6
LIGHT RAIN               19     FREEZING RAIN              0
LT FREEZING RAIN          0     HAIL                       0
HEAVY SNOW                0     SNOW                       0
LIGHT SNOW                0     SLEET                      0
FOG                      12     FOG W/VIS <= 1/4 MILE      3
HAZE                      5

-  INDICATES NEGATIVE NUMBERS.
R  INDICATES RECORD WAS SET OR TIED.
MM INDICATES DATA IS MISSING.
T  INDICATES TRACE AMOUNT.

$$
