000
CXUS51 KCLE 011557
CLMERI


CLIMATE REPORT
NATIONAL WEATHER SERVICE CLEVELAND OH
1054 AM EST TUE MAR 1 2016

...................................

...THE ERIE PA CLIMATE SUMMARY FOR THE SEASON, FROM
12/1/2015 TO 2/29/2016...

CLIMATE NORMAL PERIOD 1981 TO 2010
CLIMATE RECORD PERIOD 1873 TO 2016

WEATHER         OBSERVED          NORMAL  DEPART
                 VALUE   DATE(S)  VALUE   FROM
                                          NORMAL
................................................
TEMPERATURE (F)
RECORD
 HIGH              75   02/26/2000
                        12/03/1982
 LOW              -18   01/19/1994
HIGHEST            69   12/14
LOWEST              5   02/13
AVG. MAXIMUM     42.2              35.8     6.4
AVG. MINIMUM     27.6              22.9     4.7
MEAN             34.9              29.3     5.6
DAYS MAX >= 90      0               0.0
DAYS MAX <= 32     27              34.5
DAYS MIN <= 32     61              73.1
DAYS MIN <= 0       0               1.9

PRECIPITATION (INCHES)
RECORD
 MAXIMUM        16.20   1887
 MINIMUM         3.00   1906
TOTALS          10.10              9.08    1.02
DAYS >= .01        60              53.8
DAYS >= .10        35              25.8
DAYS >= .50         3               4.1
DAYS >= 1.00        1               0.7

SNOWFALL (INCHES)
RECORDS
 TOTAL          126.0   1978
TOTALS           66.7              75.3
DAYS >= TRACE      41
DAYS >= 1.0        16              20.7

DEGREE_DAYS
HEATING TOTAL    2707              3210    -503
COOLING TOTAL       0                 0       0
.................................................

WIND (MPH)
HIGHEST GUST SPEED/DIRECTION    59/240    DATE  02/20

SKY COVER
POSSIBLE SUNSHINE (PERCENT)   MM
NUMBER OF DAYS FAIR           18
NUMBER OF DAYS PC             27
NUMBER OF DAYS CLOUDY         46


WEATHER CONDITIONS. NUMBER OF DAYS WITH
THUNDERSTORM              0     MIXED PRECIP               0
HEAVY RAIN                0     RAIN                       7
LIGHT RAIN               30     FREEZING RAIN              1
LT FREEZING RAIN          1     HAIL                       0
HEAVY SNOW                8     SNOW                      21
LIGHT SNOW               39     SLEET                      0
FOG                      46     FOG W/VIS <= 1/4 MILE      7
HAZE                     48

-  INDICATES NEGATIVE NUMBERS.
R  INDICATES RECORD WAS SET OR TIED.
MM INDICATES DATA IS MISSING.
T  INDICATES TRACE AMOUNT.

$$
