000
CXUS51 KCLE 012137
CLMERI


CLIMATE REPORT
NATIONAL WEATHER SERVICE CLEVELAND OH
432 PM EST TUE DEC 1 2015

...................................

...THE ERIE PA CLIMATE SUMMARY FOR THE MONTH OF NOVEMBER 2015...

CLIMATE NORMAL PERIOD 1981 TO 2010
CLIMATE RECORD PERIOD 1873 TO 2015

WEATHER         OBSERVED          NORMAL  DEPART  LAST YEAR`S
                 VALUE   DATE(S)  VALUE   FROM    VALUE
                                          NORMAL
.............................................................
TEMPERATURE (F)
RECORD
 HIGH              82   11/01/1950
 LOW                6   11/30/1929
                        11/22/1880
HIGHEST            78   11/04
LOWEST             23   11/30
AVG. MAXIMUM     55.7              49.9     5.8     45.4
AVG. MINIMUM     40.4              36.6     3.8     33.1
MEAN             48.0              43.3     4.7     39.2
DAYS MAX >= 90      0               0.0     0.0        0
DAYS MAX <= 32      0               0.9    -0.9        4
DAYS MIN <= 32      5               8.8    -3.8       13
DAYS MIN <= 0       0               0.0     0.0        0

PRECIPITATION (INCHES)
RECORD
 MAXIMUM        10.40   1985
 MINIMUM         0.40   1904
TOTALS           2.38              3.93   -1.55     3.44
DAYS >= .01        11              15.5    -4.5       21
DAYS >= .10         7               9.4    -2.4        8
DAYS >= .50         2               2.4    -0.4        1
DAYS >= 1.00        0               0.4    -0.4        1
GREATEST
 24 HR. TOTAL    0.72   11/10 TO 11/11              1.61

SNOWFALL (INCHES)
RECORDS
 TOTAL           46.9   5
                        0

TOTALS            0.5               8.5    -8.0     25.0
SINCE 7/1         0.5               8.7    -8.2     25.0
DAYS >= 1.0         0               2.1    -2.1        4
GREATEST
 24 HR TOTAL      0.4   11/22

DEGREE_DAYS
HEATING TOTAL     504               653    -149      767
 SINCE 7/1        891              1156    -265     1214
COOLING TOTAL       4                 0       4        0
 SINCE 1/1        773               638     135      603
..............................................................

WIND (MPH)
AVERAGE WIND SPEED              11.2
HIGHEST WIND SPEED/DIRECTION    38/150    DATE  11/18
HIGHEST GUST SPEED/DIRECTION    51/150    DATE  11/18

SKY COVER
AVERAGE SKY COVER           0.50

AVERAGE RH (PERCENT)     62

WEATHER CONDITIONS. NUMBER OF DAYS WITH
THUNDERSTORM              0     MIXED PRECIP               0
HEAVY RAIN                1     RAIN                       2
LIGHT RAIN               12     FREEZING RAIN              0
LT FREEZING RAIN          0     HAIL                       0
HEAVY SNOW                0     SNOW                       0
LIGHT SNOW                2     SLEET                      0
FOG                       9     FOG W/VIS <= 1/4 MILE      0
HAZE                      8

-  INDICATES NEGATIVE NUMBERS.
R  INDICATES RECORD WAS SET OR TIED.
MM INDICATES DATA IS MISSING.
T  INDICATES TRACE AMOUNT.

$$
