000
CXUS51 KCLE 021328
CLMERI


CLIMATE REPORT
NATIONAL WEATHER SERVICE CLEVELAND OH
927 AM EDT FRI OCT 2 2015

...................................

...THE ERIE PA CLIMATE SUMMARY FOR THE MONTH OF SEPTEMBER 2015...

CLIMATE NORMAL PERIOD 1981 TO 2010
CLIMATE RECORD PERIOD 1873 TO 2015

WEATHER         OBSERVED          NORMAL  DEPART  LAST YEAR`S
                 VALUE   DATE(S)  VALUE   FROM    VALUE
                                          NORMAL
.............................................................
TEMPERATURE (F)
RECORD
 HIGH              99   09/03/1953
 LOW               33   09/23/1974
                        09/27/1957
HIGHEST            90   09/07
LOWEST             48   09/21
AVG. MAXIMUM     77.4              71.9     5.5     72.6
AVG. MINIMUM     60.7              55.8     4.9     55.7
MEAN             69.1              63.8     5.3     64.2
DAYS MAX >= 90      1               0.1     0.9        1
DAYS MAX <= 32      0               0.0     0.0        0
DAYS MIN <= 32      0               0.0     0.0        0
DAYS MIN <= 0       0               0.0     0.0        0

PRECIPITATION (INCHES)
RECORD
 MAXIMUM        10.65   1977
 MINIMUM         1.01   1948
TOTALS           5.18              4.61    0.57     2.79
DAYS >= .01         7              11.1    -4.1       10
DAYS >= .10         5               7.9    -2.9        8
DAYS >= .50         3               2.9     0.1        2
DAYS >= 1.00        2               1.3     0.7        0
GREATEST
 24 HR. TOTAL    3.64   09/11 TO 09/12              0.76

SNOWFALL (INCHES)
RECORDS
 TOTAL              T   5
                        0
                        -26215
TOTALS            0.0               0.0     0.0      0.0
SINCE 7/1         0.0               0.0     0.0      0.0
DAYS >= 1.0         0               0.0     0.0        0
GREATEST
 24 HR TOTAL      0.0   09/30 TO 09/30

DEGREE_DAYS
HEATING TOTAL      33               106     -73       99
 SINCE 7/1         51               124     -73      117
COOLING TOTAL     162                71      91       80
 SINCE 1/1        768               629     139      596
..............................................................

WIND (MPH)
AVERAGE WIND SPEED              8.3
HIGHEST WIND SPEED/DIRECTION    26/160    DATE  09/27
HIGHEST GUST SPEED/DIRECTION    34/020    DATE  09/12

SKY COVER
AVERAGE SKY COVER           0.30

AVERAGE RH (PERCENT)     66

WEATHER CONDITIONS. NUMBER OF DAYS WITH
THUNDERSTORM              0     MIXED PRECIP               0
HEAVY RAIN                3     RAIN                       3
LIGHT RAIN                8     FREEZING RAIN              0
LT FREEZING RAIN          0     HAIL                       0
HEAVY SNOW                0     SNOW                       0
LIGHT SNOW                0     SLEET                      0
FOG                       9     FOG W/VIS <= 1/4 MILE      0
HAZE                      7

-  INDICATES NEGATIVE NUMBERS.
R  INDICATES RECORD WAS SET OR TIED.
MM INDICATES DATA IS MISSING.
T  INDICATES TRACE AMOUNT.

$$
