000
CXUS51 KCLE 031628
CLMERI


CLIMATE REPORT
NATIONAL WEATHER SERVICE CLEVELAND OH
1128 AM EST FRI JAN 3 2014

...................................

...THE ERIE PA CLIMATE SUMMARY FOR THE MONTH OF DECEMBER 2013...

CLIMATE NORMAL PERIOD 1981 TO 2010
CLIMATE RECORD PERIOD 1873 TO 2014

WEATHER         OBSERVED          NORMAL  DEPART  LAST YEAR`S
                 VALUE   DATE(S)  VALUE   FROM    VALUE  DATE(S)
                                          NORMAL
................................................................
TEMPERATURE (F)
RECORD
 HIGH              75   12/03/1982
 LOW              -11   12/30/1880
HIGHEST            64   12/05
LOWEST              8   12/16
AVG. MAXIMUM     37.0              38.1    -1.1     44.2
AVG. MINIMUM     25.4              26.6    -1.2     32.5
MEAN             31.2              32.4    -1.2     38.3
DAYS MAX >= 90      0               0.0     0.0        0
DAYS MAX <= 32     15               8.8     6.2        4
DAYS MIN <= 32     24              22.5     1.5       18
DAYS MIN <= 0       0               0.1    -0.1        0

PRECIPITATION (INCHES)
RECORD
 MAXIMUM         7.36   2008
 MINIMUM         0.66   1928
TOTALS           5.96              3.74    2.22     4.81
DAYS >= .01        23              19.2     3.8       20
DAYS >= .10        12              10.5     1.5       15
DAYS >= .50         5               2.1     2.9        2
DAYS >= 1.00        1               0.3     0.7        0
GREATEST
 24 HR. TOTAL    1.90   12/21 TO 12/22              0.94

SNOWFALL (INCHES)
RECORDS
 TOTAL           66.9   5
                        0
                        -26215
TOTALS           48.0              27.5    20.5     20.4
SINCE 7/1        63.6              36.2    27.4     23.5
SNOWDEPTH AVG.      3                 4      -1        1
DAYS >= 1.0        12               7.2     4.8        7
GREATEST
 SNOW DEPTH        15R  12/16                          8  12/30
 24 HR TOTAL      8.4   MM

DEGREE_DAYS
HEATING TOTAL    1043              1012      31      820
 SINCE 7/1       2242              2168      74     2022
COOLING TOTAL       0                 0       0        0
 SINCE 1/1        706               638      68      899
.................................................................

WIND (MPH)
AVERAGE WIND SPEED              10.8
HIGHEST WIND SPEED/DIRECTION    35/180    DATE  12/22
HIGHEST GUST SPEED/DIRECTION    47/190    DATE  12/22

SKY COVER
AVERAGE SKY COVER           0.90

AVERAGE RH (PERCENT)     72

WEATHER CONDITIONS. NUMBER OF DAYS WITH
THUNDERSTORM              0     MIXED PRECIP               0
HEAVY RAIN                2     RAIN                       3
LIGHT RAIN                7     FREEZING RAIN              0
LT FREEZING RAIN          3     HAIL                       0
HEAVY SNOW                6     SNOW                       9
LIGHT SNOW               21     SLEET                      0
FOG                      21     FOG W/VIS <= 1/4 MILE      9
HAZE                     14

-  INDICATES NEGATIVE NUMBERS.
R  INDICATES RECORD WAS SET OR TIED.
MM INDICATES DATA IS MISSING.
T  INDICATES TRACE AMOUNT.

$$
