000
CXUS51 KCLE 061941
CLMERI


CLIMATE REPORT
NATIONAL WEATHER SERVICE CLEVELAND OH
340 PM EDT THU AUG 6 2015

...................................

...THE ERIE PA CLIMATE SUMMARY FOR THE MONTH OF JULY 2015...

CLIMATE NORMAL PERIOD 1981 TO 2010
CLIMATE RECORD PERIOD 1873 TO 2015

WEATHER         OBSERVED          NORMAL  DEPART  LAST YEAR`S
                 VALUE   DATE(S)  VALUE   FROM    VALUE
                                          NORMAL
.............................................................
TEMPERATURE (F)
RECORD
 HIGH              99   07/04/1990
 LOW               44   07/09/1963
HIGHEST            89   07/29
                        07/28
LOWEST             51   07/16
                        07/03
AVG. MAXIMUM     79.4              79.8    -0.4     76.7
AVG. MINIMUM     62.1              63.5    -1.4     61.8
MEAN             70.7              71.7    -1.0     69.2
DAYS MAX >= 90      0               1.3    -1.3        0
DAYS MAX <= 32      0               0.0     0.0        0
DAYS MIN <= 32      0               0.0     0.0        0
DAYS MIN <= 0       0               0.0     0.0        0

PRECIPITATION (INCHES)
RECORD
 MAXIMUM        13.27   1947
 MINIMUM         0.39   1916
TOTALS           2.79              3.54   -0.75     3.25
DAYS >= .01         9              10.2    -1.2       13
DAYS >= .10         6               6.8    -0.8        6
DAYS >= .50         2               2.4    -0.4        1
DAYS >= 1.00        1               1.0     0.0        1
GREATEST
 24 HR. TOTAL    1.39   07/09 TO 07/09              1.64
                        07/08 TO 07/09
                        07/09 TO 07/09

SNOWFALL (INCHES)
RECORDS
 TOTAL             MM   5
TOTALS            0.0               0.0     0.0      0.0
SINCE 7/1         0.0               0.0     0.0      0.0
DAYS >= 1.0         0               0.0     0.0        0
GREATEST
 24 HR TOTAL      0.0   07/31 TO 07/31

DEGREE_DAYS
HEATING TOTAL      12                 7       5        5
 SINCE 7/1         12                 7       5        5
COOLING TOTAL     199               213     -14      145
 SINCE 1/1        411               375      36      349
..............................................................

WIND (MPH)
AVERAGE WIND SPEED              6.8
HIGHEST WIND SPEED/DIRECTION    29/220    DATE  07/07
HIGHEST GUST SPEED/DIRECTION    38/210    DATE  07/07

SKY COVER
AVERAGE SKY COVER           0.30

AVERAGE RH (PERCENT)     66

WEATHER CONDITIONS. NUMBER OF DAYS WITH
THUNDERSTORM              0     MIXED PRECIP               0
HEAVY RAIN                5     RAIN                       4
LIGHT RAIN                8     FREEZING RAIN              0
LT FREEZING RAIN          0     HAIL                       0
HEAVY SNOW                0     SNOW                       0
LIGHT SNOW                0     SLEET                      0
FOG                       8     FOG W/VIS <= 1/4 MILE      0
HAZE                      7

-  INDICATES NEGATIVE NUMBERS.
R  INDICATES RECORD WAS SET OR TIED.
MM INDICATES DATA IS MISSING.
T  INDICATES TRACE AMOUNT.

$$
