000
CXUS51 KCLE 011554
CLMERI


CLIMATE REPORT
NATIONAL WEATHER SERVICE CLEVELAND OH
1145 AM EDT FRI NOV 1 2013

...................................

...THE ERIE PA CLIMATE SUMMARY FOR THE MONTH OF OCTOBER 2013...

CLIMATE NORMAL PERIOD 1981 TO 2010
CLIMATE RECORD PERIOD 1873 TO 2013

WEATHER         OBSERVED          NORMAL  DEPART  LAST YEAR`S
                 VALUE   DATE(S)  VALUE   FROM    VALUE  DATE(S)
                                          NORMAL
................................................................
TEMPERATURE (F)
RECORD
 HIGH              89   10/04/1951
 LOW               23   10/28/1895
HIGHEST            82   10/06
LOWEST             32   10/29
AVG. MAXIMUM     62.9              60.8     2.1     61.1
AVG. MINIMUM     47.8              45.3     2.5     46.8
MEAN             55.4              53.0     2.4     54.0
DAYS MAX >= 90      0               0.0     0.0        0
DAYS MAX <= 32      0               0.0     0.0        0
DAYS MIN <= 32      1               0.8     0.2        0
DAYS MIN <= 0       0               0.0     0.0        0

PRECIPITATION (INCHES)
RECORD
 MAXIMUM         9.87   1954
 MINIMUM         0.02   1924
TOTALS           6.21              4.05    2.16     8.34
DAYS >= .01        18              13.4     4.6       21
DAYS >= .10        13               8.7     4.3       14
DAYS >= .50         7               2.7     4.3        6
DAYS >= 1.00        0               0.7    -0.7        1
GREATEST
 24 HR. TOTAL    1.21   10/19 TO 10/20              1.71

SNOWFALL (INCHES)
RECORDS
 TOTAL           14.7   5
                        0
                        -26215
TOTALS            0.3               0.2     0.1      0.0
SINCE 7/1         0.3               0.2     0.1      0.0
SNOWDEPTH AVG.      0                MM      MM        0
DAYS >= 1.0         0               0.1    -0.1        0
GREATEST
 SNOW DEPTH         0   MM                             0  MM
 24 HR TOTAL      0.3   MM

DEGREE_DAYS
HEATING TOTAL     312               379     -67      346
 SINCE 7/1        444               503     -59      470
COOLING TOTAL      20                 9      11       12
 SINCE 1/1        706               638      68      899
.................................................................

WIND (MPH)
AVERAGE WIND SPEED              8.9
HIGHEST WIND SPEED/DIRECTION    33/180    DATE  10/31
HIGHEST GUST SPEED/DIRECTION    45/190    DATE  10/31

SKY COVER
AVERAGE SKY COVER           0.50

AVERAGE RH (PERCENT)     70

WEATHER CONDITIONS. NUMBER OF DAYS WITH
THUNDERSTORM              0     MIXED PRECIP               0
HEAVY RAIN               11     RAIN                      13
LIGHT RAIN               18     FREEZING RAIN              0
LT FREEZING RAIN          0     HAIL                       0
HEAVY SNOW                0     SNOW                       0
LIGHT SNOW                1     SLEET                      0
FOG                      17     FOG W/VIS <= 1/4 MILE      0
HAZE                      7

-  INDICATES NEGATIVE NUMBERS.
R  INDICATES RECORD WAS SET OR TIED.
MM INDICATES DATA IS MISSING.
T  INDICATES TRACE AMOUNT.

$$
