000
CXUS51 KCLE 021741
CLMERI


CLIMATE REPORT
NATIONAL WEATHER SERVICE CLEVELAND OH
138 PM EDT TUE SEP 2 2014

...................................

...THE ERIE PA CLIMATE SUMMARY FOR THE SUMMER SEASON, FROM
6/1/2014 TO 8/31/2014...

CLIMATE NORMAL PERIOD 1981 TO 2010
CLIMATE RECORD PERIOD 1873 TO 2014

WEATHER         OBSERVED          NORMAL  DEPART
                 VALUE   DATE(S)  VALUE   FROM
                                          NORMAL
................................................
TEMPERATURE (F)
RECORD
 HIGH             100   06/25/1988
 LOW               32   06/11/1972
HIGHEST            91   08/30
LOWEST             47   06/06
AVG. MAXIMUM     77.5              78.1    -0.6
AVG. MINIMUM     61.3              61.5    -0.2
MEAN             69.4              69.8    -0.4
DAYS MAX >= 90      2               2.3
DAYS MAX <= 32      0               0.0
DAYS MIN <= 32      0               0.0
DAYS MIN <= 0       0               0.0

PRECIPITATION (INCHES)
RECORD
 MAXIMUM        22.12   1977
 MINIMUM         3.53   1923
TOTALS          11.56             10.77    0.79
DAYS >= .01        37              31.6
DAYS >= .10        22              20.1
DAYS >= .50         8               6.5
DAYS >= 1.00        2               2.8

SNOWFALL (INCHES)
RECORDS
 TOTAL             MM   MM
TOTALS            0.0               0.0
DAYS >= TRACE       0
DAYS >= 1.0         0               0.0

DEGREE_DAYS
HEATING TOTAL      48                80     -32
COOLING TOTAL     477               519     -42
.................................................

WIND (MPH)
HIGHEST GUST SPEED/DIRECTION    59/320    DATE  06/18

SKY COVER
POSSIBLE SUNSHINE (PERCENT)   MM
NUMBER OF DAYS FAIR           54
NUMBER OF DAYS PC             31
NUMBER OF DAYS CLOUDY          7


WEATHER CONDITIONS. NUMBER OF DAYS WITH
THUNDERSTORM              0     MIXED PRECIP               0
HEAVY RAIN               16     RAIN                      18
LIGHT RAIN               40     FREEZING RAIN              0
LT FREEZING RAIN          0     HAIL                       0
HEAVY SNOW                0     SNOW                       0
LIGHT SNOW                0     SLEET                      0
FOG                      37     FOG W/VIS <= 1/4 MILE      0
HAZE                     18

-  INDICATES NEGATIVE NUMBERS.
R  INDICATES RECORD WAS SET OR TIED.
MM INDICATES DATA IS MISSING.
T  INDICATES TRACE AMOUNT.

$$
