000
CXUS51 KCLE 012051
CLMERI


CLIMATE REPORT
NATIONAL WEATHER SERVICE CLEVELAND OH
451 PM EDT THU AUG 1 2013

...................................

...THE ERIE PA CLIMATE SUMMARY FOR THE MONTH OF JULY 2013...

CLIMATE NORMAL PERIOD 1981 TO 2010
CLIMATE RECORD PERIOD 1873 TO 2013

WEATHER         OBSERVED          NORMAL  DEPART  LAST YEAR`S
                 VALUE   DATE(S)  VALUE   FROM    VALUE  DATE(S)
                                          NORMAL
................................................................
TEMPERATURE (F)
RECORD
 HIGH              99   07/04/1990
 LOW               44   07/09/1963
HIGHEST            92   07/19
LOWEST             55   07/25
AVG. MAXIMUM     79.5              79.8    -0.3     83.6
AVG. MINIMUM     65.8              63.5     2.3     66.7
MEAN             72.7              71.7     1.0     75.1
DAYS MAX >= 90      1               1.3    -0.3        3
DAYS MAX <= 32      0               0.0     0.0        0
DAYS MIN <= 32      0               0.0     0.0        0
DAYS MIN <= 0       0               0.0     0.0        0

PRECIPITATION (INCHES)
RECORD
 MAXIMUM        13.27   1947
 MINIMUM         0.39   1916
TOTALS           5.62              3.54    2.08     3.20
DAYS >= .01        17              10.2     6.8        8
DAYS >= .10        13               6.8     6.2        5
DAYS >= .50         5               2.4     2.6        3
DAYS >= 1.00        0               1.0    -1.0        0
GREATEST
 24 HR. TOTAL    1.00   07/19 TO 07/20              1.04

SNOWFALL (INCHES)
RECORDS
 TOTAL             MM   5
TOTALS            0.0               0.0     0.0      0.0
SINCE 7/1         0.0               0.0     0.0      0.0
SNOWDEPTH AVG.      0                MM      MM        0
DAYS >= 1.0         0               0.0     0.0        0
GREATEST
 SNOW DEPTH         0   MM                             0  MM
 24 HR TOTAL      0.0   07/31 TO 07/31

DEGREE_DAYS
HEATING TOTAL       3                 7      -4        0
 SINCE 7/1          3                 7      -4        0
COOLING TOTAL     247               213      34      323
 SINCE 1/1        450               375      75      602
.................................................................

WIND (MPH)
AVERAGE WIND SPEED              7.0
HIGHEST WIND SPEED/DIRECTION    31/200    DATE  07/10
HIGHEST GUST SPEED/DIRECTION    44/200    DATE  07/10

SKY COVER
AVERAGE SKY COVER           0.40

AVERAGE RH (PERCENT)     73

WEATHER CONDITIONS. NUMBER OF DAYS WITH
THUNDERSTORM              0     MIXED PRECIP               0
HEAVY RAIN                9     RAIN                      12
LIGHT RAIN               16     FREEZING RAIN              0
LT FREEZING RAIN          0     HAIL                       0
HEAVY SNOW                0     SNOW                       0
LIGHT SNOW                0     SLEET                      0
FOG                      18     FOG W/VIS <= 1/4 MILE      1
HAZE                      6

-  INDICATES NEGATIVE NUMBERS.
R  INDICATES RECORD WAS SET OR TIED.
MM INDICATES DATA IS MISSING.
T  INDICATES TRACE AMOUNT.

$$
