055
CXUS51 KCLE 040444
CLMERI


CLIMATE REPORT
NATIONAL WEATHER SERVICE CLEVELAND OH
1141 PM EST FRI MAR 3 2017

...................................

...THE ERIE PA CLIMATE SUMMARY FOR THE MONTH OF FEBRUARY 2017...

CLIMATE NORMAL PERIOD 1981 TO 2010
CLIMATE RECORD PERIOD 1873 TO 2017

WEATHER         OBSERVED          NORMAL  DEPART  LAST YEAR`S
                 VALUE   DATE(S)  VALUE   FROM    VALUE
                                          NORMAL
.............................................................
TEMPERATURE (F)
RECORD
 HIGH              77   02/24/2017
 LOW              -18   02/16/2015
HIGHEST            77R  02/24
LOWEST             17   02/17
AVG. MAXIMUM     45.9              35.5    10.4     40.1
AVG. MINIMUM     29.7              21.1     8.6     24.2
MEAN             37.8              28.3     9.5     32.2
DAYS MAX >= 90      0               0.0     0.0        0
DAYS MAX <= 32      6              11.5    -5.5       11
DAYS MIN <= 32     18              24.2    -6.2       25
DAYS MIN <= 0       0               0.5    -0.5        0

PRECIPITATION (INCHES)
RECORD
 MAXIMUM         5.73   1990
 MINIMUM         0.56   1902
TOTALS           2.54              2.39    0.15     3.83
DAYS >= .01        17              15.0     2.0       18
DAYS >= .10         5               6.7    -1.7       12
DAYS >= .50         3               0.9     2.1        2
DAYS >= 1.00        0               0.2    -0.2        1
GREATEST
 24 HR. TOTAL    0.71   02/07 TO 02/07              1.10

SNOWFALL (INCHES)
RECORDS
 TOTAL           36.9   1947
TOTALS           10.3              18.2    -7.9     23.4
SINCE 7/1        68.3              84.0   -15.7     67.2
DAYS >= 1.0         3               5.2    -2.2        5
GREATEST
 24 HR TOTAL      2.8   02/01 TO 02/01

DEGREE_DAYS
HEATING TOTAL     753              1027    -274      944
 SINCE 7/1       3504              4365    -861     3598
COOLING TOTAL       0                 0       0        0
 SINCE 1/1          0                 0       0        0
..............................................................

WIND (MPH)
AVERAGE WIND SPEED              11.4
HIGHEST WIND SPEED/DIRECTION    33/280    DATE  02/12
HIGHEST GUST SPEED/DIRECTION    51/280    DATE  02/12

SKY COVER
AVERAGE SKY COVER           0.60

AVERAGE RH (PERCENT)     68

WEATHER CONDITIONS. NUMBER OF DAYS WITH
THUNDERSTORM              0     MIXED PRECIP               0
HEAVY RAIN                0     RAIN                       2
LIGHT RAIN                9     FREEZING RAIN              0
LT FREEZING RAIN          0     HAIL                       0
HEAVY SNOW                2     SNOW                       4
LIGHT SNOW               14     SLEET                      0
FOG                      13     FOG W/VIS <= 1/4 MILE      2
HAZE                     13

-  INDICATES NEGATIVE NUMBERS.
R  INDICATES RECORD WAS SET OR TIED.
MM INDICATES DATA IS MISSING.
T  INDICATES TRACE AMOUNT.

$$
