000
CXUS51 KCLE 011225
CLMERI


CLIMATE REPORT
NATIONAL WEATHER SERVICE CLEVELAND OH
813 AM EDT SAT JUN 1 2013

...................................

...THE ERIE PA CLIMATE SUMMARY FOR THE MONTH OF MAY 2013...

CLIMATE NORMAL PERIOD 1981 TO 2010
CLIMATE RECORD PERIOD 1873 TO 2013

WEATHER         OBSERVED          NORMAL  DEPART  LAST YEAR`S
                 VALUE   DATE(S)  VALUE   FROM    VALUE  DATE(S)
                                          NORMAL
................................................................
TEMPERATURE (F)
RECORD
 HIGH              91   05/30/1879
 LOW               26   05/07/1970
HIGHEST            88   05/31
                        05/20
LOWEST             34   05/14
AVG. MAXIMUM     71.0              66.6     4.4     72.6
AVG. MINIMUM     52.1              48.2     3.9     53.8
MEAN             61.5              57.4     4.1     63.2
DAYS MAX >= 90      0               0.1    -0.1        0
DAYS MAX <= 32      0               0.0     0.0        0
DAYS MIN <= 32      0               0.4    -0.4        0
DAYS MIN <= 0       0               0.0     0.0        0

PRECIPITATION (INCHES)
RECORD
 MAXIMUM         8.54   2011
 MINIMUM         0.55   1934
TOTALS           5.66              3.44    2.22     2.88
DAYS >= .01        14              12.8     1.2       12
DAYS >= .10         9               7.9     1.1        6
DAYS >= .50         5               2.4     2.6        3
DAYS >= 1.00        1               0.4     0.6        0
GREATEST
 24 HR. TOTAL    2.34   05/27 TO 05/28              0.92

SNOWFALL (INCHES)
RECORDS
 TOTAL            1.7   1923
TOTALS            0.0                 T     0.0      0.0
SINCE 7/1       105.5             100.9     4.6     47.6
SNOWDEPTH AVG.      0                MM      MM        0
DAYS >= 1.0         0               0.0     0.0        0
GREATEST
 SNOW DEPTH         0                                  0
 24 HR TOTAL      0.0

DEGREE_DAYS
HEATING TOTAL     185               267     -82      130
 SINCE 7/1       5812              6086    -274     4905
COOLING TOTAL      85                32      53       84
 SINCE 1/1         85                39      46       95
.................................................................

WIND (MPH)
AVERAGE WIND SPEED              9.9
HIGHEST WIND SPEED/DIRECTION    29/240    DATE  05/21
HIGHEST GUST SPEED/DIRECTION    45/260    DATE  05/15

SKY COVER
AVERAGE SKY COVER           0.30

AVERAGE RH (PERCENT)     62

WEATHER CONDITIONS. NUMBER OF DAYS WITH
THUNDERSTORM              0     MIXED PRECIP               0
HEAVY RAIN                5     RAIN                       8
LIGHT RAIN               14     FREEZING RAIN              0
LT FREEZING RAIN          0     HAIL                       0
HEAVY SNOW                0     SNOW                       0
LIGHT SNOW                0     SLEET                      0
FOG                      10     FOG W/VIS <= 1/4 MILE      0
HAZE                      6

-  INDICATES NEGATIVE NUMBERS.
R  INDICATES RECORD WAS SET OR TIED.
MM INDICATES DATA IS MISSING.
T  INDICATES TRACE AMOUNT.

$$
