000
CXUS51 KCLE 031142
CLMERI


CLIMATE REPORT
NATIONAL WEATHER SERVICE CLEVELAND OH
738 AM EDT THU OCT 3 2013

...................................

...THE ERIE PA CLIMATE SUMMARY FOR THE MONTH OF SEPTEMBER 2013...

CLIMATE NORMAL PERIOD 1981 TO 2010
CLIMATE RECORD PERIOD 1873 TO 2013

WEATHER         OBSERVED          NORMAL  DEPART  LAST YEAR`S
                 VALUE   DATE(S)  VALUE   FROM    VALUE  DATE(S)
                                          NORMAL
................................................................
TEMPERATURE (F)
RECORD
 HIGH              99   09/03/1953
 LOW               33   09/23/1974
                        09/27/1957
HIGHEST            91   09/10
LOWEST             40   09/17
AVG. MAXIMUM     71.2              71.9    -0.7     71.9
AVG. MINIMUM     54.7              55.8    -1.1     55.0
MEAN             62.9              63.8    -0.9     63.5
DAYS MAX >= 90      2               0.1     1.9        1
DAYS MAX <= 32      0               0.0     0.0        0
DAYS MIN <= 32      0               0.0     0.0        0
DAYS MIN <= 0       0               0.0     0.0        0

PRECIPITATION (INCHES)
RECORD
 MAXIMUM        10.65   1977
 MINIMUM         1.01   1948
TOTALS           3.98              4.61   -0.63     4.32
DAYS >= .01        10              11.1    -1.1       11
DAYS >= .10         6               7.9    -1.9        9
DAYS >= .50         2               2.9    -0.9        3
DAYS >= 1.00        1               1.3    -0.3        2
GREATEST
 24 HR. TOTAL    1.98   09/20 TO 09/21              1.46

SNOWFALL (INCHES)
RECORDS
 TOTAL              T   5
                        0

TOTALS            0.0               0.0     0.0      0.0
SINCE 7/1         0.0               0.0     0.0      0.0
SNOWDEPTH AVG.      0                MM      MM        0
DAYS >= 1.0         0               0.0     0.0        0
GREATEST
 SNOW DEPTH         0   MM                             0  MM
 24 HR TOTAL      0.0   09/30 TO 09/30

DEGREE_DAYS
HEATING TOTAL     120               106      14      121
 SINCE 7/1        132               124       8      124
COOLING TOTAL      65                71      -6       82
 SINCE 1/1        686               629      57      887
.................................................................

WIND (MPH)
AVERAGE WIND SPEED              7.8
HIGHEST WIND SPEED/DIRECTION    26/280    DATE  09/21
HIGHEST GUST SPEED/DIRECTION    48/260    DATE  09/21

SKY COVER
AVERAGE SKY COVER           0.40

AVERAGE RH (PERCENT)     70

WEATHER CONDITIONS. NUMBER OF DAYS WITH
THUNDERSTORM              0     MIXED PRECIP               0
HEAVY RAIN                6     RAIN                       3
LIGHT RAIN               13     FREEZING RAIN              0
LT FREEZING RAIN          0     HAIL                       0
HEAVY SNOW                0     SNOW                       0
LIGHT SNOW                0     SLEET                      0
FOG                      10     FOG W/VIS <= 1/4 MILE      1
HAZE                      7

-  INDICATES NEGATIVE NUMBERS.
R  INDICATES RECORD WAS SET OR TIED.
MM INDICATES DATA IS MISSING.
T  INDICATES TRACE AMOUNT.

$$
