902
CXUS51 KCLE 020055
CLMERI


CLIMATE REPORT
NATIONAL WEATHER SERVICE CLEVELAND OH
734 PM EST FRI DEC 1 2017

...................................

...THE ERIE PA CLIMATE SUMMARY FOR THE MONTH OF NOVEMBER 2017...

CLIMATE NORMAL PERIOD 1981 TO 2010
CLIMATE RECORD PERIOD 1873 TO 2017

WEATHER         OBSERVED          NORMAL  DEPART  LAST YEAR`S
                 VALUE   DATE(S)  VALUE   FROM    VALUE
                                          NORMAL
.............................................................
TEMPERATURE (F)
RECORD
 HIGH              82   11/01/1950
 LOW                6   11/30/1929
                        11/22/1880
HIGHEST            67   11/03
                        11/02
LOWEST             19   11/11
AVG. MAXIMUM     49.6              49.9    -0.3     55.7
AVG. MINIMUM     35.3              36.6    -1.3     40.4
MEAN             42.5              43.3    -0.8     48.1
DAYS MAX >= 90      0               0.0     0.0        0
DAYS MAX <= 32      0               0.9    -0.9        0
DAYS MIN <= 32     10               8.8     1.2        2
DAYS MIN <= 0       0               0.0     0.0        0

PRECIPITATION (INCHES)
RECORD
 MAXIMUM        10.40   1985
 MINIMUM         0.40   1904
TOTALS           6.47              3.93    2.54     2.52
DAYS >= .01        15              15.5    -0.5       13
DAYS >= .10        12               9.4     2.6        8
DAYS >= .50         3               2.4     0.6        1
DAYS >= 1.00        1               0.4     0.6        0
GREATEST
 24 HR. TOTAL    2.85   11/05 TO 11/05              0.62

SNOWFALL (INCHES)
RECORDS
 TOTAL           46.9   1950
TOTALS            0.5               8.5    -8.0      2.4
SINCE 7/1         0.5               8.7    -8.2      2.4
DAYS >= 1.0         0               2.1    -2.1        1
GREATEST
 24 HR TOTAL      0.5   11/19 TO 11/19

DEGREE_DAYS
HEATING TOTAL     666               653      13      504
 SINCE 7/1        997              1156    -159      780
COOLING TOTAL       0                 0       0        2
 SINCE 1/1        697               638      59     1017
..............................................................

WIND (MPH)
AVERAGE WIND SPEED              11.3
HIGHEST WIND SPEED/DIRECTION    31/200    DATE  11/21
HIGHEST GUST SPEED/DIRECTION    43/200    DATE  11/21

SKY COVER
AVERAGE SKY COVER           0.60

AVERAGE RH (PERCENT)     67

WEATHER CONDITIONS. NUMBER OF DAYS WITH
THUNDERSTORM              0     MIXED PRECIP               0
HEAVY RAIN                2     RAIN                       9
LIGHT RAIN               19     FREEZING RAIN              0
LT FREEZING RAIN          0     HAIL                       0
HEAVY SNOW                0     SNOW                       1
LIGHT SNOW                4     SLEET                      0
FOG                      15     FOG W/VIS <= 1/4 MILE      1
HAZE                     10

-  INDICATES NEGATIVE NUMBERS.
R  INDICATES RECORD WAS SET OR TIED.
MM INDICATES DATA IS MISSING.
T  INDICATES TRACE AMOUNT.

$$
