000
CXUS51 KCLE 011615
CLMERI


CLIMATE REPORT
NATIONAL WEATHER SERVICE CLEVELAND OH
1114 AM EST TUE MAR 1 2016

...................................

...THE ERIE PA CLIMATE SUMMARY FOR THE MONTH OF FEBRUARY 2016...

CLIMATE NORMAL PERIOD 1981 TO 2010
CLIMATE RECORD PERIOD 1873 TO 2016

WEATHER         OBSERVED          NORMAL  DEPART  LAST YEAR`S
                 VALUE   DATE(S)  VALUE   FROM    VALUE
                                          NORMAL
.............................................................
TEMPERATURE (F)
RECORD
 HIGH              75   02/26/2000
 LOW              -18   02/16/2015
HIGHEST            66   02/20
LOWEST              5   02/13
AVG. MAXIMUM     40.1              35.5     4.6     22.1
AVG. MINIMUM     24.2              21.1     3.1      4.1
MEAN             32.2              28.3     3.9     13.1
DAYS MAX >= 90      0               0.0     0.0        0
DAYS MAX <= 32     11              11.5    -0.5       24
DAYS MIN <= 32     25              24.2     0.8       28
DAYS MIN <= 0       0               0.5    -0.5       10

PRECIPITATION (INCHES)
RECORD
 MAXIMUM         5.73   1990
 MINIMUM         0.56   1902
TOTALS           3.83              2.39    1.44     2.02
DAYS >= .01        18              15.0     3.0       15
DAYS >= .10        12               6.7     5.3        6
DAYS >= .50         2               0.9     1.1        1
DAYS >= 1.00        1               0.2     0.8        0
GREATEST
 24 HR. TOTAL    1.10   02/24 TO 02/25              0.85

SNOWFALL (INCHES)
RECORDS
 TOTAL           36.9   5
                        0
                        -26215
TOTALS           23.4              18.2     5.2     31.7
SINCE 7/1        67.2              84.0   -16.8     99.6
DAYS >= 1.0         5               5.2    -0.2        8
GREATEST
 24 HR TOTAL      6.3   MM

DEGREE_DAYS
HEATING TOTAL     944              1027     -83     1446
 SINCE 7/1       3598              4399    -801     4876
COOLING TOTAL       0                 0       0        0
 SINCE 1/1          0                 0       0        0
..............................................................

WIND (MPH)
AVERAGE WIND SPEED              12.2
HIGHEST WIND SPEED/DIRECTION    38/250    DATE  02/20
HIGHEST GUST SPEED/DIRECTION    59/240    DATE  02/20

SKY COVER
AVERAGE SKY COVER           0.70

AVERAGE RH (PERCENT)     67

WEATHER CONDITIONS. NUMBER OF DAYS WITH
THUNDERSTORM              0     MIXED PRECIP               0
HEAVY RAIN                0     RAIN                       4
LIGHT RAIN                6     FREEZING RAIN              0
LT FREEZING RAIN          0     HAIL                       0
HEAVY SNOW                3     SNOW                       9
LIGHT SNOW               13     SLEET                      0
FOG                      11     FOG W/VIS <= 1/4 MILE      1
HAZE                     14

-  INDICATES NEGATIVE NUMBERS.
R  INDICATES RECORD WAS SET OR TIED.
MM INDICATES DATA IS MISSING.
T  INDICATES TRACE AMOUNT.

$$
