000
CXUS51 KCLE 041443
CLMERI


CLIMATE REPORT
NATIONAL WEATHER SERVICE CLEVELAND OH
1042 AM EDT SAT APR 4 2015

...................................

...THE ERIE PA CLIMATE SUMMARY FOR THE MONTH OF MARCH 2015...

CLIMATE NORMAL PERIOD 1981 TO 2010
CLIMATE RECORD PERIOD 1873 TO 2015

WEATHER         OBSERVED          NORMAL  DEPART  LAST YEAR`S
                 VALUE   DATE(S)  VALUE   FROM    VALUE  DATE(S)
                                          NORMAL
................................................................
TEMPERATURE (F)
RECORD
 HIGH              82   03/31/1998
                        03/30/1998
                        03/28/1945
 LOW              -10   03/12/1948
HIGHEST            59   03/17
LOWEST              0   03/06
AVG. MAXIMUM     39.6              43.8    -4.2     37.0
AVG. MINIMUM     22.5              27.5    -5.0     19.1
MEAN             31.1              35.7    -4.6     28.1
DAYS MAX >= 90      0               0.0     0.0        0
DAYS MAX <= 32      7               5.4     1.6       11
DAYS MIN <= 32     28              21.9     6.1       27
DAYS MIN <= 0       1               0.0     1.0        2

PRECIPITATION (INCHES)
RECORD
 MAXIMUM         7.36   1913
 MINIMUM         0.53   1910
TOTALS           2.00              2.95   -0.95     3.17
DAYS >= .01        11              14.3    -3.3       15
DAYS >= .10         4               7.9    -3.9        8
DAYS >= .50         1               1.3    -0.3        2
DAYS >= 1.00        0               0.4    -0.4        0
GREATEST
 24 HR. TOTAL    0.50   03/31 TO 03/31              0.87

SNOWFALL (INCHES)
RECORDS
 TOTAL           33.9   2008
TOTALS           10.9              13.7    -2.8     17.6
SINCE 7/1       110.3              97.7    12.6    137.2
SNOWDEPTH AVG.      6                 3       3        1
DAYS >= 1.0         2               3.8    -1.8        5
GREATEST
 SNOW DEPTH        17R  03/03                          4  03/30
                        03/02
 24 HR TOTAL      5.3   MM

DEGREE_DAYS
HEATING TOTAL    1046               911     135     1139
 SINCE 7/1       5922              5276     646     5960
COOLING TOTAL       0                 1      -1        0
 SINCE 1/1          0                 1      -1        0
.................................................................

WIND (MPH)
AVERAGE WIND SPEED              9.3
HIGHEST WIND SPEED/DIRECTION    32/210    DATE  03/29
HIGHEST GUST SPEED/DIRECTION    46/210    DATE  03/29

SKY COVER
AVERAGE SKY COVER           0.50

AVERAGE RH (PERCENT)     67

WEATHER CONDITIONS. NUMBER OF DAYS WITH
THUNDERSTORM              0     MIXED PRECIP               0
HEAVY RAIN                0     RAIN                       1
LIGHT RAIN                6     FREEZING RAIN              0
LT FREEZING RAIN          1     HAIL                       0
HEAVY SNOW                1     SNOW                       3
LIGHT SNOW                8     SLEET                      0
FOG                      13     FOG W/VIS <= 1/4 MILE      4
HAZE                     19

-  INDICATES NEGATIVE NUMBERS.
R  INDICATES RECORD WAS SET OR TIED.
MM INDICATES DATA IS MISSING.
T  INDICATES TRACE AMOUNT.

$$
