000
CXUS51 KCLE 052148
CLMERI


CLIMATE REPORT
NATIONAL WEATHER SERVICE CLEVELAND OH
425 PM EST MON JAN 5 2015

...................................

...THE ERIE PA CLIMATE SUMMARY FOR THE MONTH OF DECEMBER 2014...

CLIMATE NORMAL PERIOD 1981 TO 2010
CLIMATE RECORD PERIOD 1873 TO 2015

WEATHER         OBSERVED          NORMAL  DEPART  LAST YEAR`S
                 VALUE   DATE(S)  VALUE   FROM    VALUE  DATE(S)
                                          NORMAL
................................................................
TEMPERATURE (F)
RECORD
 HIGH              75   12/03/1982
 LOW              -11   12/30/1880
HIGHEST            58   12/27
                        12/24
LOWEST             18   12/31
AVG. MAXIMUM     40.8              38.1     2.7     37.0
AVG. MINIMUM     31.2              26.6     4.6     25.4
MEAN             36.0              32.4     3.6     31.2
DAYS MAX >= 90      0               0.0     0.0        0
DAYS MAX <= 32      4               8.8    -4.8       15
DAYS MIN <= 32     18              22.5    -4.5       24
DAYS MIN <= 0       0               0.1    -0.1        0

PRECIPITATION (INCHES)
RECORD
 MAXIMUM         7.36   2008
 MINIMUM         0.66   1928
TOTALS           2.45              3.74   -1.29     5.96
DAYS >= .01        16              19.2    -3.2       23
DAYS >= .10         8              10.5    -2.5       12
DAYS >= .50         1               2.1    -1.1        5
DAYS >= 1.00        0               0.3    -0.3        1
GREATEST
 24 HR. TOTAL    0.59   12/05 TO 12/06              1.90

SNOWFALL (INCHES)
RECORDS
 TOTAL           66.9   1989
TOTALS            5.5              27.5   -22.0     48.0
SINCE 7/1        30.5              36.2    -5.7     63.6
SNOWDEPTH AVG.      0                 4      -4        3
DAYS >= 1.0         2               7.2    -5.2       12
GREATEST
 24 HR TOTAL      2.9   12/10 TO 12/11

DEGREE_DAYS
HEATING TOTAL     893              1012    -119     1043
 SINCE 7/1       2107              2168     -61     2242
COOLING TOTAL       0                 0       0        0
 SINCE 1/1        603               638     -35      706
.................................................................

WIND (MPH)
AVERAGE WIND SPEED              10.7
HIGHEST WIND SPEED/DIRECTION    30/260    DATE  12/24
HIGHEST GUST SPEED/DIRECTION    45/260    DATE  12/24

SKY COVER
AVERAGE SKY COVER           0.80

AVERAGE RH (PERCENT)     70

WEATHER CONDITIONS. NUMBER OF DAYS WITH
THUNDERSTORM              0     MIXED PRECIP               0
HEAVY RAIN                0     RAIN                       3
LIGHT RAIN               13     FREEZING RAIN              0
LT FREEZING RAIN          2     HAIL                       0
HEAVY SNOW                1     SNOW                       2
LIGHT SNOW               10     SLEET                      0
FOG                      17     FOG W/VIS <= 1/4 MILE      2
HAZE                     14

-  INDICATES NEGATIVE NUMBERS.
R  INDICATES RECORD WAS SET OR TIED.
MM INDICATES DATA IS MISSING.
T  INDICATES TRACE AMOUNT.

$$
