000
CXUS51 KCLE 051802
CLMERI


CLIMATE REPORT
NATIONAL WEATHER SERVICE CLEVELAND OH
101 PM EST THU FEB 5 2015

...................................

...THE ERIE PA CLIMATE SUMMARY FOR THE MONTH OF JANUARY 2015...

CLIMATE NORMAL PERIOD 1981 TO 2010
CLIMATE RECORD PERIOD 1873 TO 2015

WEATHER         OBSERVED          NORMAL  DEPART  LAST YEAR`S
                 VALUE   DATE(S)  VALUE   FROM    VALUE  DATE(S)
                                          NORMAL
................................................................
TEMPERATURE (F)
RECORD
 HIGH              73   01/25/1950
                        01/01/1876
 LOW              -18   01/19/1994
HIGHEST            59   01/04
LOWEST                  01/13
AVG. MAXIMUM     30.3              33.7    -3.4     29.7
AVG. MINIMUM     14.0              20.8    -6.8     13.5
MEAN             22.1              27.2    -5.1     21.6
DAYS MAX >= 90      0               0.0     0.0        0
DAYS MAX <= 32     21              14.2     6.8       17
DAYS MIN <= 32     31              26.4     4.6       29
DAYS MIN <= 0       2               1.3     0.7        4

PRECIPITATION (INCHES)
RECORD
 MAXIMUM         6.25   1950
 MINIMUM         0.85   1944
TOTALS           3.74              2.95    0.79     2.56
DAYS >= .01        23              19.6     3.4       20
DAYS >= .10         9               8.6     0.4       10
DAYS >= .50         2               1.1     0.9        0
DAYS >= 1.00        0               0.2    -0.2        0
GREATEST
 24 HR. TOTAL    1.21   01/03 TO 01/04              0.52

SNOWFALL (INCHES)
RECORDS
 TOTAL           62.4   5
                        0
                        -26215
TOTALS           37.4              29.6     7.8     28.1
SINCE 7/1        67.9              65.8     2.1     91.7
SNOWDEPTH AVG.      4                 5      -1        2
DAYS >= 1.0        10               8.3     1.7        9
GREATEST
 SNOW DEPTH         8   01/14                          8  01/03
                        01/13
 24 HR TOTAL      6.3   MM

DEGREE_DAYS
HEATING TOTAL    1323              1170     153     1339
 SINCE 7/1       3430              3338      92     3581
COOLING TOTAL       0                 0       0        0
 SINCE 1/1          0                 0       0        0
.................................................................

WIND (MPH)
AVERAGE WIND SPEED              11.8
HIGHEST WIND SPEED/DIRECTION    32/200    DATE  01/08
HIGHEST GUST SPEED/DIRECTION    45/260    DATE  01/04

SKY COVER
AVERAGE SKY COVER           0.80

AVERAGE RH (PERCENT)     70

WEATHER CONDITIONS. NUMBER OF DAYS WITH
THUNDERSTORM              0     MIXED PRECIP               0
HEAVY RAIN                0     RAIN                       2
LIGHT RAIN                4     FREEZING RAIN              0
LT FREEZING RAIN          3     HAIL                       0
HEAVY SNOW                4     SNOW                       9
LIGHT SNOW               23     SLEET                      0
FOG                      25     FOG W/VIS <= 1/4 MILE      6
HAZE                     25

-  INDICATES NEGATIVE NUMBERS.
R  INDICATES RECORD WAS SET OR TIED.
MM INDICATES DATA IS MISSING.
T  INDICATES TRACE AMOUNT.

$$
