000
CXUS51 KCLE 011322
CLMERI


CLIMATE REPORT
NATIONAL WEATHER SERVICE CLEVELAND OH
918 AM EDT TUE AUG 1 2017

...................................

...THE ERIE PA CLIMATE SUMMARY FOR THE MONTH OF JULY 2017...

CLIMATE NORMAL PERIOD 1981 TO 2010
CLIMATE RECORD PERIOD 1873 TO 2017

WEATHER         OBSERVED          NORMAL  DEPART  LAST YEAR`S
                 VALUE   DATE(S)  VALUE   FROM    VALUE
                                          NORMAL
.............................................................
TEMPERATURE (F)
RECORD
 HIGH              99   07/04/1990
 LOW               44   07/09/1963
HIGHEST            87   07/20
                        07/19
LOWEST             56   07/26
                        07/25
AVG. MAXIMUM     79.0              79.8    -0.8     82.2
AVG. MINIMUM     63.6              63.5     0.1     65.7
MEAN             71.3              71.7    -0.4     74.0
DAYS MAX >= 90      0               1.3    -1.3        1
DAYS MAX <= 32      0               0.0     0.0        0
DAYS MIN <= 32      0               0.0     0.0        0
DAYS MIN <= 0       0               0.0     0.0        0

PRECIPITATION (INCHES)
RECORD
 MAXIMUM        13.27   1947
 MINIMUM         0.39   1916
TOTALS           0.74              3.54   -2.80     4.33
DAYS >= .01         7              10.2    -3.2       11
DAYS >= .10         2               6.8    -4.8        7
DAYS >= .50         0               2.4    -2.4        3
DAYS >= 1.00        0               1.0    -1.0        1
GREATEST
 24 HR. TOTAL    0.93   06/30 TO 07/01              1.83

SNOWFALL (INCHES)
RECORDS
 TOTAL
TOTALS            0.0               0.0     0.0      0.0
SINCE 7/1         0.0               0.0     0.0      0.0
DAYS >= 1.0         0               0.0     0.0        0
GREATEST
 24 HR TOTAL      0.0   07/31 TO 07/31

DEGREE_DAYS
HEATING TOTAL       0                 7      -7        0
 SINCE 7/1          0                 7      -7        0
COOLING TOTAL     202               213     -11      287
 SINCE 1/1        393               375      18      513
..............................................................

WIND (MPH)
AVERAGE WIND SPEED              7.5
HIGHEST WIND SPEED/DIRECTION    30/030    DATE  07/28
HIGHEST GUST SPEED/DIRECTION    40/020    DATE  07/28

SKY COVER
AVERAGE SKY COVER           0.30

AVERAGE RH (PERCENT)     73

WEATHER CONDITIONS. NUMBER OF DAYS WITH
THUNDERSTORM              0     MIXED PRECIP               0
HEAVY RAIN                3     RAIN                       2
LIGHT RAIN                8     FREEZING RAIN              0
LT FREEZING RAIN          0     HAIL                       0
HEAVY SNOW                0     SNOW                       0
LIGHT SNOW                0     SLEET                      0
FOG                       7     FOG W/VIS <= 1/4 MILE      0
HAZE                      5

-  INDICATES NEGATIVE NUMBERS.
R  INDICATES RECORD WAS SET OR TIED.
MM INDICATES DATA IS MISSING.
T  INDICATES TRACE AMOUNT.

$$
