000
CXUS51 KCLE 021259
CLMERI


CLIMATE REPORT
NATIONAL WEATHER SERVICE CLEVELAND OH
759 AM EST MON DEC 2 2013

...................................

...THE ERIE PA CLIMATE SUMMARY FOR THE MONTH OF NOVEMBER 2013...

CLIMATE NORMAL PERIOD 1981 TO 2010
CLIMATE RECORD PERIOD 1873 TO 2013

WEATHER         OBSERVED          NORMAL  DEPART  LAST YEAR`S
                 VALUE   DATE(S)  VALUE   FROM    VALUE  DATE(S)
                                          NORMAL
................................................................
TEMPERATURE (F)
RECORD
 HIGH              82   11/01/1950
 LOW                6   11/30/1929
                        11/22/1880
HIGHEST            67   11/06
LOWEST             18   11/25
AVG. MAXIMUM     45.7              49.9    -4.2     46.9
AVG. MINIMUM     33.3              36.6    -3.3     33.8
MEAN             39.5              43.3    -3.8     40.4
DAYS MAX >= 90      0               0.0     0.0        0
DAYS MAX <= 32      2               0.9     1.1        0
DAYS MIN <= 32     16               8.8     7.2       14
DAYS MIN <= 0       0               0.0     0.0        0

PRECIPITATION (INCHES)
RECORD
 MAXIMUM        10.40   1985
 MINIMUM         0.40   1904
TOTALS           4.44              3.93    0.51     1.50
DAYS >= .01        20              15.5     4.5        6
DAYS >= .10        14               9.4     4.6        4
DAYS >= .50         3               2.4     0.6        2
DAYS >= 1.00        0               0.4    -0.4        0
GREATEST
 24 HR. TOTAL    0.74   10/31 TO 11/01              0.79

SNOWFALL (INCHES)
RECORDS
 TOTAL           46.9   5
                        0
                        -26215
TOTALS           15.3               8.5     6.8      3.1
SINCE 7/1        15.6               8.7     6.9      3.1
SNOWDEPTH AVG.      1                MM      MM        0
DAYS >= 1.0         6               2.1     3.9        2
GREATEST
 SNOW DEPTH         6   11/29                          1  11/25
 24 HR TOTAL      3.9   MM

DEGREE_DAYS
HEATING TOTAL     755               653     102      732
 SINCE 7/1       1199              1156      43     1202
COOLING TOTAL       0                 0       0        0
 SINCE 1/1        706               638      68      899
.................................................................

WIND (MPH)
AVERAGE WIND SPEED              12.7
HIGHEST WIND SPEED/DIRECTION    36/180    DATE  11/17
HIGHEST GUST SPEED/DIRECTION    52/180    DATE  11/17

SKY COVER
AVERAGE SKY COVER           0.60

AVERAGE RH (PERCENT)     62

WEATHER CONDITIONS. NUMBER OF DAYS WITH
THUNDERSTORM              0     MIXED PRECIP               0
HEAVY RAIN                4     RAIN                       9
LIGHT RAIN               12     FREEZING RAIN              0
LT FREEZING RAIN          0     HAIL                       0
HEAVY SNOW                0     SNOW                       7
LIGHT SNOW               10     SLEET                      0
FOG                      15     FOG W/VIS <= 1/4 MILE      2
HAZE                      6

-  INDICATES NEGATIVE NUMBERS.
R  INDICATES RECORD WAS SET OR TIED.
MM INDICATES DATA IS MISSING.
T  INDICATES TRACE AMOUNT.

$$
