078
CXUS51 KCLE 012307
CLMERI


CLIMATE REPORT
NATIONAL WEATHER SERVICE CLEVELAND OH
657 PM EDT THU SEP 1 2016

...................................

...THE ERIE PA CLIMATE SUMMARY FOR THE MONTH OF AUGUST 2016...

CLIMATE NORMAL PERIOD 1981 TO 2010
CLIMATE RECORD PERIOD 1873 TO 2016

WEATHER         OBSERVED          NORMAL  DEPART  LAST YEAR`S
                 VALUE   DATE(S)  VALUE   FROM    VALUE
                                          NORMAL
.............................................................
TEMPERATURE (F)
RECORD
 HIGH              96   08/06/1918
 LOW               37   08/29/1982
HIGHEST            90   08/13
                        08/12
                        08/05
LOWEST             57   08/23
AVG. MAXIMUM     83.9              78.6     5.3     79.2
AVG. MINIMUM     67.3              62.5     4.8     62.6
MEAN             75.6              70.5     5.1     70.9
DAYS MAX >= 90      3               0.6     2.4        1
DAYS MAX <= 32      0               0.0     0.0        0
DAYS MIN <= 32      0               0.0     0.0        0
DAYS MIN <= 0       0               0.0     0.0        0

PRECIPITATION (INCHES)
RECORD
 MAXIMUM        11.06   1977
 MINIMUM         0.29   1929
TOTALS           8.12              3.47    4.65     1.45
DAYS >= .01        12              10.3     1.7        9
DAYS >= .10         9               6.1     2.9        6
DAYS >= .50         3               2.1     0.9        0
DAYS >= 1.00        3               0.9     2.1        0
GREATEST
 24 HR. TOTAL    4.07   08/09 TO 08/10              1.30

SNOWFALL (INCHES)
RECORDS
 TOTAL              T   1992
                        1990
                        1955
TOTALS            0.0               0.0     0.0      0.0
SINCE 7/1         0.0               0.0     0.0      0.0
DAYS >= 1.0         0               0.0     0.0        0
GREATEST
 24 HR TOTAL      0.0

DEGREE_DAYS
HEATING TOTAL       0                11     -11        6
 SINCE 7/1          0                18     -18       18
COOLING TOTAL     336               183     153      195
 SINCE 1/1        849               558     291      606
..............................................................

WIND (MPH)
AVERAGE WIND SPEED              7.5
HIGHEST WIND SPEED/DIRECTION    31/200    DATE  08/16
HIGHEST GUST SPEED/DIRECTION    38/200    DATE  08/16

SKY COVER
AVERAGE SKY COVER           0.30

AVERAGE RH (PERCENT)     71

WEATHER CONDITIONS. NUMBER OF DAYS WITH
THUNDERSTORM              0     MIXED PRECIP               0
HEAVY RAIN                8     RAIN                       7
LIGHT RAIN               14     FREEZING RAIN              0
LT FREEZING RAIN          0     HAIL                       0
HEAVY SNOW                0     SNOW                       0
LIGHT SNOW                0     SLEET                      0
FOG                      11     FOG W/VIS <= 1/4 MILE      0
HAZE                      5

-  INDICATES NEGATIVE NUMBERS.
R  INDICATES RECORD WAS SET OR TIED.
MM INDICATES DATA IS MISSING.
T  INDICATES TRACE AMOUNT.

$$
