000
CXUS51 KCLE 020229
CLMERI


CLIMATE REPORT
NATIONAL WEATHER SERVICE CLEVELAND OH
1025 PM EDT MON MAY 1 2017

...................................

...THE ERIE PA CLIMATE SUMMARY FOR THE MONTH OF APRIL 2017...

CLIMATE NORMAL PERIOD 1981 TO 2010
CLIMATE RECORD PERIOD 1873 TO 2017

WEATHER         OBSERVED          NORMAL  DEPART  LAST YEAR`S
                 VALUE   DATE(S)  VALUE   FROM    VALUE
                                          NORMAL
.............................................................
TEMPERATURE (F)
RECORD
 HIGH              89   04/28/1990
 LOW               12   04/08/1982
                        04/01/1954
HIGHEST            84   04/27
LOWEST             32   04/07
AVG. MAXIMUM     62.1              56.1     6.0     53.1
AVG. MINIMUM     42.7              38.1     4.6     34.5
MEAN             52.4              47.1     5.3     43.8
DAYS MAX >= 90      0               0.0     0.0        0
DAYS MAX <= 32      0               0.3    -0.3        0
DAYS MIN <= 32      1               8.2    -7.2       11
DAYS MIN <= 0       0               0.0     0.0        0

PRECIPITATION (INCHES)
RECORD
 MAXIMUM         8.88   1947
 MINIMUM         0.74   1915
TOTALS           3.38              3.33    0.05     1.83
DAYS >= .01        13              13.9    -0.9       15
DAYS >= .10         8               8.5    -0.5        7
DAYS >= .50         2               2.3    -0.3        0
DAYS >= 1.00        1               0.3     0.7        0
GREATEST
 24 HR. TOTAL    1.05   04/06 TO 04/07              0.43

SNOWFALL (INCHES)
RECORDS
 TOTAL           19.3   1901
TOTALS            0.5               3.2    -2.7      2.9
SINCE 7/1        78.6             100.9   -22.3     71.2
DAYS >= 1.0         0               1.0    -1.0        0
GREATEST
 24 HR TOTAL      0.5   04/07 TO 04/07

DEGREE_DAYS
HEATING TOTAL     380               543    -163      627
 SINCE 7/1       4780              5819   -1039     4901
COOLING TOTAL       9                 6       3        0
 SINCE 1/1          9                 7       2        0
..............................................................

WIND (MPH)
AVERAGE WIND SPEED              9.6
HIGHEST WIND SPEED/DIRECTION    35/250    DATE  04/04
HIGHEST GUST SPEED/DIRECTION    47/250    DATE  04/04

SKY COVER
AVERAGE SKY COVER           0.50

AVERAGE RH (PERCENT)     68

WEATHER CONDITIONS. NUMBER OF DAYS WITH
THUNDERSTORM              0     MIXED PRECIP               0
HEAVY RAIN                3     RAIN                       6
LIGHT RAIN               16     FREEZING RAIN              0
LT FREEZING RAIN          0     HAIL                       0
HEAVY SNOW                0     SNOW                       0
LIGHT SNOW                2     SLEET                      0
FOG                      11     FOG W/VIS <= 1/4 MILE      1
HAZE                      3

-  INDICATES NEGATIVE NUMBERS.
R  INDICATES RECORD WAS SET OR TIED.
MM INDICATES DATA IS MISSING.
T  INDICATES TRACE AMOUNT.

$$
