000
CDUS41 KCLE 230528
CLIMFD


CLIMATE REPORT
NATIONAL WEATHER SERVICE CLEVELAND OH
1228 AM EST FRI JAN 23 2015


...................................

...THE MANSFIELD OH CLIMATE SUMMARY FOR JANUARY 22 2015...

CLIMATE NORMAL PERIOD 1981 TO 2010
CLIMATE RECORD PERIOD 1916 TO 2015


WEATHER ITEM   OBSERVED TIME   RECORD YEAR NORMAL DEPARTURE LAST
                VALUE   (LST)  VALUE       VALUE  FROM      YEAR
                                                  NORMAL
..................................................................
TEMPERATURE (F)
 YESTERDAY
  MAXIMUM         28    149 PM  66    1933  33     -5       10
  MINIMUM         24    817 AM -10    1936  18      6       -5
  AVERAGE         26                        25      1        3

PRECIPITATION (IN)
  YESTERDAY        0.00                      0.09  -0.09     0.02
  MONTH TO DATE    2.63                      2.10   0.53     1.74
  SINCE DEC 1      4.49                      5.39  -0.90     5.92
  SINCE JAN 1      2.63                      2.10   0.53     1.74

SNOWFALL (IN)
  YESTERDAY        0.0                       0.4   -0.4      0.6
  MONTH TO DATE   14.4                       9.5    4.9     14.8
  SINCE DEC 1     14.6                      20.0   -5.4     31.2
  SINCE JUL 1     20.5                      22.7   -2.2     32.8
  SNOW DEPTH       3

DEGREE DAYS
 HEATING
  YESTERDAY       39                        40     -1       62
  MONTH TO DATE  929                       872     57      956
  SINCE DEC 1   1892                      1968    -76     2023
  SINCE JUL 1   3280                      3249     31     3355

 COOLING
  YESTERDAY        0                         0      0        0
  MONTH TO DATE    0                         0      0        0
  SINCE DEC 1      0                         0      0        0
  SINCE JAN 1      0                         0      0        0
..................................................................


WIND (MPH)
  HIGHEST WIND SPEED    10   HIGHEST WIND DIRECTION     W (260)
  HIGHEST GUST SPEED    13   HIGHEST GUST DIRECTION    NW (310)
  AVERAGE WIND SPEED     4.6


SKY COVER
  POSSIBLE SUNSHINE  MM
  AVERAGE SKY COVER 1.0


WEATHER CONDITIONS
 THE FOLLOWING WEATHER WAS RECORDED YESTERDAY.
  FOG
  HAZE


RELATIVE HUMIDITY (PERCENT)
 HIGHEST   100          1200 AM
 LOWEST     75           900 PM
 AVERAGE    88

..........................................................


THE MANSFIELD OH CLIMATE NORMALS FOR TODAY
                         NORMAL    RECORD    YEAR
 MAXIMUM TEMPERATURE (F)   33        63      1967
 MINIMUM TEMPERATURE (F)   18       -19      1963


SUNRISE AND SUNSET
JANUARY 23 2015.......SUNRISE   748 AM EST   SUNSET   536 PM EST
JANUARY 24 2015.......SUNRISE   747 AM EST   SUNSET   537 PM EST


-  INDICATES NEGATIVE NUMBERS.
R  INDICATES RECORD WAS SET OR TIED.
MM INDICATES DATA IS MISSING.
T  INDICATES TRACE AMOUNT.




$$
