000
CDUS41 KCLE 072118
CLIMFD


CLIMATE REPORT
NATIONAL WEATHER SERVICE CLEVELAND OH
518 PM EDT MON JUL 7 2014


...................................

...THE MANSFIELD OH CLIMATE SUMMARY FOR JULY 7 2014...
VALID TODAY AS OF 0500 PM LOCAL TIME.

CLIMATE NORMAL PERIOD 1981 TO 2010
CLIMATE RECORD PERIOD 1916 TO 2014


WEATHER ITEM   OBSERVED TIME   RECORD YEAR NORMAL DEPARTURE LAST
                VALUE   (LST)  VALUE       VALUE  FROM      YEAR
                                                  NORMAL
..................................................................
TEMPERATURE (F)
 TODAY
  MAXIMUM         81    359 PM 100    1988  82     -1       79
  MINIMUM         69    600 AM  45    1959  61      8       65
                                      1945
  AVERAGE         75                        72      3       72

PRECIPITATION (IN)
  TODAY            0.01                      0.15  -0.14      T
  MONTH TO DATE    0.99                      1.03  -0.04     0.97
  SINCE JUN 1      7.47                      5.78   1.69     7.96
  SINCE JAN 1     23.80                     23.11   0.69    21.83

SNOWFALL (IN)
  TODAY            0.0                       0.0    0.0      0.0
  MONTH TO DATE    0.0                       0.0    0.0      0.0
  SINCE JUN 1      0.0                       0.0    0.0      0.0
  SINCE JUL 1      0.0                       0.0    0.0      0.0
  SNOW DEPTH       0

DEGREE DAYS
 HEATING
  TODAY            0                         0      0        0
  MONTH TO DATE    4                         0      4        0
  SINCE JUN 1     28                        53    -25       39
  SINCE JUL 1      4                         0      4        0

 COOLING
  TODAY           10                         7      3        7
  MONTH TO DATE   35                        49    -14       56
  SINCE JUN 1    204                       183     21      204
  SINCE JAN 1    267                       229     38      299
..................................................................


WIND (MPH)
  HIGHEST WIND SPEED    21   HIGHEST WIND DIRECTION    SW (210)
  HIGHEST GUST SPEED    30   HIGHEST GUST DIRECTION    SW (220)


SKY COVER
  POSSIBLE SUNSHINE  MM
  AVERAGE SKY COVER 0.6


WEATHER CONDITIONS
 THE FOLLOWING WEATHER WAS RECORDED TODAY.
  THUNDERSTORM
  FOG


RELATIVE HUMIDITY (PERCENT)
 HIGHEST    87           200 PM
 LOWEST     57          1200 AM
 AVERAGE    72

..........................................................


THE MANSFIELD OH CLIMATE NORMALS FOR TOMORROW
                         NORMAL    RECORD    YEAR
 MAXIMUM TEMPERATURE (F)   82        98      1988
 MINIMUM TEMPERATURE (F)   61        45      1959


SUNRISE AND SUNSET
JULY  7 2014..........SUNRISE   606 AM EDT   SUNSET   904 PM EDT
JULY  8 2014..........SUNRISE   606 AM EDT   SUNSET   904 PM EDT


-  INDICATES NEGATIVE NUMBERS.
R  INDICATES RECORD WAS SET OR TIED.
MM INDICATES DATA IS MISSING.
T  INDICATES TRACE AMOUNT.




$$
