397
CDUS41 KCLE 160527
CLIMFD


CLIMATE REPORT
NATIONAL WEATHER SERVICE CLEVELAND OH
1226 AM EST THU NOV 16 2017


...................................

...THE MANSFIELD OH CLIMATE SUMMARY FOR NOVEMBER 15 2017...

CLIMATE NORMAL PERIOD 1981 TO 2010
CLIMATE RECORD PERIOD 1916 TO 2017


WEATHER ITEM   OBSERVED TIME   RECORD YEAR NORMAL DEPARTURE LAST
                VALUE   (LST)  VALUE       VALUE  FROM      YEAR
                                                  NORMAL
..................................................................
TEMPERATURE (F)
 YESTERDAY
  MAXIMUM         47   1134 PM  71    1971  50     -3       60
  MINIMUM         33    700 AM  12    1933  34     -1       35
  AVERAGE         40                        42     -2       48

PRECIPITATION (IN)
  YESTERDAY        0.18                      0.14   0.04     0.00
  MONTH TO DATE    3.06                      1.88   1.18     0.34
  SINCE SEP 1      7.59                      8.14  -0.55     7.52
  SINCE JAN 1     44.17                     38.97   5.20    31.15

SNOWFALL (IN)
  YESTERDAY        0.0                       0.1   -0.1      0.0
  MONTH TO DATE    0.1                       0.7   -0.6      0.0
  SINCE SEP 1      0.1                       1.2   -1.1      0.0
  SINCE JUL 1      0.1                       1.2   -1.1      0.0
  SNOW DEPTH       0

DEGREE DAYS
 HEATING
  YESTERDAY       25                        23      2       17
  MONTH TO DATE  334                       311     23      223
  SINCE SEP 1    697                       854   -157      531
  SINCE JUL 1    711                       879   -168      532

 COOLING
  YESTERDAY        0                         0      0        0
  MONTH TO DATE    0                         0      0        6
  SINCE SEP 1    131                        70     61      180
  SINCE JAN 1    748                       632    116     1084
..................................................................


WIND (MPH)
  HIGHEST WIND SPEED    22   HIGHEST WIND DIRECTION    SW (240)
  HIGHEST GUST SPEED    29   HIGHEST GUST DIRECTION     S (200)
  AVERAGE WIND SPEED    13.6


SKY COVER
  POSSIBLE SUNSHINE  MM
  AVERAGE SKY COVER 0.5


WEATHER CONDITIONS
 THE FOLLOWING WEATHER WAS RECORDED YESTERDAY.
  LIGHT RAIN
  LIGHT SNOW
  FOG
  HAZE


RELATIVE HUMIDITY (PERCENT)
 HIGHEST   100           700 PM
 LOWEST     70          1000 AM
 AVERAGE    85

..........................................................


THE MANSFIELD OH CLIMATE NORMALS FOR TODAY
                         NORMAL    RECORD    YEAR
 MAXIMUM TEMPERATURE (F)   49        70      1931
 MINIMUM TEMPERATURE (F)   33         3      1933


SUNRISE AND SUNSET
NOVEMBER 16 2017......SUNRISE   719 AM EST   SUNSET   511 PM EST
NOVEMBER 17 2017......SUNRISE   720 AM EST   SUNSET   510 PM EST


-  INDICATES NEGATIVE NUMBERS.
R  INDICATES RECORD WAS SET OR TIED.
MM INDICATES DATA IS MISSING.
T  INDICATES TRACE AMOUNT.




$$
