000
CDUS41 KCLE 220532
CLIMFD


CLIMATE REPORT
NATIONAL WEATHER SERVICE CLEVELAND OH
1231 AM EST THU JAN 22 2015


...................................

...THE MANSFIELD OH CLIMATE SUMMARY FOR JANUARY 21 2015...

CLIMATE NORMAL PERIOD 1981 TO 2010
CLIMATE RECORD PERIOD 1916 TO 2015


WEATHER ITEM   OBSERVED TIME   RECORD YEAR NORMAL DEPARTURE LAST
                VALUE   (LST)  VALUE       VALUE  FROM      YEAR
                                                  NORMAL
..................................................................
TEMPERATURE (F)
 YESTERDAY
  MAXIMUM         35    414 PM  58    1974  33      2       21
                                      1959
  MINIMUM         28   1159 PM -19    1985  18     10       -1
  AVERAGE         32                        25      7       10

PRECIPITATION (IN)
  YESTERDAY        0.29                      0.09   0.20     0.05
  MONTH TO DATE    2.63                      2.01   0.62     1.72
  SINCE DEC 1      4.49                      5.30  -0.81     5.90
  SINCE JAN 1      2.63                      2.01   0.62     1.72

SNOWFALL (IN)
  YESTERDAY        3.5                       0.4    3.1      1.1
  MONTH TO DATE   14.4                       9.1    5.3     14.2
  SINCE DEC 1     14.6                      19.6   -5.0     30.6
  SINCE JUL 1     20.5                      22.3   -1.8     32.2
  SNOW DEPTH       1

DEGREE DAYS
 HEATING
  YESTERDAY       33                        40     -7       55
  MONTH TO DATE  890                       832     58      894
  SINCE DEC 1   1853                      1928    -75     1961
  SINCE JUL 1   3241                      3209     32     3293

 COOLING
  YESTERDAY        0                         0      0        0
  MONTH TO DATE    0                         0      0        0
  SINCE DEC 1      0                         0      0        0
  SINCE JAN 1      0                         0      0        0
..................................................................


WIND (MPH)
  HIGHEST WIND SPEED    16   HIGHEST WIND DIRECTION     W (250)
  HIGHEST GUST SPEED    21   HIGHEST GUST DIRECTION    SW (240)
  AVERAGE WIND SPEED     6.9


SKY COVER
  POSSIBLE SUNSHINE  MM
  AVERAGE SKY COVER 1.0


WEATHER CONDITIONS
 THE FOLLOWING WEATHER WAS RECORDED YESTERDAY.
  SNOW
  LIGHT SNOW
  FOG


RELATIVE HUMIDITY (PERCENT)
 HIGHEST   100          1200 AM
 LOWEST     89          1100 AM
 AVERAGE    95

..........................................................


THE MANSFIELD OH CLIMATE NORMALS FOR TODAY
                         NORMAL    RECORD    YEAR
 MAXIMUM TEMPERATURE (F)   33        66      1933
 MINIMUM TEMPERATURE (F)   18       -10      1936


SUNRISE AND SUNSET
JANUARY 22 2015.......SUNRISE   749 AM EST   SUNSET   535 PM EST
JANUARY 23 2015.......SUNRISE   748 AM EST   SUNSET   536 PM EST


-  INDICATES NEGATIVE NUMBERS.
R  INDICATES RECORD WAS SET OR TIED.
MM INDICATES DATA IS MISSING.
T  INDICATES TRACE AMOUNT.




$$
