000
CDUS41 KCLE 280533
CLIMFD


CLIMATE REPORT
NATIONAL WEATHER SERVICE CLEVELAND OH
132 AM EDT SUN JUN 28 2015


...................................

...THE MANSFIELD OH CLIMATE SUMMARY FOR JUNE 27 2015...

CLIMATE NORMAL PERIOD 1981 TO 2010
CLIMATE RECORD PERIOD 1916 TO 2015


WEATHER ITEM   OBSERVED TIME   RECORD YEAR NORMAL DEPARTURE LAST
                VALUE   (LST)  VALUE       VALUE  FROM      YEAR
                                                  NORMAL
..................................................................
TEMPERATURE (F)
 YESTERDAY
  MAXIMUM         74   1150 AM  94    1983  81     -7       85
                                      1944
                                      1943
  MINIMUM         59   1159 PM  42    1927  60     -1       60
  AVERAGE         67                        70     -3       73

PRECIPITATION (IN)
  YESTERDAY        0.76                      0.15   0.61     0.00
  MONTH TO DATE    6.07                      4.30   1.77     6.14
  SINCE JUN 1      6.07                      4.30   1.77     6.14
  SINCE JAN 1     23.86                     21.63   2.23    22.47

SNOWFALL (IN)
  YESTERDAY        0.0                       0.0    0.0      0.0
  MONTH TO DATE    0.0                       0.0    0.0      0.0
  SINCE JUN 1      0.0                       0.0    0.0      0.0
  SINCE JUL 1     63.2                      48.3   14.9     65.4
  SNOW DEPTH       0

DEGREE DAYS
 HEATING
  YESTERDAY        0                         1     -1        0
  MONTH TO DATE   28                        52    -24       24
  SINCE JUN 1     28                        52    -24       24
  SINCE JUL 1   6597                      6269    328     6715

 COOLING
  YESTERDAY        2                         6     -4        8
  MONTH TO DATE  154                       117     37      132
  SINCE JUN 1    154                       117     37      132
  SINCE JAN 1    272                       163    109      195
..................................................................


WIND (MPH)
  HIGHEST WIND SPEED    25   HIGHEST WIND DIRECTION    SW (210)
  HIGHEST GUST SPEED    32   HIGHEST GUST DIRECTION     S (190)
  AVERAGE WIND SPEED    10.7


SKY COVER
  POSSIBLE SUNSHINE  MM
  AVERAGE SKY COVER 0.9


WEATHER CONDITIONS
 THE FOLLOWING WEATHER WAS RECORDED YESTERDAY.
  HEAVY RAIN
  RAIN
  LIGHT RAIN
  FOG


RELATIVE HUMIDITY (PERCENT)
 HIGHEST   100           300 AM
 LOWEST     73          1200 PM
 AVERAGE    87

..........................................................


THE MANSFIELD OH CLIMATE NORMALS FOR TODAY
                         NORMAL    RECORD    YEAR
 MAXIMUM TEMPERATURE (F)   81        99      1934
 MINIMUM TEMPERATURE (F)   60        44      1958


SUNRISE AND SUNSET
JUNE 28 2015..........SUNRISE   601 AM EDT   SUNSET   906 PM EDT
JUNE 29 2015..........SUNRISE   601 AM EDT   SUNSET   906 PM EDT


-  INDICATES NEGATIVE NUMBERS.
R  INDICATES RECORD WAS SET OR TIED.
MM INDICATES DATA IS MISSING.
T  INDICATES TRACE AMOUNT.




$$
