000
CDUS41 KCLE 220545
CLIMFD


CLIMATE REPORT
NATIONAL WEATHER SERVICE CLEVELAND OH
145 AM EDT TUE JUL 22 2014


...................................

...THE MANSFIELD OH CLIMATE SUMMARY FOR JULY 21 2014...

CLIMATE NORMAL PERIOD 1981 TO 2010
CLIMATE RECORD PERIOD 1916 TO 2014


WEATHER ITEM   OBSERVED TIME   RECORD YEAR NORMAL DEPARTURE LAST
                VALUE   (LST)  VALUE       VALUE  FROM      YEAR
                                                  NORMAL
..................................................................
TEMPERATURE (F)
 YESTERDAY
  MAXIMUM         85    357 PM 105    1934  82      3       83
  MINIMUM         61    410 AM  46    1941  62     -1       68
                                      1936
  AVERAGE         73                        72      1       76

PRECIPITATION (IN)
  YESTERDAY        0.00                      0.14  -0.14     0.00
  MONTH TO DATE    2.53                      3.01  -0.48     5.32
  SINCE JUN 1      9.01                      7.76   1.25    12.31
  SINCE JAN 1     25.34                     25.09   0.25    26.18

SNOWFALL (IN)
  YESTERDAY        0.0                       0.0    0.0      0.0
  MONTH TO DATE    0.0                       0.0    0.0      0.0
  SINCE JUN 1      0.0                       0.0    0.0      0.0
  SINCE JUL 1      0.0                       0.0    0.0      0.0
  SNOW DEPTH       0

DEGREE DAYS
 HEATING
  YESTERDAY        0                         0      0        0
  MONTH TO DATE    9                         0      9        0
  SINCE JUN 1     33                        53    -20       39
  SINCE JUL 1      9                         0      9        0

 COOLING
  YESTERDAY        8                         7      1       11
  MONTH TO DATE  103                       147    -44      219
  SINCE JUN 1    272                       281     -9      367
  SINCE JAN 1    335                       327      8      462
..................................................................


WIND (MPH)
  HIGHEST WIND SPEED    10   HIGHEST WIND DIRECTION     N (350)
  HIGHEST GUST SPEED    13   HIGHEST GUST DIRECTION     N (350)
  AVERAGE WIND SPEED     2.9


SKY COVER
  POSSIBLE SUNSHINE  MM
  AVERAGE SKY COVER 0.4


WEATHER CONDITIONS
 THE FOLLOWING WEATHER WAS RECORDED YESTERDAY.
  FOG
  HAZE


RELATIVE HUMIDITY (PERCENT)
 HIGHEST   100           300 AM
 LOWEST     48           400 PM
 AVERAGE    74

..........................................................


THE MANSFIELD OH CLIMATE NORMALS FOR TODAY
                         NORMAL    RECORD    YEAR
 MAXIMUM TEMPERATURE (F)   82       103      1934
 MINIMUM TEMPERATURE (F)   62        45      1936


SUNRISE AND SUNSET
JULY 22 2014..........SUNRISE   617 AM EDT   SUNSET   855 PM EDT
JULY 23 2014..........SUNRISE   618 AM EDT   SUNSET   854 PM EDT


-  INDICATES NEGATIVE NUMBERS.
R  INDICATES RECORD WAS SET OR TIED.
MM INDICATES DATA IS MISSING.
T  INDICATES TRACE AMOUNT.




$$
