000
CDUS41 KCLE 190527
CLIMFD


CLIMATE REPORT
NATIONAL WEATHER SERVICE CLEVELAND OH
126 AM EDT FRI SEP 19 2014


...................................

...THE MANSFIELD OH CLIMATE SUMMARY FOR SEPTEMBER 18 2014...

CLIMATE NORMAL PERIOD 1981 TO 2010
CLIMATE RECORD PERIOD 1916 TO 2014


WEATHER ITEM   OBSERVED TIME   RECORD YEAR NORMAL DEPARTURE LAST
                VALUE   (LST)  VALUE       VALUE  FROM      YEAR
                                                  NORMAL
..................................................................
TEMPERATURE (F)
 YESTERDAY
  MAXIMUM         71    228 PM  92    1955  73     -2       76
  MINIMUM         46    537 AM  28    1959  52     -6       50
  AVERAGE         59                        62     -3       63

PRECIPITATION (IN)
  YESTERDAY        0.00                      0.10  -0.10     0.00
  MONTH TO DATE    0.93                      2.04  -1.11     1.27
  SINCE SEP 1      0.93                      2.04  -1.11     1.27
  SINCE JAN 1     30.15                     32.87  -2.72    30.19

SNOWFALL (IN)
  YESTERDAY        0.0                       0.0    0.0      0.0
  MONTH TO DATE    0.0                       0.0    0.0      0.0
  SINCE SEP 1      0.0                       0.0    0.0      0.0
  SINCE JUL 1      0.0                       0.0    0.0      0.0
  SNOW DEPTH       0

DEGREE DAYS
 HEATING
  YESTERDAY        6                         4      2        2
  MONTH TO DATE   65                        45     20       56
  SINCE SEP 1     65                        45     20       56
  SINCE JUL 1     92                        70     22       84

 COOLING
  YESTERDAY        0                         2     -2        0
  MONTH TO DATE   59                        50      9       63
  SINCE SEP 1     59                        50      9       63
  SINCE JAN 1    613                       612      1      705
..................................................................


WIND (MPH)
  HIGHEST WIND SPEED    15   HIGHEST WIND DIRECTION    NE (30)
  HIGHEST GUST SPEED    23   HIGHEST GUST DIRECTION     N (20)
  AVERAGE WIND SPEED     4.6


SKY COVER
  POSSIBLE SUNSHINE  MM
  AVERAGE SKY COVER 0.2


WEATHER CONDITIONS
 THE FOLLOWING WEATHER WAS RECORDED YESTERDAY.
  FOG


RELATIVE HUMIDITY (PERCENT)
 HIGHEST    96          1000 PM
 LOWEST     42           100 PM
 AVERAGE    69

..........................................................


THE MANSFIELD OH CLIMATE NORMALS FOR TODAY
                         NORMAL    RECORD    YEAR
 MAXIMUM TEMPERATURE (F)   72        91      1978
                                             1955
 MINIMUM TEMPERATURE (F)   51        34      1929


SUNRISE AND SUNSET
SEPTEMBER 19 2014.....SUNRISE   715 AM EDT   SUNSET   732 PM EDT
SEPTEMBER 20 2014.....SUNRISE   716 AM EDT   SUNSET   731 PM EDT


-  INDICATES NEGATIVE NUMBERS.
R  INDICATES RECORD WAS SET OR TIED.
MM INDICATES DATA IS MISSING.
T  INDICATES TRACE AMOUNT.




$$
