000
CDUS41 KCLE 262112
CLIMFD


CLIMATE REPORT
NATIONAL WEATHER SERVICE CLEVELAND OH
511 PM EDT FRI JUN 26 2015


...................................

...THE MANSFIELD OH CLIMATE SUMMARY FOR JUNE 26 2015...
VALID TODAY AS OF 0500 PM LOCAL TIME.

CLIMATE NORMAL PERIOD 1981 TO 2010
CLIMATE RECORD PERIOD 1916 TO 2015


WEATHER ITEM   OBSERVED TIME   RECORD YEAR NORMAL DEPARTURE LAST
                VALUE   (LST)  VALUE       VALUE  FROM      YEAR
                                                  NORMAL
..................................................................
TEMPERATURE (F)
 TODAY
  MAXIMUM         77    134 PM  97    1952  81     -4       81
  MINIMUM         65    714 AM  46    2012  60      5       63
                                      2004
  AVERAGE         71                        70      1       72

PRECIPITATION (IN)
  TODAY            0.00                      0.15  -0.15     0.00
  MONTH TO DATE    5.22                      4.15   1.07     6.14
  SINCE JUN 1      5.22                      4.15   1.07     6.14
  SINCE JAN 1     23.01                     21.48   1.53    22.47

SNOWFALL (IN)
  TODAY            0.0                       0.0    0.0      0.0
  MONTH TO DATE    0.0                       0.0    0.0      0.0
  SINCE JUN 1      0.0                       0.0    0.0      0.0
  SINCE JUL 1     63.2                      48.3   14.9     65.4
  SNOW DEPTH       0

DEGREE DAYS
 HEATING
  TODAY            0                         1     -1        0
  MONTH TO DATE   28                        51    -23       24
  SINCE JUN 1     28                        51    -23       24
  SINCE JUL 1   6597                      6268    329     6715

 COOLING
  TODAY            6                         6      0        7
  MONTH TO DATE  152                       111     41      124
  SINCE JUN 1    152                       111     41      124
  SINCE JAN 1    270                       157    113      187
..................................................................


WIND (MPH)
  HIGHEST WIND SPEED    14   HIGHEST WIND DIRECTION     E (100)
  HIGHEST GUST SPEED    16   HIGHEST GUST DIRECTION     E (100)


SKY COVER
  POSSIBLE SUNSHINE  MM
  AVERAGE SKY COVER 0.4


WEATHER CONDITIONS
 THE FOLLOWING WEATHER WAS RECORDED TODAY.
  LIGHT RAIN
  FOG


RELATIVE HUMIDITY (PERCENT)
 HIGHEST   100           200 AM
 LOWEST     54          1200 PM
 AVERAGE    77

..........................................................


THE MANSFIELD OH CLIMATE NORMALS FOR TOMORROW
                         NORMAL    RECORD    YEAR
 MAXIMUM TEMPERATURE (F)   81        94      1983
                                             1944
                                             1943
 MINIMUM TEMPERATURE (F)   60        42      1927


SUNRISE AND SUNSET
JUNE 26 2015..........SUNRISE   600 AM EDT   SUNSET   906 PM EDT
JUNE 27 2015..........SUNRISE   600 AM EDT   SUNSET   906 PM EDT


-  INDICATES NEGATIVE NUMBERS.
R  INDICATES RECORD WAS SET OR TIED.
MM INDICATES DATA IS MISSING.
T  INDICATES TRACE AMOUNT.




$$
