000
CDUS41 KCLE 210550
CLIMFD


CLIMATE REPORT
NATIONAL WEATHER SERVICE CLEVELAND OH
149 AM EDT SUN SEP 21 2014


...................................

...THE MANSFIELD OH CLIMATE SUMMARY FOR SEPTEMBER 20 2014...

CLIMATE NORMAL PERIOD 1981 TO 2010
CLIMATE RECORD PERIOD 1916 TO 2014


WEATHER ITEM   OBSERVED TIME   RECORD YEAR NORMAL DEPARTURE LAST
                VALUE   (LST)  VALUE       VALUE  FROM      YEAR
                                                  NORMAL
..................................................................
TEMPERATURE (F)
 YESTERDAY
  MAXIMUM         81    300 PM  91    1978  72      9       84
  MINIMUM         57   1243 AM  33    1956  51      6       66
                                      1937
  AVERAGE         69                        61      8       75

PRECIPITATION (IN)
  YESTERDAY        0.11                      0.11   0.00     0.43
  MONTH TO DATE    1.04                      2.26  -1.22     1.74
  SINCE SEP 1      1.04                      2.26  -1.22     1.74
  SINCE JAN 1     30.26                     33.09  -2.83    30.66

SNOWFALL (IN)
  YESTERDAY        0.0                       0.0    0.0      0.0
  MONTH TO DATE    0.0                       0.0    0.0      0.0
  SINCE SEP 1      0.0                       0.0    0.0      0.0
  SINCE JUL 1      0.0                       0.0    0.0      0.0
  SNOW DEPTH       0

DEGREE DAYS
 HEATING
  YESTERDAY        0                         5     -5        0
  MONTH TO DATE   71                        55     16       56
  SINCE SEP 1     71                        55     16       56
  SINCE JUL 1     98                        80     18       84

 COOLING
  YESTERDAY        4                         2      2       10
  MONTH TO DATE   63                        54      9       75
  SINCE SEP 1     63                        54      9       75
  SINCE JAN 1    617                       616      1      717
..................................................................


WIND (MPH)
  HIGHEST WIND SPEED    25   HIGHEST WIND DIRECTION     S (190)
  HIGHEST GUST SPEED    30   HIGHEST GUST DIRECTION     S (190)
  AVERAGE WIND SPEED    12.5


SKY COVER
  POSSIBLE SUNSHINE  MM
  AVERAGE SKY COVER 0.2


WEATHER CONDITIONS
 THE FOLLOWING WEATHER WAS RECORDED YESTERDAY.
  HEAVY RAIN
  FOG


RELATIVE HUMIDITY (PERCENT)
 HIGHEST   100           400 AM
 LOWEST     48           500 PM
 AVERAGE    74

..........................................................


THE MANSFIELD OH CLIMATE NORMALS FOR TODAY
                         NORMAL    RECORD    YEAR
 MAXIMUM TEMPERATURE (F)   71        91      1931
 MINIMUM TEMPERATURE (F)   51        24      1956


SUNRISE AND SUNSET
SEPTEMBER 21 2014.....SUNRISE   717 AM EDT   SUNSET   729 PM EDT
SEPTEMBER 22 2014.....SUNRISE   718 AM EDT   SUNSET   727 PM EDT


-  INDICATES NEGATIVE NUMBERS.
R  INDICATES RECORD WAS SET OR TIED.
MM INDICATES DATA IS MISSING.
T  INDICATES TRACE AMOUNT.




$$
