000
CDUS41 KCLE 141403
CLIMFD


CLIMATE REPORT
NATIONAL WEATHER SERVICE CLEVELAND OH
902 AM EST SUN JAN 14 2018


...................................

...THE MANSFIELD OH CLIMATE SUMMARY FOR JANUARY 13 2018...

CLIMATE NORMAL PERIOD 1981 TO 2010
CLIMATE RECORD PERIOD 1916 TO 2018


WEATHER ITEM   OBSERVED TIME   RECORD YEAR NORMAL DEPARTURE LAST
                VALUE   (LST)  VALUE       VALUE  FROM      YEAR
                                                  NORMAL
..................................................................
TEMPERATURE (F)
 YESTERDAY
  MAXIMUM         18   1254 AM  65    2005  33    -15       31
  MINIMUM         11   1036 PM -15    1918  18     -7       23
  AVERAGE         15                        25    -10       27

PRECIPITATION (IN)
  YESTERDAY        0.01                      0.09  -0.08     0.00
  MONTH TO DATE    1.57                      1.29   0.28     3.08
  SINCE DEC 1      3.42                      4.58  -1.16     6.22
  SINCE JAN 1      1.57                      1.29   0.28     3.08

SNOWFALL (IN)
  YESTERDAY        0.3                       0.5   -0.2      0.0
  MONTH TO DATE    5.4                       5.6   -0.2      2.3
  SINCE DEC 1     18.4                      16.1    2.3     13.3
  SINCE JUL 1     18.5                      18.8   -0.3     13.5
  SNOW DEPTH       2

DEGREE DAYS
 HEATING
  YESTERDAY       50                        40     10       38
  MONTH TO DATE  590                       512     78      484
  SINCE DEC 1   1753                      1608    145     1592
  SINCE JUL 1   2835                      2889    -54     2469

 COOLING
  YESTERDAY        0                         0      0        0
  MONTH TO DATE    0                         0      0        0
  SINCE DEC 1      0                         0      0        0
  SINCE JAN 1      0                         0      0        0
..................................................................


WIND (MPH)
  HIGHEST WIND SPEED    26   HIGHEST WIND DIRECTION    NW (330)
  HIGHEST GUST SPEED    34   HIGHEST GUST DIRECTION    NW (320)
  AVERAGE WIND SPEED    13.4


SKY COVER
  POSSIBLE SUNSHINE  MM
  AVERAGE SKY COVER 1.0


WEATHER CONDITIONS
 THE FOLLOWING WEATHER WAS RECORDED YESTERDAY.
  LIGHT SNOW
  FOG
  HAZE


RELATIVE HUMIDITY (PERCENT)
 HIGHEST    92          1200 AM
 LOWEST     58           400 PM
 AVERAGE    75

..........................................................


THE MANSFIELD OH CLIMATE NORMALS FOR TODAY
                         NORMAL    RECORD    YEAR
 MAXIMUM TEMPERATURE (F)   33        68      1932
 MINIMUM TEMPERATURE (F)   18       -10      1957


SUNRISE AND SUNSET
JANUARY 14 2018.......SUNRISE   753 AM EST   SUNSET   526 PM EST
JANUARY 15 2018.......SUNRISE   752 AM EST   SUNSET   527 PM EST


-  INDICATES NEGATIVE NUMBERS.
R  INDICATES RECORD WAS SET OR TIED.
MM INDICATES DATA IS MISSING.
T  INDICATES TRACE AMOUNT.




$$
