000
CDUS41 KCLE 210532
CLIMFD


CLIMATE REPORT
NATIONAL WEATHER SERVICE CLEVELAND OH
125 AM EDT WED SEP 21 2016


...................................

...THE MANSFIELD OH CLIMATE SUMMARY FOR SEPTEMBER 20 2016...

CLIMATE NORMAL PERIOD 1981 TO 2010
CLIMATE RECORD PERIOD 1916 TO 2016


WEATHER ITEM   OBSERVED TIME   RECORD YEAR NORMAL DEPARTURE LAST
                VALUE   (LST)  VALUE       VALUE  FROM      YEAR
                                                  NORMAL
..................................................................
TEMPERATURE (F)
 YESTERDAY
  MAXIMUM         86    422 PM  91    1978  72     14       71
  MINIMUM         57    630 AM  33    1956  51      6       49
                                      1937
  AVERAGE         72                        61     11       60

PRECIPITATION (IN)
  YESTERDAY        0.00                      0.11  -0.11     0.00
  MONTH TO DATE    2.37                      2.26   0.11     2.13
  SINCE SEP 1      2.37                      2.26   0.11     2.13
  SINCE JAN 1     26.00                     33.09  -7.09    30.12

SNOWFALL (IN)
  YESTERDAY        0.0                       0.0    0.0      0.0
  MONTH TO DATE    0.0                       0.0    0.0      0.0
  SINCE SEP 1      0.0                       0.0    0.0      0.0
  SINCE JUL 1      0.0                       0.0    0.0      0.0
  SNOW DEPTH       0

DEGREE DAYS
 HEATING
  YESTERDAY        0                         5     -5        5
  MONTH TO DATE    2                        55    -53       27
  SINCE SEP 1      2                        55    -53       27
  SINCE JUL 1      3                        80    -77       44

 COOLING
  YESTERDAY        7                         2      5        0
  MONTH TO DATE  118                        54     64      125
  SINCE SEP 1    118                        54     64      125
  SINCE JAN 1   1022                       616    406      756
..................................................................


WIND (MPH)
  HIGHEST WIND SPEED    12   HIGHEST WIND DIRECTION     N (360)
  HIGHEST GUST SPEED    14   HIGHEST GUST DIRECTION     N (360)
  AVERAGE WIND SPEED     3.9


SKY COVER
  POSSIBLE SUNSHINE  MM
  AVERAGE SKY COVER 0.0


WEATHER CONDITIONS
 THE FOLLOWING WEATHER WAS RECORDED YESTERDAY.
  FOG


RELATIVE HUMIDITY (PERCENT)
 HIGHEST    93           400 AM
 LOWEST     29           200 PM
 AVERAGE    61

..........................................................


THE MANSFIELD OH CLIMATE NORMALS FOR TODAY
                         NORMAL    RECORD    YEAR
 MAXIMUM TEMPERATURE (F)   71        91      1931
 MINIMUM TEMPERATURE (F)   51        24      1956


SUNRISE AND SUNSET
SEPTEMBER 21 2016.....SUNRISE   717 AM EDT   SUNSET   728 PM EDT
SEPTEMBER 22 2016.....SUNRISE   718 AM EDT   SUNSET   726 PM EDT


-  INDICATES NEGATIVE NUMBERS.
R  INDICATES RECORD WAS SET OR TIED.
MM INDICATES DATA IS MISSING.
T  INDICATES TRACE AMOUNT.




$$
