000
CDUS41 KCLE 190526
CLIMFD


CLIMATE REPORT
NATIONAL WEATHER SERVICE CLEVELAND OH
125 AM EDT FRI MAY 19 2017


...................................

...THE MANSFIELD OH CLIMATE SUMMARY FOR MAY 18 2017...

CLIMATE NORMAL PERIOD 1981 TO 2010
CLIMATE RECORD PERIOD 1916 TO 2017


WEATHER ITEM   OBSERVED TIME   RECORD YEAR NORMAL DEPARTURE LAST
                VALUE   (LST)  VALUE       VALUE  FROM      YEAR
                                                  NORMAL
..................................................................
TEMPERATURE (F)
 YESTERDAY
  MAXIMUM         85    403 PM  92    1962  70     15       64
  MINIMUM         64    839 PM  30    1941  49     15       46
  AVERAGE         75                        59     16       55

PRECIPITATION (IN)
  YESTERDAY        0.34                      0.14   0.20     0.02
  MONTH TO DATE    3.24                      2.48   0.76     2.88
  SINCE MAR 1     11.00                     10.01   0.99    10.55
  SINCE JAN 1     18.86                     15.27   3.59    15.45

SNOWFALL (IN)
  YESTERDAY        0.0                       0.0    0.0      0.0
  MONTH TO DATE    0.0                       0.0    0.0      0.0
  SINCE MAR 1     15.0                      10.4    4.6      7.2
  SINCE JUL 1     36.6                      48.3  -11.7     27.6
  SNOW DEPTH       0

DEGREE DAYS
 HEATING
  YESTERDAY        0                         7     -7       10
  MONTH TO DATE  190                       161     29      201
  SINCE MAR 1   1295                      1521   -226     1352
  SINCE JUL 1   4965                      6146  -1181     5124

 COOLING
  YESTERDAY       10                         1      9        0
  MONTH TO DATE   26                        13     13        3
  SINCE MAR 1     44                        21     23        3
  SINCE JAN 1     44                        21     23        3
..................................................................


WIND (MPH)
  HIGHEST WIND SPEED    25   HIGHEST WIND DIRECTION    SW (210)
  HIGHEST GUST SPEED    38   HIGHEST GUST DIRECTION     W (260)
  AVERAGE WIND SPEED    15.3


SKY COVER
  POSSIBLE SUNSHINE  MM
  AVERAGE SKY COVER 0.2


WEATHER CONDITIONS
 THE FOLLOWING WEATHER WAS RECORDED YESTERDAY.
  THUNDERSTORM
  HEAVY RAIN
  LIGHT RAIN
  FOG
  HAZE


RELATIVE HUMIDITY (PERCENT)
 HIGHEST    93          1100 PM
 LOWEST     43           400 PM
 AVERAGE    68

..........................................................


THE MANSFIELD OH CLIMATE NORMALS FOR TODAY
                         NORMAL    RECORD    YEAR
 MAXIMUM TEMPERATURE (F)   70        88      1964
 MINIMUM TEMPERATURE (F)   49        32      2002


SUNRISE AND SUNSET
MAY 19 2017...........SUNRISE   609 AM EDT   SUNSET   845 PM EDT
MAY 20 2017...........SUNRISE   608 AM EDT   SUNSET   846 PM EDT


-  INDICATES NEGATIVE NUMBERS.
R  INDICATES RECORD WAS SET OR TIED.
MM INDICATES DATA IS MISSING.
T  INDICATES TRACE AMOUNT.




$$
