000
CDUS41 KCLE 290526
CLIMFD


CLIMATE REPORT
NATIONAL WEATHER SERVICE CLEVELAND OH
1225 AM EST THU JAN 29 2015


...................................

...THE MANSFIELD OH CLIMATE SUMMARY FOR JANUARY 28 2015...

CLIMATE NORMAL PERIOD 1981 TO 2010
CLIMATE RECORD PERIOD 1916 TO 2015


WEATHER ITEM   OBSERVED TIME   RECORD YEAR NORMAL DEPARTURE LAST
                VALUE   (LST)  VALUE       VALUE  FROM      YEAR
                                                  NORMAL
..................................................................
TEMPERATURE (F)
 YESTERDAY
  MAXIMUM         29    152 PM  59    2002  33     -4        3
  MINIMUM         -1    556 AM -15    2014  18    -19      -15
  AVERAGE         14                        26    -12       -6

PRECIPITATION (IN)
  YESTERDAY        0.00                      0.09  -0.09     0.00
  MONTH TO DATE    3.13                      2.62   0.51     2.00
  SINCE DEC 1      4.99                      5.91  -0.92     6.18
  SINCE JAN 1      3.13                      2.62   0.51     2.00

SNOWFALL (IN)
  YESTERDAY        0.0                       0.4   -0.4      0.0
  MONTH TO DATE   21.2                      12.0    9.2     19.4
  SINCE DEC 1     21.4                      22.5   -1.1     35.8
  SINCE JUL 1     27.3                      25.2    2.1     37.4
  SNOW DEPTH       7

DEGREE DAYS
 HEATING
  YESTERDAY       51                        39     12       71
  MONTH TO DATE 1193                      1108     85     1284
  SINCE DEC 1   2156                      2204    -48     2351
  SINCE JUL 1   3544                      3485     59     3683

 COOLING
  YESTERDAY        0                         0      0        0
  MONTH TO DATE    0                         0      0        0
  SINCE DEC 1      0                         0      0        0
  SINCE JAN 1      0                         0      0        0
..................................................................


WIND (MPH)
  HIGHEST WIND SPEED    20   HIGHEST WIND DIRECTION    SE (150)
  HIGHEST GUST SPEED    25   HIGHEST GUST DIRECTION     S (160)
  AVERAGE WIND SPEED     6.5


SKY COVER
  POSSIBLE SUNSHINE  MM
  AVERAGE SKY COVER 0.0


WEATHER CONDITIONS
 THE FOLLOWING WEATHER WAS RECORDED YESTERDAY.
  FOG
  HAZE


RELATIVE HUMIDITY (PERCENT)
 HIGHEST   100           600 AM
 LOWEST     40           500 PM
 AVERAGE    70

..........................................................


THE MANSFIELD OH CLIMATE NORMALS FOR TODAY
                         NORMAL    RECORD    YEAR
 MAXIMUM TEMPERATURE (F)   33        60      2013
                                             2002
                                             1975
 MINIMUM TEMPERATURE (F)   18       -14      1977


SUNRISE AND SUNSET
JANUARY 29 2015.......SUNRISE   743 AM EST   SUNSET   544 PM EST
JANUARY 30 2015.......SUNRISE   742 AM EST   SUNSET   545 PM EST


-  INDICATES NEGATIVE NUMBERS.
R  INDICATES RECORD WAS SET OR TIED.
MM INDICATES DATA IS MISSING.
T  INDICATES TRACE AMOUNT.




$$
