000
CDUS41 KCLE 262115
CLIMFD


CLIMATE REPORT
NATIONAL WEATHER SERVICE CLEVELAND OH
511 PM EDT WED APR 26 2017


...................................

...THE MANSFIELD OH CLIMATE SUMMARY FOR APRIL 26 2017...
VALID TODAY AS OF 0500 PM LOCAL TIME.

CLIMATE NORMAL PERIOD 1981 TO 2010
CLIMATE RECORD PERIOD 1916 TO 2017


WEATHER ITEM   OBSERVED TIME   RECORD YEAR NORMAL DEPARTURE LAST
                VALUE   (LST)  VALUE       VALUE  FROM      YEAR
                                                  NORMAL
..................................................................
TEMPERATURE (F)
 TODAY
  MAXIMUM         82    338 PM  87    1942  64     18       75
  MINIMUM         54    609 AM  25    2006  42     12       41
  AVERAGE         68                        53     15       58

PRECIPITATION (IN)
  TODAY            0.00                      0.14  -0.14     0.41
  MONTH TO DATE    2.53                      3.61  -1.08     2.59
  SINCE MAR 1      6.29                      7.00  -0.71     6.74
  SINCE JAN 1     14.15                     12.26   1.89    11.64

SNOWFALL (IN)
  TODAY            0.0                       0.0    0.0      0.0
  MONTH TO DATE    4.3                       2.5    1.8      4.2
  SINCE MAR 1     15.0                      10.3    4.7      7.2
  SINCE JUL 1     36.6                      48.2  -11.6     27.6
  SNOW DEPTH       0

DEGREE DAYS
 HEATING
  TODAY            0                        13    -13        7
  MONTH TO DATE  256                       446   -190      458
  SINCE MAR 1   1078                      1311   -233     1077
  SINCE JUL 1   4748                      5936  -1188     4849

 COOLING
  TODAY            3                         0      3        0
  MONTH TO DATE   17                         0     17        0
  SINCE MAR 1     17                         1     16        0
  SINCE JAN 1     17                         1     16        0
..................................................................


WIND (MPH)
  HIGHEST WIND SPEED    24   HIGHEST WIND DIRECTION     S (160)
  HIGHEST GUST SPEED    30   HIGHEST GUST DIRECTION    SE (140)


SKY COVER
  POSSIBLE SUNSHINE  MM
  AVERAGE SKY COVER 0.0


WEATHER CONDITIONS
 THE FOLLOWING WEATHER WAS RECORDED TODAY.
  NO SIGNIFICANT WEATHER WAS OBSERVED.


RELATIVE HUMIDITY (PERCENT)
 HIGHEST   100           400 AM
 LOWEST     36           300 PM
 AVERAGE    68

..........................................................


THE MANSFIELD OH CLIMATE NORMALS FOR TOMORROW
                         NORMAL    RECORD    YEAR
 MAXIMUM TEMPERATURE (F)   64        86      1990
                                             1986
 MINIMUM TEMPERATURE (F)   42        26      1971


SUNRISE AND SUNSET
APRIL 26 2017.........SUNRISE   635 AM EDT   SUNSET   821 PM EDT
APRIL 27 2017.........SUNRISE   633 AM EDT   SUNSET   823 PM EDT


-  INDICATES NEGATIVE NUMBERS.
R  INDICATES RECORD WAS SET OR TIED.
MM INDICATES DATA IS MISSING.
T  INDICATES TRACE AMOUNT.




$$
