000
CDUS41 KCLE 210527
CLIMFD


CLIMATE REPORT
NATIONAL WEATHER SERVICE CLEVELAND OH
1227 AM EST WED JAN 21 2015


...................................

...THE MANSFIELD OH CLIMATE SUMMARY FOR JANUARY 20 2015...

CLIMATE NORMAL PERIOD 1981 TO 2010
CLIMATE RECORD PERIOD 1916 TO 2015


WEATHER ITEM   OBSERVED TIME   RECORD YEAR NORMAL DEPARTURE LAST
                VALUE   (LST)  VALUE       VALUE  FROM      YEAR
                                                  NORMAL
..................................................................
TEMPERATURE (F)
 YESTERDAY
  MAXIMUM         37    209 PM  62    1974  33      4       34
  MINIMUM         31    406 AM -22    1985  18     13       21
  AVERAGE         34                        25      9       28

PRECIPITATION (IN)
  YESTERDAY        0.05                      0.09  -0.04      T
  MONTH TO DATE    2.34                      1.92   0.42     1.67
  SINCE DEC 1      4.20                      5.21  -1.01     5.85
  SINCE JAN 1      2.34                      1.92   0.42     1.67

SNOWFALL (IN)
  YESTERDAY        0.5                       0.5    0.0       T
  MONTH TO DATE   10.9                       8.7    2.2     13.1
  SINCE DEC 1     11.1                      19.2   -8.1     29.5
  SINCE JUL 1     17.0                      21.9   -4.9     31.1
  SNOW DEPTH       0

DEGREE DAYS
 HEATING
  YESTERDAY       31                        40     -9       37
  MONTH TO DATE  857                       792     65      839
  SINCE DEC 1   1820                      1888    -68     1906
  SINCE JUL 1   3208                      3169     39     3238

 COOLING
  YESTERDAY        0                         0      0        0
  MONTH TO DATE    0                         0      0        0
  SINCE DEC 1      0                         0      0        0
  SINCE JAN 1      0                         0      0        0
..................................................................


WIND (MPH)
  HIGHEST WIND SPEED    10   HIGHEST WIND DIRECTION     N (360)
  HIGHEST GUST SPEED    13   HIGHEST GUST DIRECTION     N (360)
  AVERAGE WIND SPEED     3.8


SKY COVER
  POSSIBLE SUNSHINE  MM
  AVERAGE SKY COVER 1.0


WEATHER CONDITIONS
 THE FOLLOWING WEATHER WAS RECORDED YESTERDAY.
  SNOW
  LIGHT SNOW
  FOG
  HAZE


RELATIVE HUMIDITY (PERCENT)
 HIGHEST   100          1200 PM
 LOWEST     75          1200 AM
 AVERAGE    88

..........................................................


THE MANSFIELD OH CLIMATE NORMALS FOR TODAY
                         NORMAL    RECORD    YEAR
 MAXIMUM TEMPERATURE (F)   33        58      1974
                                             1959
 MINIMUM TEMPERATURE (F)   18       -19      1985


SUNRISE AND SUNSET
JANUARY 21 2015.......SUNRISE   749 AM EST   SUNSET   534 PM EST
JANUARY 22 2015.......SUNRISE   749 AM EST   SUNSET   535 PM EST


-  INDICATES NEGATIVE NUMBERS.
R  INDICATES RECORD WAS SET OR TIED.
MM INDICATES DATA IS MISSING.
T  INDICATES TRACE AMOUNT.




$$
