000
CDUS41 KCLE 120526
CLIMFD


CLIMATE REPORT
NATIONAL WEATHER SERVICE CLEVELAND OH
125 AM EDT THU OCT 12 2017


...................................

...THE MANSFIELD OH CLIMATE SUMMARY FOR OCTOBER 11 2017...

CLIMATE NORMAL PERIOD 1981 TO 2010
CLIMATE RECORD PERIOD 1916 TO 2017


WEATHER ITEM   OBSERVED TIME   RECORD YEAR NORMAL DEPARTURE LAST
                VALUE   (LST)  VALUE       VALUE  FROM      YEAR
                                                  NORMAL
..................................................................
TEMPERATURE (F)
 YESTERDAY
  MAXIMUM         76    138 PM  89    1928  63     13       67
  MINIMUM         59   1159 PM  23    1964  43     16       41
  AVERAGE         68                        53     15       54

PRECIPITATION (IN)
  YESTERDAY        0.30                      0.10   0.20     0.00
  MONTH TO DATE    2.19                      1.06   1.13     0.17
  SINCE SEP 1      3.79                      4.38  -0.59     3.88
  SINCE JAN 1     40.37                     35.21   5.16    27.51

SNOWFALL (IN)
  YESTERDAY        0.0                       0.0    0.0      0.0
  MONTH TO DATE    0.0                       0.0    0.0      0.0
  SINCE SEP 1      0.0                       0.0    0.0      0.0
  SINCE JUL 1      0.0                       0.0    0.0      0.0
  SNOW DEPTH       0

DEGREE DAYS
 HEATING
  YESTERDAY        0                        12    -12       11
  MONTH TO DATE   20                       116    -96       63
  SINCE SEP 1    110                       241   -131       97
  SINCE JUL 1    124                       266   -142       98

 COOLING
  YESTERDAY        3                         0      3        0
  MONTH TO DATE   19                         5     14        8
  SINCE SEP 1    131                        68     63      154
  SINCE JAN 1    748                       630    118     1058
..................................................................


WIND (MPH)
  HIGHEST WIND SPEED    16   HIGHEST WIND DIRECTION    NW (300)
  HIGHEST GUST SPEED    25   HIGHEST GUST DIRECTION    NW (310)
  AVERAGE WIND SPEED     8.5


SKY COVER
  POSSIBLE SUNSHINE  MM
  AVERAGE SKY COVER 0.9


WEATHER CONDITIONS
 THE FOLLOWING WEATHER WAS RECORDED YESTERDAY.
  LIGHT RAIN
  FOG


RELATIVE HUMIDITY (PERCENT)
 HIGHEST   100           700 AM
 LOWEST     68           200 PM
 AVERAGE    84

..........................................................


THE MANSFIELD OH CLIMATE NORMALS FOR TODAY
                         NORMAL    RECORD    YEAR
 MAXIMUM TEMPERATURE (F)   63        90      1928
 MINIMUM TEMPERATURE (F)   43        23      1957


SUNRISE AND SUNSET
OCTOBER 12 2017.......SUNRISE   738 AM EDT   SUNSET   654 PM EDT
OCTOBER 13 2017.......SUNRISE   739 AM EDT   SUNSET   652 PM EDT


-  INDICATES NEGATIVE NUMBERS.
R  INDICATES RECORD WAS SET OR TIED.
MM INDICATES DATA IS MISSING.
T  INDICATES TRACE AMOUNT.




$$
