240
CDUS41 KCLE 150545
CLIMFD


CLIMATE REPORT
NATIONAL WEATHER SERVICE CLEVELAND OH
145 AM EDT TUE AUG 15 2017


...................................

...THE MANSFIELD OH CLIMATE SUMMARY FOR AUGUST 14 2017...

CLIMATE NORMAL PERIOD 1981 TO 2010
CLIMATE RECORD PERIOD 1916 TO 2017


WEATHER ITEM   OBSERVED TIME   RECORD YEAR NORMAL DEPARTURE LAST
                VALUE   (LST)  VALUE       VALUE  FROM      YEAR
                                                  NORMAL
..................................................................
TEMPERATURE (F)
 YESTERDAY
  MAXIMUM         82    305 PM  92    1944  80      2       76
  MINIMUM         60    619 AM  42    1946  60      0       69
  AVERAGE         71                        70      1       73

PRECIPITATION (IN)
  YESTERDAY        0.00                      0.15  -0.15     0.65
  MONTH TO DATE    1.74                      1.98  -0.24     2.52
  SINCE JUN 1     14.35                     11.11   3.24     6.36
  SINCE JAN 1     35.50                     28.44   7.06    22.76

SNOWFALL (IN)
  YESTERDAY        0.0                       0.0    0.0      0.0
  MONTH TO DATE    0.0                       0.0    0.0      0.0
  SINCE JUN 1      0.0                       0.0    0.0      0.0
  SINCE JUL 1      0.0                       0.0    0.0      0.0
  SNOW DEPTH       0

DEGREE DAYS
 HEATING
  YESTERDAY        0                         0      0        0
  MONTH TO DATE    0                         0      0        0
  SINCE JUN 1     33                        61    -28       14
  SINCE JUL 1      0                         8     -8        1

 COOLING
  YESTERDAY        6                         6      0        8
  MONTH TO DATE   66                        84    -18      176
  SINCE JUN 1    481                       428     53      676
  SINCE JAN 1    538                       474     64      738
..................................................................


WIND (MPH)
  HIGHEST WIND SPEED    12   HIGHEST WIND DIRECTION    SE (150)
  HIGHEST GUST SPEED    17   HIGHEST GUST DIRECTION    SE (140)
  AVERAGE WIND SPEED     5.0


SKY COVER
  POSSIBLE SUNSHINE  MM
  AVERAGE SKY COVER 0.2


WEATHER CONDITIONS
 THE FOLLOWING WEATHER WAS RECORDED YESTERDAY.
  NO SIGNIFICANT WEATHER WAS OBSERVED.


RELATIVE HUMIDITY (PERCENT)
 HIGHEST    93           700 AM
 LOWEST     45           300 PM
 AVERAGE    69

..........................................................


THE MANSFIELD OH CLIMATE NORMALS FOR TODAY
                         NORMAL    RECORD    YEAR
 MAXIMUM TEMPERATURE (F)   80        91      1995
                                             1965
 MINIMUM TEMPERATURE (F)   60        46      2013
                                             1979
                                             1963


SUNRISE AND SUNSET
AUGUST 15 2017........SUNRISE   640 AM EDT   SUNSET   828 PM EDT
AUGUST 16 2017........SUNRISE   641 AM EDT   SUNSET   826 PM EDT


-  INDICATES NEGATIVE NUMBERS.
R  INDICATES RECORD WAS SET OR TIED.
MM INDICATES DATA IS MISSING.
T  INDICATES TRACE AMOUNT.




$$
