000
CDUS41 KCLE 182217
CLIMFD


CLIMATE REPORT
NATIONAL WEATHER SERVICE CLEVELAND OH
517 PM EST SUN FEB 18 2018


...................................

...THE MANSFIELD OH CLIMATE SUMMARY FOR FEBRUARY 18 2018...
VALID TODAY AS OF 0500 PM LOCAL TIME.

CLIMATE NORMAL PERIOD 1981 TO 2010
CLIMATE RECORD PERIOD 1916 TO 2018


WEATHER ITEM   OBSERVED TIME   RECORD YEAR NORMAL DEPARTURE LAST
                VALUE   (LST)  VALUE       VALUE  FROM      YEAR
                                                  NORMAL
..................................................................
TEMPERATURE (F)
 TODAY
  MAXIMUM         42    417 PM  67    2017  37      5       67
  MINIMUM         31    830 AM  -9    1936  21     10       45
  AVERAGE         37                        29      8       56

PRECIPITATION (IN)
  TODAY            0.00                      0.09  -0.09     0.00
  MONTH TO DATE    1.72                      1.52   0.20     1.24
  SINCE DEC 1      6.08                      7.68  -1.60    10.29
  SINCE JAN 1      4.23                      4.39  -0.16     7.15

SNOWFALL (IN)
  TODAY            0.0                       0.4   -0.4      0.0
  MONTH TO DATE    8.1                       7.3    0.8      3.8
  SINCE DEC 1     29.9                      31.1   -1.2     21.4
  SINCE JUL 1     30.0                      33.8   -3.8     21.6
  SNOW DEPTH       0

DEGREE DAYS
 HEATING
  TODAY           28                        36     -8        9
  MONTH TO DATE  665                       679    -14      541
  SINCE DEC 1   3066                      2998     68     2643
  SINCE JUL 1   4148                      4279   -131     3520

 COOLING
  TODAY            0                         0      0        0
  MONTH TO DATE    0                         0      0        0
  SINCE DEC 1      0                         0      0        0
  SINCE JAN 1      0                         0      0        0
..................................................................


WIND (MPH)
  HIGHEST WIND SPEED    17   HIGHEST WIND DIRECTION     S (170)
  HIGHEST GUST SPEED    25   HIGHEST GUST DIRECTION     W (260)


SKY COVER
  POSSIBLE SUNSHINE  MM
  AVERAGE SKY COVER 0.6


WEATHER CONDITIONS
 THE FOLLOWING WEATHER WAS RECORDED TODAY.
  NO SIGNIFICANT WEATHER WAS OBSERVED.


RELATIVE HUMIDITY (PERCENT)
 HIGHEST    89           100 AM
 LOWEST     60           400 PM
 AVERAGE    75

..........................................................


THE MANSFIELD OH CLIMATE NORMALS FOR TOMORROW
                         NORMAL    RECORD    YEAR
 MAXIMUM TEMPERATURE (F)   37        65      1939
 MINIMUM TEMPERATURE (F)   21       -12      1936


SUNRISE AND SUNSET
FEBRUARY 18 2018......SUNRISE   720 AM EST   SUNSET   608 PM EST
FEBRUARY 19 2018......SUNRISE   719 AM EST   SUNSET   610 PM EST


-  INDICATES NEGATIVE NUMBERS.
R  INDICATES RECORD WAS SET OR TIED.
MM INDICATES DATA IS MISSING.
T  INDICATES TRACE AMOUNT.




$$
