000
CDUS41 KCLE 202117
CLIMFD


CLIMATE REPORT
NATIONAL WEATHER SERVICE CLEVELAND OH
516 PM EDT SUN JUL 20 2014


...................................

...THE MANSFIELD OH CLIMATE SUMMARY FOR JULY 20 2014...
VALID TODAY AS OF 0500 PM LOCAL TIME.

CLIMATE NORMAL PERIOD 1981 TO 2010
CLIMATE RECORD PERIOD 1916 TO 2014


WEATHER ITEM   OBSERVED TIME   RECORD YEAR NORMAL DEPARTURE LAST
                VALUE   (LST)  VALUE       VALUE  FROM      YEAR
                                                  NORMAL
..................................................................
TEMPERATURE (F)
 TODAY
  MAXIMUM         81    342 PM 102    1930  82     -1       80
  MINIMUM         60    520 AM  43    1947  62     -2       67
  AVERAGE         71                        72     -1       74

PRECIPITATION (IN)
  TODAY            0.00                      0.13  -0.13     0.95
  MONTH TO DATE    2.53                      2.87  -0.34     5.32
  SINCE JUN 1      9.01                      7.62   1.39    12.31
  SINCE JAN 1     25.34                     24.95   0.39    26.18

SNOWFALL (IN)
  TODAY            0.0                       0.0    0.0      0.0
  MONTH TO DATE    0.0                       0.0    0.0      0.0
  SINCE JUN 1      0.0                       0.0    0.0      0.0
  SINCE JUL 1      0.0                       0.0    0.0      0.0
  SNOW DEPTH       0

DEGREE DAYS
 HEATING
  TODAY            0                         0      0        0
  MONTH TO DATE    9                         0      9        0
  SINCE JUN 1     33                        53    -20       39
  SINCE JUL 1      9                         0      9        0

 COOLING
  TODAY            6                         7     -1        9
  MONTH TO DATE   95                       140    -45      208
  SINCE JUN 1    264                       274    -10      356
  SINCE JAN 1    327                       320      7      451
..................................................................


WIND (MPH)
  HIGHEST WIND SPEED     8   HIGHEST WIND DIRECTION    NW (330)
  HIGHEST GUST SPEED    13   HIGHEST GUST DIRECTION    NW (300)


SKY COVER
  POSSIBLE SUNSHINE  MM
  AVERAGE SKY COVER 0.6


WEATHER CONDITIONS
 THE FOLLOWING WEATHER WAS RECORDED TODAY.
  FOG
  FOG W/VISIBILITY <= 1/4 MILE


RELATIVE HUMIDITY (PERCENT)
 HIGHEST   100          1200 AM
 LOWEST     51           300 PM
 AVERAGE    76

..........................................................


THE MANSFIELD OH CLIMATE NORMALS FOR TOMORROW
                         NORMAL    RECORD    YEAR
 MAXIMUM TEMPERATURE (F)   82       105      1934
 MINIMUM TEMPERATURE (F)   62        46      1941
                                             1936


SUNRISE AND SUNSET
JULY 20 2014..........SUNRISE   616 AM EDT   SUNSET   857 PM EDT
JULY 21 2014..........SUNRISE   616 AM EDT   SUNSET   856 PM EDT


-  INDICATES NEGATIVE NUMBERS.
R  INDICATES RECORD WAS SET OR TIED.
MM INDICATES DATA IS MISSING.
T  INDICATES TRACE AMOUNT.




$$
