000
CDUS41 KCLE 120545
CLIMFD


CLIMATE REPORT
NATIONAL WEATHER SERVICE CLEVELAND OH
145 AM EDT SAT AUG 12 2017


...................................

...THE MANSFIELD OH CLIMATE SUMMARY FOR AUGUST 11 2017...

CLIMATE NORMAL PERIOD 1981 TO 2010
CLIMATE RECORD PERIOD 1916 TO 2017


WEATHER ITEM   OBSERVED TIME   RECORD YEAR NORMAL DEPARTURE LAST
                VALUE   (LST)  VALUE       VALUE  FROM      YEAR
                                                  NORMAL
..................................................................
TEMPERATURE (F)
 YESTERDAY
  MAXIMUM         78    203 PM  94    1944  81     -3       92
  MINIMUM         65   1133 PM  46    1967  61      4       74
  AVERAGE         72                        71      1       83

PRECIPITATION (IN)
  YESTERDAY        0.23                      0.14   0.09     0.00
  MONTH TO DATE    1.74                      1.54   0.20     1.08
  SINCE JUN 1     14.35                     10.67   3.68     4.92
  SINCE JAN 1     35.50                     28.00   7.50    21.32

SNOWFALL (IN)
  YESTERDAY        0.0                       0.0    0.0      0.0
  MONTH TO DATE    0.0                       0.0    0.0      0.0
  SINCE JUN 1      0.0                       0.0    0.0      0.0
  SINCE JUL 1      0.0                       0.0    0.0      0.0
  SNOW DEPTH       0

DEGREE DAYS
 HEATING
  YESTERDAY        0                         0      0        0
  MONTH TO DATE    0                         0      0        0
  SINCE JUN 1     33                        61    -28       14
  SINCE JUL 1      0                         8     -8        1

 COOLING
  YESTERDAY        7                         6      1       18
  MONTH TO DATE   53                        66    -13      135
  SINCE JUN 1    468                       410     58      635
  SINCE JAN 1    525                       456     69      697
..................................................................


WIND (MPH)
  HIGHEST WIND SPEED    25   HIGHEST WIND DIRECTION     S (190)
  HIGHEST GUST SPEED    32   HIGHEST GUST DIRECTION     S (200)
  AVERAGE WIND SPEED     9.3


SKY COVER
  POSSIBLE SUNSHINE  MM
  AVERAGE SKY COVER 0.6


WEATHER CONDITIONS
 THE FOLLOWING WEATHER WAS RECORDED YESTERDAY.
  THUNDERSTORM
  RAIN
  LIGHT RAIN
  FOG
  HAZE


RELATIVE HUMIDITY (PERCENT)
 HIGHEST   100          1200 AM
 LOWEST     73           300 PM
 AVERAGE    87

..........................................................


THE MANSFIELD OH CLIMATE NORMALS FOR TODAY
                         NORMAL    RECORD    YEAR
 MAXIMUM TEMPERATURE (F)   80        92      1936
                                             1918
 MINIMUM TEMPERATURE (F)   61        39      1946


SUNRISE AND SUNSET
AUGUST 12 2017........SUNRISE   637 AM EDT   SUNSET   832 PM EDT
AUGUST 13 2017........SUNRISE   638 AM EDT   SUNSET   831 PM EDT


-  INDICATES NEGATIVE NUMBERS.
R  INDICATES RECORD WAS SET OR TIED.
MM INDICATES DATA IS MISSING.
T  INDICATES TRACE AMOUNT.




$$
