000
CDUS41 KCLE 100527
CLIMFD


CLIMATE REPORT
NATIONAL WEATHER SERVICE CLEVELAND OH
126 AM EDT SUN SEP 10 2017


...................................

...THE MANSFIELD OH CLIMATE SUMMARY FOR SEPTEMBER 9 2017...

CLIMATE NORMAL PERIOD 1981 TO 2010
CLIMATE RECORD PERIOD 1916 TO 2017


WEATHER ITEM   OBSERVED TIME   RECORD YEAR NORMAL DEPARTURE LAST
                VALUE   (LST)  VALUE       VALUE  FROM      YEAR
                                                  NORMAL
..................................................................
TEMPERATURE (F)
 YESTERDAY
  MAXIMUM         68    356 PM  91    2002  76     -8       86
                                      1964
                                      1941
  MINIMUM         45    616 AM  38    1944  55    -10       69
  AVERAGE         57                        66     -9       78

PRECIPITATION (IN)
  YESTERDAY        0.00                      0.11  -0.11     0.00
  MONTH TO DATE    1.45                      1.06   0.39     0.74
  SINCE SEP 1      1.45                      1.06   0.39     0.74
  SINCE JAN 1     38.03                     31.89   6.14    24.37

SNOWFALL (IN)
  YESTERDAY        0.0                       0.0    0.0      0.0
  MONTH TO DATE    0.0                       0.0    0.0      0.0
  SINCE SEP 1      0.0                       0.0    0.0      0.0
  SINCE JUL 1      0.0                       0.0    0.0      0.0
  SNOW DEPTH       0

DEGREE DAYS
 HEATING
  YESTERDAY        8                         2      6        0
  MONTH TO DATE   49                        15     34        0
  SINCE SEP 1     49                        15     34        0
  SINCE JUL 1     63                        40     23        1

 COOLING
  YESTERDAY        0                         3     -3       13
  MONTH TO DATE    6                        31    -25       72
  SINCE SEP 1      6                        31    -25       72
  SINCE JAN 1    623                       593     30      976
..................................................................


WIND (MPH)
  HIGHEST WIND SPEED    14   HIGHEST WIND DIRECTION     N (10)
  HIGHEST GUST SPEED    19   HIGHEST GUST DIRECTION    NE (30)
  AVERAGE WIND SPEED     7.3


SKY COVER
  POSSIBLE SUNSHINE  MM
  AVERAGE SKY COVER 0.2


WEATHER CONDITIONS
 THE FOLLOWING WEATHER WAS RECORDED YESTERDAY.
  NO SIGNIFICANT WEATHER WAS OBSERVED.


RELATIVE HUMIDITY (PERCENT)
 HIGHEST   100           200 AM
 LOWEST     45           200 PM
 AVERAGE    73

..........................................................


THE MANSFIELD OH CLIMATE NORMALS FOR TODAY
                         NORMAL    RECORD    YEAR
 MAXIMUM TEMPERATURE (F)   76        95      2013
 MINIMUM TEMPERATURE (F)   55        38      1956


SUNRISE AND SUNSET
SEPTEMBER 10 2017.....SUNRISE   706 AM EDT   SUNSET   747 PM EDT
SEPTEMBER 11 2017.....SUNRISE   707 AM EDT   SUNSET   745 PM EDT


-  INDICATES NEGATIVE NUMBERS.
R  INDICATES RECORD WAS SET OR TIED.
MM INDICATES DATA IS MISSING.
T  INDICATES TRACE AMOUNT.




$$
