000
CDUS41 KCLE 130528
CLIMFD


CLIMATE REPORT
NATIONAL WEATHER SERVICE CLEVELAND OH
1226 AM EST MON NOV 13 2017


...................................

...THE MANSFIELD OH CLIMATE SUMMARY FOR NOVEMBER 12 2017...

CLIMATE NORMAL PERIOD 1981 TO 2010
CLIMATE RECORD PERIOD 1916 TO 2017


WEATHER ITEM   OBSERVED TIME   RECORD YEAR NORMAL DEPARTURE LAST
                VALUE   (LST)  VALUE       VALUE  FROM      YEAR
                                                  NORMAL
..................................................................
TEMPERATURE (F)
 YESTERDAY
  MAXIMUM         45    337 PM  72    1949  51     -6       49
  MINIMUM         29    253 AM  16    1976  35     -6       30
  AVERAGE         37                        43     -6       40

PRECIPITATION (IN)
  YESTERDAY        0.14                      0.13   0.01     0.00
  MONTH TO DATE    2.84                      1.48   1.36     0.34
  SINCE SEP 1      7.37                      7.74  -0.37     7.52
  SINCE JAN 1     43.95                     38.57   5.38    31.15

SNOWFALL (IN)
  YESTERDAY        0.0                       0.1   -0.1      0.0
  MONTH TO DATE    0.1                       0.5   -0.4      0.0
  SINCE SEP 1      0.1                       1.0   -0.9      0.0
  SINCE JUL 1      0.1                       1.0   -0.9      0.0
  SNOW DEPTH       0

DEGREE DAYS
 HEATING
  YESTERDAY       28                        22      6       25
  MONTH TO DATE  256                       242     14      164
  SINCE SEP 1    619                       785   -166      472
  SINCE JUL 1    633                       810   -177      473

 COOLING
  YESTERDAY        0                         0      0        0
  MONTH TO DATE    0                         0      0        6
  SINCE SEP 1    131                        70     61      180
  SINCE JAN 1    748                       632    116     1084
..................................................................


WIND (MPH)
  HIGHEST WIND SPEED    13   HIGHEST WIND DIRECTION    SE (130)
  HIGHEST GUST SPEED    14   HIGHEST GUST DIRECTION    SE (120)
  AVERAGE WIND SPEED     5.3


SKY COVER
  POSSIBLE SUNSHINE  MM
  AVERAGE SKY COVER 0.8


WEATHER CONDITIONS
 THE FOLLOWING WEATHER WAS RECORDED YESTERDAY.
  LIGHT RAIN
  FOG


RELATIVE HUMIDITY (PERCENT)
 HIGHEST    92          1000 PM
 LOWEST     41           200 PM
 AVERAGE    67

..........................................................


THE MANSFIELD OH CLIMATE NORMALS FOR TODAY
                         NORMAL    RECORD    YEAR
 MAXIMUM TEMPERATURE (F)   51        70      2010
 MINIMUM TEMPERATURE (F)   34        13      1986


SUNRISE AND SUNSET
NOVEMBER 13 2017......SUNRISE   715 AM EST   SUNSET   513 PM EST
NOVEMBER 14 2017......SUNRISE   716 AM EST   SUNSET   512 PM EST


-  INDICATES NEGATIVE NUMBERS.
R  INDICATES RECORD WAS SET OR TIED.
MM INDICATES DATA IS MISSING.
T  INDICATES TRACE AMOUNT.




$$
