835
CDUS41 KCLE 242114
CLIMFD


CLIMATE REPORT
NATIONAL WEATHER SERVICE CLEVELAND OH
513 PM EDT TUE MAY 24 2016


...................................

...THE MANSFIELD OH CLIMATE SUMMARY FOR MAY 24 2016...
VALID TODAY AS OF 0500 PM LOCAL TIME.

CLIMATE NORMAL PERIOD 1981 TO 2010
CLIMATE RECORD PERIOD 1916 TO 2016


WEATHER ITEM   OBSERVED TIME   RECORD YEAR NORMAL DEPARTURE LAST
                VALUE   (LST)  VALUE       VALUE  FROM      YEAR
                                                  NORMAL
..................................................................
TEMPERATURE (F)
 TODAY
  MAXIMUM         80    354 PM  85    2007  72      8       82
  MINIMUM         50    524 AM  32    1945  51     -1       52
  AVERAGE         65                        61      4       67

PRECIPITATION (IN)
  TODAY            0.00                      0.16  -0.16     0.00
  MONTH TO DATE    3.14                      3.41  -0.27     1.82
  SINCE MAR 1     10.81                     10.94  -0.13    10.06
  SINCE JAN 1     15.71                     16.20  -0.49    15.22

SNOWFALL (IN)
  TODAY            0.0                       0.0    0.0      0.0
  MONTH TO DATE    0.0                       0.0    0.0      0.0
  SINCE MAR 1      7.2                      10.4   -3.2     10.7
  SINCE JUL 1     27.6                      48.3  -20.7     63.2
  SNOW DEPTH       0

DEGREE DAYS
 HEATING
  TODAY            0                         6     -6        0
  MONTH TO DATE  239                       199     40      115
  SINCE MAR 1   1390                      1559   -169     1492
  SINCE JUL 1   5162                      6184  -1022     6564

 COOLING
  TODAY            0                         2     -2        2
  MONTH TO DATE    3                        22    -19       72
  SINCE MAR 1      3                        30    -27       72
  SINCE JAN 1      3                        30    -27       72
..................................................................


WIND (MPH)
  HIGHEST WIND SPEED    14   HIGHEST WIND DIRECTION    SW (240)
  HIGHEST GUST SPEED    23   HIGHEST GUST DIRECTION    SW (210)


SKY COVER
  POSSIBLE SUNSHINE  MM
  AVERAGE SKY COVER 0.0


WEATHER CONDITIONS
 THE FOLLOWING WEATHER WAS RECORDED TODAY.
  NO SIGNIFICANT WEATHER WAS OBSERVED.


RELATIVE HUMIDITY (PERCENT)
 HIGHEST    89           200 AM
 LOWEST     28           400 PM
 AVERAGE    59

..........................................................


THE MANSFIELD OH CLIMATE NORMALS FOR TOMORROW
                         NORMAL    RECORD    YEAR
 MAXIMUM TEMPERATURE (F)   72        88      2012
                                             1918
 MINIMUM TEMPERATURE (F)   51        28      1925


SUNRISE AND SUNSET
MAY 24 2016...........SUNRISE   605 AM EDT   SUNSET   849 PM EDT
MAY 25 2016...........SUNRISE   604 AM EDT   SUNSET   850 PM EDT


-  INDICATES NEGATIVE NUMBERS.
R  INDICATES RECORD WAS SET OR TIED.
MM INDICATES DATA IS MISSING.
T  INDICATES TRACE AMOUNT.




$$
