000
CDUS41 KCLE 240525
CLIMFD


CLIMATE REPORT
NATIONAL WEATHER SERVICE CLEVELAND OH
125 AM EDT WED JUN 24 2015


...................................

...THE MANSFIELD OH CLIMATE SUMMARY FOR JUNE 23 2015...

CLIMATE NORMAL PERIOD 1981 TO 2010
CLIMATE RECORD PERIOD 1916 TO 2015


WEATHER ITEM   OBSERVED TIME   RECORD YEAR NORMAL DEPARTURE LAST
                VALUE   (LST)  VALUE       VALUE  FROM      YEAR
                                                  NORMAL
..................................................................
TEMPERATURE (F)
 YESTERDAY
  MAXIMUM         81    348 PM  91    1964  80      1       87
  MINIMUM         60   1159 PM  41    1918  59      1       65
  AVERAGE         71                        70      1       76

PRECIPITATION (IN)
  YESTERDAY        0.24                      0.14   0.10     0.56
  MONTH TO DATE    4.81                      3.70   1.11     5.44
  SINCE JUN 1      4.81                      3.70   1.11     5.44
  SINCE JAN 1     22.60                     21.03   1.57    21.77

SNOWFALL (IN)
  YESTERDAY        0.0                       0.0    0.0      0.0
  MONTH TO DATE    0.0                       0.0    0.0      0.0
  SINCE JUN 1      0.0                       0.0    0.0      0.0
  SINCE JUL 1     63.2                      48.3   14.9     65.4
  SNOW DEPTH       0

DEGREE DAYS
 HEATING
  YESTERDAY        0                         1     -1        0
  MONTH TO DATE   28                        48    -20       24
  SINCE JUN 1     28                        48    -20       24
  SINCE JUL 1   6597                      6265    332     6715

 COOLING
  YESTERDAY        6                         6      0       11
  MONTH TO DATE  140                        93     47       97
  SINCE JUN 1    140                        93     47       97
  SINCE JAN 1    258                       139    119      160
..................................................................


WIND (MPH)
  HIGHEST WIND SPEED    21   HIGHEST WIND DIRECTION     S (200)
  HIGHEST GUST SPEED    31   HIGHEST GUST DIRECTION     S (200)
  AVERAGE WIND SPEED     9.3


SKY COVER
  POSSIBLE SUNSHINE  MM
  AVERAGE SKY COVER 0.4


WEATHER CONDITIONS
 THE FOLLOWING WEATHER WAS RECORDED YESTERDAY.
  THUNDERSTORM
  HEAVY RAIN
  RAIN
  LIGHT RAIN
  FOG


RELATIVE HUMIDITY (PERCENT)
 HIGHEST   100           700 AM
 LOWEST     36           200 PM
 AVERAGE    68

..........................................................


THE MANSFIELD OH CLIMATE NORMALS FOR TODAY
                         NORMAL    RECORD    YEAR
 MAXIMUM TEMPERATURE (F)   80        93      1933
 MINIMUM TEMPERATURE (F)   60        44      1932
                                             1918


SUNRISE AND SUNSET
JUNE 24 2015..........SUNRISE   559 AM EDT   SUNSET   905 PM EDT
JUNE 25 2015..........SUNRISE   600 AM EDT   SUNSET   906 PM EDT


-  INDICATES NEGATIVE NUMBERS.
R  INDICATES RECORD WAS SET OR TIED.
MM INDICATES DATA IS MISSING.
T  INDICATES TRACE AMOUNT.




$$
