000
CDUS41 KCLE 180545
CLIMFD


CLIMATE REPORT
NATIONAL WEATHER SERVICE CLEVELAND OH
145 AM EDT SUN JUN 18 2017


...................................

...THE MANSFIELD OH CLIMATE SUMMARY FOR JUNE 17 2017...

CLIMATE NORMAL PERIOD 1981 TO 2010
CLIMATE RECORD PERIOD 1916 TO 2017


WEATHER ITEM   OBSERVED TIME   RECORD YEAR NORMAL DEPARTURE LAST
                VALUE   (LST)  VALUE       VALUE  FROM      YEAR
                                                  NORMAL
..................................................................
TEMPERATURE (F)
 YESTERDAY
  MAXIMUM         88    424 PM  94    1936  79      9       84
                                      1934
  MINIMUM         67    207 AM  38    1959  58      9       61
                                      1958
                                      1948
  AVERAGE         78                        68     10       73

PRECIPITATION (IN)
  YESTERDAY        0.01                      0.17  -0.16     0.00
  MONTH TO DATE    3.91                      2.77   1.14     1.01
  SINCE JUN 1      3.91                      2.77   1.14     1.01
  SINCE JAN 1     25.06                     20.10   4.96    17.41

SNOWFALL (IN)
  YESTERDAY        0.0                       0.0    0.0      0.0
  MONTH TO DATE    0.0                       0.0    0.0      0.0
  SINCE JUN 1      0.0                       0.0    0.0      0.0
  SINCE JUL 1     36.6                      48.3  -11.7     27.6
  SNOW DEPTH       0

DEGREE DAYS
 HEATING
  YESTERDAY        0                         1     -1        0
  MONTH TO DATE   24                        42    -18       13
  SINCE JUN 1     24                        42    -18       13
  SINCE JUL 1   5020                      6259  -1239     5175

 COOLING
  YESTERDAY       13                         5      8        8
  MONTH TO DATE  110                        61     49       91
  SINCE JUN 1    110                        61     49       91
  SINCE JAN 1    167                       107     60      153
..................................................................


WIND (MPH)
  HIGHEST WIND SPEED    21   HIGHEST WIND DIRECTION     S (190)
  HIGHEST GUST SPEED    24   HIGHEST GUST DIRECTION     S (190)
  AVERAGE WIND SPEED    10.5


SKY COVER
  POSSIBLE SUNSHINE  MM
  AVERAGE SKY COVER 0.2


WEATHER CONDITIONS
 THE FOLLOWING WEATHER WAS RECORDED YESTERDAY.
  THUNDERSTORM
  LIGHT RAIN
  FOG


RELATIVE HUMIDITY (PERCENT)
 HIGHEST   100           200 AM
 LOWEST     46           400 PM
 AVERAGE    73

..........................................................


THE MANSFIELD OH CLIMATE NORMALS FOR TODAY
                         NORMAL    RECORD    YEAR
 MAXIMUM TEMPERATURE (F)   79        93      1994
                                             1944
 MINIMUM TEMPERATURE (F)   58        37      1959


SUNRISE AND SUNSET
JUNE 18 2017..........SUNRISE   558 AM EDT   SUNSET   904 PM EDT
JUNE 19 2017..........SUNRISE   558 AM EDT   SUNSET   905 PM EDT


-  INDICATES NEGATIVE NUMBERS.
R  INDICATES RECORD WAS SET OR TIED.
MM INDICATES DATA IS MISSING.
T  INDICATES TRACE AMOUNT.




$$
