000
CDUS41 KCLE 050537
CLIMFD


CLIMATE REPORT
NATIONAL WEATHER SERVICE CLEVELAND OH
137 AM EDT SAT APR 5 2014


...................................

...THE MANSFIELD OH CLIMATE SUMMARY FOR APRIL 4 2014...

CLIMATE NORMAL PERIOD 1981 TO 2010
CLIMATE RECORD PERIOD 1916 TO 2014


WEATHER ITEM   OBSERVED TIME   RECORD YEAR NORMAL DEPARTURE LAST
                VALUE   (LST)  VALUE       VALUE  FROM      YEAR
                                                  NORMAL
..................................................................
TEMPERATURE (F)
 YESTERDAY
  MAXIMUM         63    220 PM  79    1921  55      8       54
  MINIMUM         36   1159 PM  17    1995  34      2       21
                                      1964
  AVERAGE         50                        44      6       38

PRECIPITATION (IN)
  YESTERDAY        0.30                      0.13   0.17     0.00
  MONTH TO DATE    1.30                      0.54   0.76     0.00
  SINCE MAR 1      3.14                      3.93  -0.79     1.95
  SINCE JAN 1      7.47                      9.19  -1.72     6.68

SNOWFALL (IN)
  YESTERDAY        0.0                       0.1   -0.1      0.0
  MONTH TO DATE    0.0                       0.6   -0.6      0.0
  SINCE MAR 1     10.5                       8.4    2.1      9.5
  SINCE JUL 1     64.4                      46.3   18.1     39.3
  SNOW DEPTH       0

DEGREE DAYS
 HEATING
  YESTERDAY       15                        21     -6       27
  MONTH TO DATE   54                        86    -32      125
  SINCE MAR 1   1081                       951    130     1100
  SINCE JUL 1   6125                      5576    549     5473

 COOLING
  YESTERDAY        0                         0      0        0
  MONTH TO DATE    0                         0      0        0
  SINCE MAR 1      0                         1     -1        0
  SINCE JAN 1      0                         1     -1        0
..................................................................


WIND (MPH)
  HIGHEST WIND SPEED    29   HIGHEST WIND DIRECTION    SW (240)
  HIGHEST GUST SPEED    44   HIGHEST GUST DIRECTION    SW (230)
  AVERAGE WIND SPEED    16.1


SKY COVER
  POSSIBLE SUNSHINE  MM
  AVERAGE SKY COVER 1.0


WEATHER CONDITIONS
 THE FOLLOWING WEATHER WAS RECORDED YESTERDAY.
  RAIN
  LIGHT RAIN
  FOG
  FOG W/VISIBILITY <= 1/4 MILE


RELATIVE HUMIDITY (PERCENT)
 HIGHEST   100          1200 AM
 LOWEST     70           900 PM
 AVERAGE    85

..........................................................


THE MANSFIELD OH CLIMATE NORMALS FOR TODAY
                         NORMAL    RECORD    YEAR
 MAXIMUM TEMPERATURE (F)   55        79      1988
                                             1929
                                             1921
 MINIMUM TEMPERATURE (F)   35        13      1995


SUNRISE AND SUNSET
APRIL  5 2014.........SUNRISE   707 AM EDT   SUNSET   759 PM EDT
APRIL  6 2014.........SUNRISE   705 AM EDT   SUNSET   800 PM EDT


-  INDICATES NEGATIVE NUMBERS.
R  INDICATES RECORD WAS SET OR TIED.
MM INDICATES DATA IS MISSING.
T  INDICATES TRACE AMOUNT.




$$
