000
CDUS41 KCLE 172111
CLIMFD


CLIMATE REPORT
NATIONAL WEATHER SERVICE CLEVELAND OH
511 PM EDT WED SEP 17 2014


...................................

...THE MANSFIELD OH CLIMATE SUMMARY FOR SEPTEMBER 17 2014...
VALID TODAY AS OF 0500 PM LOCAL TIME.

CLIMATE NORMAL PERIOD 1981 TO 2010
CLIMATE RECORD PERIOD 1916 TO 2014


WEATHER ITEM   OBSERVED TIME   RECORD YEAR NORMAL DEPARTURE LAST
                VALUE   (LST)  VALUE       VALUE  FROM      YEAR
                                                  NORMAL
..................................................................
TEMPERATURE (F)
 TODAY
  MAXIMUM         69    312 PM  91    1955  73     -4       69
                                      1931
  MINIMUM         43    501 AM  29    1959  52     -9       43
  AVERAGE         56                        63     -7       56

PRECIPITATION (IN)
  TODAY            0.00                      0.11  -0.11     0.00
  MONTH TO DATE    0.93                      1.94  -1.01     1.27
  SINCE SEP 1      0.93                      1.94  -1.01     1.27
  SINCE JAN 1     30.15                     32.77  -2.62    30.19

SNOWFALL (IN)
  TODAY            0.0                       0.0    0.0      0.0
  MONTH TO DATE    0.0                       0.0    0.0      0.0
  SINCE SEP 1      0.0                       0.0    0.0      0.0
  SINCE JUL 1      0.0                       0.0    0.0      0.0
  SNOW DEPTH       0

DEGREE DAYS
 HEATING
  TODAY            9                         4      5        9
  MONTH TO DATE   59                        41     18       54
  SINCE SEP 1     59                        41     18       54
  SINCE JUL 1     86                        66     20       82

 COOLING
  TODAY            0                         2     -2        0
  MONTH TO DATE   59                        48     11       63
  SINCE SEP 1     59                        48     11       63
  SINCE JAN 1    613                       610      3      705
..................................................................


WIND (MPH)
  HIGHEST WIND SPEED    12   HIGHEST WIND DIRECTION    SW (210)
  HIGHEST GUST SPEED    17   HIGHEST GUST DIRECTION     S (200)


SKY COVER
  POSSIBLE SUNSHINE  MM
  AVERAGE SKY COVER 0.4


WEATHER CONDITIONS
 THE FOLLOWING WEATHER WAS RECORDED TODAY.
  FOG


RELATIVE HUMIDITY (PERCENT)
 HIGHEST   100          1200 AM
 LOWEST     42           200 PM
 AVERAGE    71

..........................................................


THE MANSFIELD OH CLIMATE NORMALS FOR TOMORROW
                         NORMAL    RECORD    YEAR
 MAXIMUM TEMPERATURE (F)   73        92      1955
 MINIMUM TEMPERATURE (F)   52        28      1959


SUNRISE AND SUNSET
SEPTEMBER 17 2014.....SUNRISE   713 AM EDT   SUNSET   736 PM EDT
SEPTEMBER 18 2014.....SUNRISE   714 AM EDT   SUNSET   734 PM EDT


-  INDICATES NEGATIVE NUMBERS.
R  INDICATES RECORD WAS SET OR TIED.
MM INDICATES DATA IS MISSING.
T  INDICATES TRACE AMOUNT.




$$
