000
CDUS41 KCLE 090527
CLIMFD


CLIMATE REPORT
NATIONAL WEATHER SERVICE CLEVELAND OH
1227 AM EST THU FEB 9 2017


...................................

...THE MANSFIELD OH CLIMATE SUMMARY FOR FEBRUARY 8 2017...

CLIMATE NORMAL PERIOD 1981 TO 2010
CLIMATE RECORD PERIOD 1916 TO 2017


WEATHER ITEM   OBSERVED TIME   RECORD YEAR NORMAL DEPARTURE LAST
                VALUE   (LST)  VALUE       VALUE  FROM      YEAR
                                                  NORMAL
..................................................................
TEMPERATURE (F)
 YESTERDAY
  MAXIMUM         49   1228 AM  67    1937  35     14       43
  MINIMUM         25   1159 PM  -9    1977  19      6       30
  AVERAGE         37                        27     10       37

PRECIPITATION (IN)
  YESTERDAY        0.25                      0.08   0.17     0.33
  MONTH TO DATE    0.99                      0.68   0.31     1.04
  SINCE DEC 1     10.04                      6.84   3.20     6.74
  SINCE JAN 1      6.90                      3.55   3.35     2.58

SNOWFALL (IN)
  YESTERDAY        2.4                       0.4    2.0      1.5
  MONTH TO DATE    2.4                       3.3   -0.9      1.5
  SINCE DEC 1     20.0                      27.1   -7.1     10.4
  SINCE JUL 1     20.2                      29.8   -9.6     10.4
  SNOW DEPTH       0

DEGREE DAYS
 HEATING
  YESTERDAY       28                        38    -10       28
  MONTH TO DATE  254                       308    -54      230
  SINCE DEC 1   2356                      2627   -271     2102
  SINCE JUL 1   3233                      3908   -675     3042

 COOLING
  YESTERDAY        0                         0      0        0
  MONTH TO DATE    0                         0      0        0
  SINCE DEC 1      0                         0      0        0
  SINCE JAN 1      0                         0      0        0
..................................................................


WIND (MPH)
  HIGHEST WIND SPEED    20   HIGHEST WIND DIRECTION    NW (310)
  HIGHEST GUST SPEED    26   HIGHEST GUST DIRECTION    SW (240)
  AVERAGE WIND SPEED    10.1


SKY COVER
  POSSIBLE SUNSHINE  MM
  AVERAGE SKY COVER 1.0


WEATHER CONDITIONS
 THE FOLLOWING WEATHER WAS RECORDED YESTERDAY.
  LIGHT RAIN
  SNOW
  LIGHT SNOW
  FOG
  FOG W/VISIBILITY <= 1/4 MILE


RELATIVE HUMIDITY (PERCENT)
 HIGHEST   100           500 AM
 LOWEST     82           100 PM
 AVERAGE    91

..........................................................


THE MANSFIELD OH CLIMATE NORMALS FOR TODAY
                         NORMAL    RECORD    YEAR
 MAXIMUM TEMPERATURE (F)   35        61      2001
 MINIMUM TEMPERATURE (F)   19       -21      1948


SUNRISE AND SUNSET
FEBRUARY  9 2017......SUNRISE   731 AM EST   SUNSET   558 PM EST
FEBRUARY 10 2017......SUNRISE   730 AM EST   SUNSET   559 PM EST


-  INDICATES NEGATIVE NUMBERS.
R  INDICATES RECORD WAS SET OR TIED.
MM INDICATES DATA IS MISSING.
T  INDICATES TRACE AMOUNT.




$$
