000
CDUS41 KCLE 270529
CLIMFD


CLIMATE REPORT
NATIONAL WEATHER SERVICE CLEVELAND OH
1226 AM EST SUN NOV 27 2016


...................................

...THE MANSFIELD OH CLIMATE SUMMARY FOR NOVEMBER 26 2016...

CLIMATE NORMAL PERIOD 1981 TO 2010
CLIMATE RECORD PERIOD 1916 TO 2016


WEATHER ITEM   OBSERVED TIME   RECORD YEAR NORMAL DEPARTURE LAST
                VALUE   (LST)  VALUE       VALUE  FROM      YEAR
                                                  NORMAL
..................................................................
TEMPERATURE (F)
 YESTERDAY
  MAXIMUM         41    122 PM  65    2006  44     -3       62
  MINIMUM         34   1154 PM   7    1950  29      5       46
  AVERAGE         38                        37      1       54

PRECIPITATION (IN)
  YESTERDAY        0.00                      0.12  -0.12     0.00
  MONTH TO DATE    0.68                      3.32  -2.64     1.47
  SINCE SEP 1      7.86                      9.58  -1.72     6.61
  SINCE JAN 1     31.49                     40.41  -8.92    34.60

SNOWFALL (IN)
  YESTERDAY        0.0                       0.2   -0.2      0.0
  MONTH TO DATE    0.2                       1.7   -1.5      0.0
  SINCE SEP 1      0.2                       2.2   -2.0      0.0
  SINCE JUL 1      0.2                       2.2   -2.0      0.0
  SNOW DEPTH       0

DEGREE DAYS
 HEATING
  YESTERDAY       27                        28     -1       11
  MONTH TO DATE  495                       596   -101      435
  SINCE SEP 1    803                      1139   -336      825
  SINCE JUL 1    804                      1164   -360      842

 COOLING
  YESTERDAY        0                         0      0        0
  MONTH TO DATE    6                         0      6        4
  SINCE SEP 1    180                        70    110      147
  SINCE JAN 1   1084                       632    452      778
..................................................................


WIND (MPH)
  HIGHEST WIND SPEED    15   HIGHEST WIND DIRECTION     W (260)
  HIGHEST GUST SPEED    20   HIGHEST GUST DIRECTION     W (260)
  AVERAGE WIND SPEED     7.9


SKY COVER
  POSSIBLE SUNSHINE  MM
  AVERAGE SKY COVER 1.0


WEATHER CONDITIONS
 THE FOLLOWING WEATHER WAS RECORDED YESTERDAY.
  FOG


RELATIVE HUMIDITY (PERCENT)
 HIGHEST   100           200 AM
 LOWEST     64           400 PM
 AVERAGE    82

..........................................................


THE MANSFIELD OH CLIMATE NORMALS FOR TODAY
                         NORMAL    RECORD    YEAR
 MAXIMUM TEMPERATURE (F)   44        70      1990
 MINIMUM TEMPERATURE (F)   29        -1      1930


SUNRISE AND SUNSET
NOVEMBER 27 2016......SUNRISE   731 AM EST   SUNSET   504 PM EST
NOVEMBER 28 2016......SUNRISE   732 AM EST   SUNSET   504 PM EST


-  INDICATES NEGATIVE NUMBERS.
R  INDICATES RECORD WAS SET OR TIED.
MM INDICATES DATA IS MISSING.
T  INDICATES TRACE AMOUNT.




$$
