000
CDUS41 KCLE 290526
CLIMFD


CLIMATE REPORT
NATIONAL WEATHER SERVICE CLEVELAND OH
1225 AM EST WED NOV 29 2017


...................................

...THE MANSFIELD OH CLIMATE SUMMARY FOR NOVEMBER 28 2017...

CLIMATE NORMAL PERIOD 1981 TO 2010
CLIMATE RECORD PERIOD 1916 TO 2017


WEATHER ITEM   OBSERVED TIME   RECORD YEAR NORMAL DEPARTURE LAST
                VALUE   (LST)  VALUE       VALUE  FROM      YEAR
                                                  NORMAL
..................................................................
TEMPERATURE (F)
 YESTERDAY
  MAXIMUM         63    137 PM  66    2005  43     20       55
                                      1998
                                      1990
  MINIMUM         43    420 AM   1    1930  29     14       37
  AVERAGE         53                        36     17       46

PRECIPITATION (IN)
  YESTERDAY        0.00                      0.13  -0.13     0.37
  MONTH TO DATE    6.15                      3.57   2.58     1.05
  SINCE SEP 1     10.68                      9.83   0.85     8.23
  SINCE JAN 1     47.26                     40.66   6.60    31.86

SNOWFALL (IN)
  YESTERDAY        0.0                       0.1   -0.1      0.0
  MONTH TO DATE    0.1                       1.9   -1.8      0.2
  SINCE SEP 1      0.1                       2.4   -2.3      0.2
  SINCE JUL 1      0.1                       2.4   -2.3      0.2
  SNOW DEPTH       0

DEGREE DAYS
 HEATING
  YESTERDAY       12                        29    -17       19
  MONTH TO DATE  665                       654     11      541
  SINCE SEP 1   1028                      1197   -169      849
  SINCE JUL 1   1042                      1222   -180      850

 COOLING
  YESTERDAY        0                         0      0        0
  MONTH TO DATE    0                         0      0        6
  SINCE SEP 1    131                        70     61      180
  SINCE JAN 1    748                       632    116     1084
..................................................................


WIND (MPH)
  HIGHEST WIND SPEED    25   HIGHEST WIND DIRECTION    SW (210)
  HIGHEST GUST SPEED    36   HIGHEST GUST DIRECTION     S (200)
  AVERAGE WIND SPEED    16.2


SKY COVER
  POSSIBLE SUNSHINE  MM
  AVERAGE SKY COVER 0.1


WEATHER CONDITIONS
 THE FOLLOWING WEATHER WAS RECORDED YESTERDAY.
  NO SIGNIFICANT WEATHER WAS OBSERVED.


RELATIVE HUMIDITY (PERCENT)
 HIGHEST    60          1200 AM
 LOWEST     25           300 PM
 AVERAGE    43

..........................................................


THE MANSFIELD OH CLIMATE NORMALS FOR TODAY
                         NORMAL    RECORD    YEAR
 MAXIMUM TEMPERATURE (F)   43        65      1998
                                             1927
 MINIMUM TEMPERATURE (F)   28         3      1976


SUNRISE AND SUNSET
NOVEMBER 29 2017......SUNRISE   733 AM EST   SUNSET   504 PM EST
NOVEMBER 30 2017......SUNRISE   734 AM EST   SUNSET   503 PM EST


-  INDICATES NEGATIVE NUMBERS.
R  INDICATES RECORD WAS SET OR TIED.
MM INDICATES DATA IS MISSING.
T  INDICATES TRACE AMOUNT.




$$
