000
CDUS41 KCLE 170545
CLIMFD


CLIMATE REPORT
NATIONAL WEATHER SERVICE CLEVELAND OH
145 AM EDT SAT JUN 17 2017


...................................

...THE MANSFIELD OH CLIMATE SUMMARY FOR JUNE 16 2017...

CLIMATE NORMAL PERIOD 1981 TO 2010
CLIMATE RECORD PERIOD 1916 TO 2017


WEATHER ITEM   OBSERVED TIME   RECORD YEAR NORMAL DEPARTURE LAST
                VALUE   (LST)  VALUE       VALUE  FROM      YEAR
                                                  NORMAL
..................................................................
TEMPERATURE (F)
 YESTERDAY
  MAXIMUM         89    253 PM  93    1952  79     10       82
  MINIMUM         68    536 AM  40    1927  58     10       65
  AVERAGE         79                        68     11       74

PRECIPITATION (IN)
  YESTERDAY        0.01                      0.16  -0.15     0.43
  MONTH TO DATE    3.90                      2.60   1.30     1.01
  SINCE JUN 1      3.90                      2.60   1.30     1.01
  SINCE JAN 1     25.05                     19.93   5.12    17.41

SNOWFALL (IN)
  YESTERDAY        0.0                       0.0    0.0      0.0
  MONTH TO DATE    0.0                       0.0    0.0      0.0
  SINCE JUN 1      0.0                       0.0    0.0      0.0
  SINCE JUL 1     36.6                      48.3  -11.7     27.6
  SNOW DEPTH       0

DEGREE DAYS
 HEATING
  YESTERDAY        0                         1     -1        0
  MONTH TO DATE   24                        41    -17       13
  SINCE JUN 1     24                        41    -17       13
  SINCE JUL 1   5020                      6258  -1238     5175

 COOLING
  YESTERDAY       14                         5      9        9
  MONTH TO DATE   97                        56     41       83
  SINCE JUN 1     97                        56     41       83
  SINCE JAN 1    154                       102     52      145
..................................................................


WIND (MPH)
  HIGHEST WIND SPEED    13   HIGHEST WIND DIRECTION    NW (310)
  HIGHEST GUST SPEED    17   HIGHEST GUST DIRECTION    NW (320)
  AVERAGE WIND SPEED     5.2


SKY COVER
  POSSIBLE SUNSHINE  MM
  AVERAGE SKY COVER 0.2


WEATHER CONDITIONS
 THE FOLLOWING WEATHER WAS RECORDED YESTERDAY.
  FOG


RELATIVE HUMIDITY (PERCENT)
 HIGHEST    97           400 AM
 LOWEST     34           100 PM
 AVERAGE    66

..........................................................


THE MANSFIELD OH CLIMATE NORMALS FOR TODAY
                         NORMAL    RECORD    YEAR
 MAXIMUM TEMPERATURE (F)   79        94      1936
                                             1934
 MINIMUM TEMPERATURE (F)   58        38      1959
                                             1958
                                             1948


SUNRISE AND SUNSET
JUNE 17 2017..........SUNRISE   558 AM EDT   SUNSET   904 PM EDT
JUNE 18 2017..........SUNRISE   558 AM EDT   SUNSET   904 PM EDT


-  INDICATES NEGATIVE NUMBERS.
R  INDICATES RECORD WAS SET OR TIED.
MM INDICATES DATA IS MISSING.
T  INDICATES TRACE AMOUNT.




$$
