751
CDUS41 KCLE 150528
CLIMFD


CLIMATE REPORT
NATIONAL WEATHER SERVICE CLEVELAND OH
125 AM EDT SUN OCT 15 2017


...................................

...THE MANSFIELD OH CLIMATE SUMMARY FOR OCTOBER 14 2017...

CLIMATE NORMAL PERIOD 1981 TO 2010
CLIMATE RECORD PERIOD 1916 TO 2017


WEATHER ITEM   OBSERVED TIME   RECORD YEAR NORMAL DEPARTURE LAST
                VALUE   (LST)  VALUE       VALUE  FROM      YEAR
                                                  NORMAL
..................................................................
TEMPERATURE (F)
 YESTERDAY
  MAXIMUM         79    304 PM  83    1989  62     17       62
                                      1930
  MINIMUM         51    535 AM  23    1957  42      9       35
  AVERAGE         65                        52     13       49

PRECIPITATION (IN)
  YESTERDAY        0.00                      0.09  -0.09     0.00
  MONTH TO DATE    2.21                      1.33   0.88     0.27
  SINCE SEP 1      3.81                      4.65  -0.84     3.98
  SINCE JAN 1     40.39                     35.48   4.91    27.61

SNOWFALL (IN)
  YESTERDAY        0.0                       0.1   -0.1      0.0
  MONTH TO DATE    0.0                       0.1   -0.1      0.0
  SINCE SEP 1      0.0                       0.1   -0.1      0.0
  SINCE JUL 1      0.0                       0.1   -0.1      0.0
  SNOW DEPTH       0

DEGREE DAYS
 HEATING
  YESTERDAY        0                        13    -13       16
  MONTH TO DATE   28                       154   -126       94
  SINCE SEP 1    118                       279   -161      128
  SINCE JUL 1    132                       304   -172      129

 COOLING
  YESTERDAY        0                         0      0        0
  MONTH TO DATE   19                         5     14        8
  SINCE SEP 1    131                        68     63      154
  SINCE JAN 1    748                       630    118     1058
..................................................................


WIND (MPH)
  HIGHEST WIND SPEED    18   HIGHEST WIND DIRECTION     S (170)
  HIGHEST GUST SPEED    23   HIGHEST GUST DIRECTION     S (190)
  AVERAGE WIND SPEED     7.9


SKY COVER
  POSSIBLE SUNSHINE  MM
  AVERAGE SKY COVER 0.2


WEATHER CONDITIONS
 THE FOLLOWING WEATHER WAS RECORDED YESTERDAY.
  FOG


RELATIVE HUMIDITY (PERCENT)
 HIGHEST   100           200 AM
 LOWEST     42           300 PM
 AVERAGE    71

..........................................................


THE MANSFIELD OH CLIMATE NORMALS FOR TODAY
                         NORMAL    RECORD    YEAR
 MAXIMUM TEMPERATURE (F)   62        86      1928
 MINIMUM TEMPERATURE (F)   42        19      1939


SUNRISE AND SUNSET
OCTOBER 15 2017.......SUNRISE   742 AM EDT   SUNSET   649 PM EDT
OCTOBER 16 2017.......SUNRISE   743 AM EDT   SUNSET   648 PM EDT


-  INDICATES NEGATIVE NUMBERS.
R  INDICATES RECORD WAS SET OR TIED.
MM INDICATES DATA IS MISSING.
T  INDICATES TRACE AMOUNT.




$$
