000
CDUS41 KCLE 182125
CLIMFD


CLIMATE REPORT
NATIONAL WEATHER SERVICE CLEVELAND OH
425 PM EST THU DEC 18 2014


...................................

...THE MANSFIELD OH CLIMATE SUMMARY FOR DECEMBER 17 2014...

CLIMATE NORMAL PERIOD 1981 TO 2010
CLIMATE RECORD PERIOD 1916 TO 2014


WEATHER ITEM   OBSERVED TIME   RECORD YEAR NORMAL DEPARTURE LAST
                VALUE   (LST)  VALUE       VALUE  FROM      YEAR
                                                  NORMAL
..................................................................
TEMPERATURE (F)
 YESTERDAY
  MAXIMUM         37   1226 AM  61    1984  36      1       29
  MINIMUM         26   1159 PM -11    1989  22      4       19
  AVERAGE         32                        29      3       24

PRECIPITATION (IN)
  YESTERDAY        0.02                      0.10  -0.08     0.04
  MONTH TO DATE    1.32                      1.84  -0.52     0.99
  SINCE DEC 1      1.32                      1.84  -0.52     0.99
  SINCE JAN 1     35.98                     42.74  -6.76    39.83

SNOWFALL (IN)
  YESTERDAY        T                         0.3   -0.3      0.7
  MONTH TO DATE    0.2                       5.0   -4.8     13.0
  SINCE DEC 1      0.2                       5.0   -4.8     13.0
  SINCE JUL 1      6.1                       7.7   -1.6     14.6
  SNOW DEPTH       0

DEGREE DAYS
 HEATING
  YESTERDAY       33                        36     -3       41
  MONTH TO DATE  513                       568    -55      624
  SINCE DEC 1    513                       568    -55      624
  SINCE JUL 1   1901                      1849     52     1956

 COOLING
  YESTERDAY        0                         0      0        0
  MONTH TO DATE    0                         0      0        0
  SINCE DEC 1      0                         0      0        0
  SINCE JAN 1    623                       632     -9      741
..................................................................


WIND (MPH)
  HIGHEST WIND SPEED    21   HIGHEST WIND DIRECTION     W (260)
  HIGHEST GUST SPEED    32   HIGHEST GUST DIRECTION     W (270)
  AVERAGE WIND SPEED    11.8


SKY COVER
  POSSIBLE SUNSHINE  MM
  AVERAGE SKY COVER 1.0


WEATHER CONDITIONS
 THE FOLLOWING WEATHER WAS RECORDED YESTERDAY.
  LIGHT SNOW
  FOG


RELATIVE HUMIDITY (PERCENT)
 HIGHEST   100           100 AM
 LOWEST     75           500 PM
 AVERAGE    88

..........................................................


THE MANSFIELD OH CLIMATE NORMALS FOR TODAY
                         NORMAL    RECORD    YEAR
 MAXIMUM TEMPERATURE (F)   35        61      1967
 MINIMUM TEMPERATURE (F)   22       -14      1945


SUNRISE AND SUNSET
DECEMBER 18 2014......SUNRISE   749 AM EST   SUNSET   504 PM EST
DECEMBER 19 2014......SUNRISE   750 AM EST   SUNSET   505 PM EST


-  INDICATES NEGATIVE NUMBERS.
R  INDICATES RECORD WAS SET OR TIED.
MM INDICATES DATA IS MISSING.
T  INDICATES TRACE AMOUNT.




$$
