000
CDUS41 KCLE 042212
CLIMFD


CLIMATE REPORT
NATIONAL WEATHER SERVICE CLEVELAND OH
512 PM EST SUN FEB 4 2018


...................................

...THE MANSFIELD OH CLIMATE SUMMARY FOR FEBRUARY 4 2018...
VALID TODAY AS OF 0500 PM LOCAL TIME.

CLIMATE NORMAL PERIOD 1981 TO 2010
CLIMATE RECORD PERIOD 1916 TO 2018


WEATHER ITEM   OBSERVED TIME   RECORD YEAR NORMAL DEPARTURE LAST
                VALUE   (LST)  VALUE       VALUE  FROM      YEAR
                                                  NORMAL
..................................................................
TEMPERATURE (F)
 TODAY
  MAXIMUM         39    142 AM  58    1991  34      5       31
                                      1924
  MINIMUM         33    459 PM  -7    1996  19     14       12
  AVERAGE         36                        26     10       22

PRECIPITATION (IN)
  TODAY            0.12                      0.09   0.03     0.00
  MONTH TO DATE    0.12                      0.34  -0.22      T
  SINCE DEC 1      4.48                      6.50  -2.02     9.05
  SINCE JAN 1      2.63                      3.21  -0.58     5.91

SNOWFALL (IN)
  TODAY            1.1                       0.4    0.7      0.0
  MONTH TO DATE    1.1                       1.7   -0.6       T
  SINCE DEC 1     22.9                      25.5   -2.6     17.6
  SINCE JUL 1     23.0                      28.2   -5.2     17.8
  SNOW DEPTH       1

DEGREE DAYS
 HEATING
  TODAY           29                        39    -10       43
  MONTH TO DATE  160                       156      4      158
  SINCE DEC 1   2561                      2475     86     2260
  SINCE JUL 1   3643                      3756   -113     3137

 COOLING
  TODAY            0                         0      0        0
  MONTH TO DATE    0                         0      0        0
  SINCE DEC 1      0                         0      0        0
  SINCE JAN 1      0                         0      0        0
..................................................................


WIND (MPH)
  HIGHEST WIND SPEED    23   HIGHEST WIND DIRECTION     S (200)
  HIGHEST GUST SPEED    32   HIGHEST GUST DIRECTION     S (190)


SKY COVER
  POSSIBLE SUNSHINE  MM
  AVERAGE SKY COVER 1.0


WEATHER CONDITIONS
 THE FOLLOWING WEATHER WAS RECORDED TODAY.
  LIGHT SNOW
  FOG


RELATIVE HUMIDITY (PERCENT)
 HIGHEST   100           400 PM
 LOWEST     35           200 AM
 AVERAGE    68

..........................................................


THE MANSFIELD OH CLIMATE NORMALS FOR TOMORROW
                         NORMAL    RECORD    YEAR
 MAXIMUM TEMPERATURE (F)   34        60      1938
 MINIMUM TEMPERATURE (F)   19       -17      1918


SUNRISE AND SUNSET
FEBRUARY  4 2018......SUNRISE   737 AM EST   SUNSET   551 PM EST
FEBRUARY  5 2018......SUNRISE   736 AM EST   SUNSET   553 PM EST


-  INDICATES NEGATIVE NUMBERS.
R  INDICATES RECORD WAS SET OR TIED.
MM INDICATES DATA IS MISSING.
T  INDICATES TRACE AMOUNT.




$$
