000
CDUS41 KCLE 130545
CLIMFD


CLIMATE REPORT
NATIONAL WEATHER SERVICE CLEVELAND OH
145 AM EDT TUE SEP 13 2016


...................................

...THE MANSFIELD OH CLIMATE SUMMARY FOR SEPTEMBER 12 2016...

CLIMATE NORMAL PERIOD 1981 TO 2010
CLIMATE RECORD PERIOD 1916 TO 2016


WEATHER ITEM   OBSERVED TIME   RECORD YEAR NORMAL DEPARTURE LAST
                VALUE   (LST)  VALUE       VALUE  FROM      YEAR
                                                  NORMAL
..................................................................
TEMPERATURE (F)
 YESTERDAY
  MAXIMUM         78    415 PM  93    1931  75      3       64
  MINIMUM         51    505 AM  34    1958  54     -3       52
                                      1940
  AVERAGE         65                        64      1       58

PRECIPITATION (IN)
  YESTERDAY        0.00                      0.10  -0.10     0.48
  MONTH TO DATE    1.65                      1.38   0.27     2.11
  SINCE SEP 1      1.65                      1.38   0.27     2.11
  SINCE JAN 1     25.28                     32.21  -6.93    30.10

SNOWFALL (IN)
  YESTERDAY        0.0                       0.0    0.0      0.0
  MONTH TO DATE    0.0                       0.0    0.0      0.0
  SINCE SEP 1      0.0                       0.0    0.0      0.0
  SINCE JUL 1      0.0                       0.0    0.0      0.0
  SNOW DEPTH       0

DEGREE DAYS
 HEATING
  YESTERDAY        0                         3     -3        7
  MONTH TO DATE    0                        23    -23        9
  SINCE SEP 1      0                        23    -23        9
  SINCE JUL 1      1                        48    -47       26

 COOLING
  YESTERDAY        0                         2     -2        0
  MONTH TO DATE   82                        38     44      112
  SINCE SEP 1     82                        38     44      112
  SINCE JAN 1    986                       600    386      743
..................................................................


WIND (MPH)
  HIGHEST WIND SPEED    10   HIGHEST WIND DIRECTION     E (110)
  HIGHEST GUST SPEED    14   HIGHEST GUST DIRECTION    SE (130)
  AVERAGE WIND SPEED     3.3


SKY COVER
  POSSIBLE SUNSHINE  MM
  AVERAGE SKY COVER 0.0


WEATHER CONDITIONS
 THE FOLLOWING WEATHER WAS RECORDED YESTERDAY.
  NO SIGNIFICANT WEATHER WAS OBSERVED.


RELATIVE HUMIDITY (PERCENT)
 HIGHEST    93           200 AM
 LOWEST     39           300 PM
 AVERAGE    66

..........................................................


THE MANSFIELD OH CLIMATE NORMALS FOR TODAY
                         NORMAL    RECORD    YEAR
 MAXIMUM TEMPERATURE (F)   75        91      1939
 MINIMUM TEMPERATURE (F)   54        36      1940


SUNRISE AND SUNSET
SEPTEMBER 13 2016.....SUNRISE   709 AM EDT   SUNSET   742 PM EDT
SEPTEMBER 14 2016.....SUNRISE   710 AM EDT   SUNSET   740 PM EDT


-  INDICATES NEGATIVE NUMBERS.
R  INDICATES RECORD WAS SET OR TIED.
MM INDICATES DATA IS MISSING.
T  INDICATES TRACE AMOUNT.




$$
