000
CDUS41 KCLE 150526
CLIMFD


CLIMATE REPORT
NATIONAL WEATHER SERVICE CLEVELAND OH
126 AM EDT FRI JUL 15 2016


...................................

...THE MANSFIELD OH CLIMATE SUMMARY FOR JULY 14 2016...

CLIMATE NORMAL PERIOD 1981 TO 2010
CLIMATE RECORD PERIOD 1916 TO 2016


WEATHER ITEM   OBSERVED TIME   RECORD YEAR NORMAL DEPARTURE LAST
                VALUE   (LST)  VALUE       VALUE  FROM      YEAR
                                                  NORMAL
..................................................................
TEMPERATURE (F)
 YESTERDAY
  MAXIMUM         85    441 PM 104    1936  82      3       83
  MINIMUM         68    550 AM  43    1940  62      6       66
  AVERAGE         77                        72      5       75

PRECIPITATION (IN)
  YESTERDAY        0.03                      0.14  -0.11     0.25
  MONTH TO DATE    0.74                      2.06  -1.32     1.06
  SINCE JUN 1      2.83                      6.81  -3.98     8.50
  SINCE JAN 1     19.23                     24.14  -4.91    26.29

SNOWFALL (IN)
  YESTERDAY        0.0                       0.0    0.0      0.0
  MONTH TO DATE    0.0                       0.0    0.0      0.0
  SINCE JUN 1      0.0                       0.0    0.0      0.0
  SINCE JUL 1      0.0                       0.0    0.0      0.0
  SNOW DEPTH       0

DEGREE DAYS
 HEATING
  YESTERDAY        0                         0      0        0
  MONTH TO DATE    1                         0      1        0
  SINCE JUN 1     14                        53    -39       33
  SINCE JUL 1      1                         0      1        0

 COOLING
  YESTERDAY       12                         7      5       10
  MONTH TO DATE  119                        98     21       50
  SINCE JUN 1    301                       232     69      206
  SINCE JAN 1    363                       278     85      324
..................................................................


WIND (MPH)
  HIGHEST WIND SPEED    20   HIGHEST WIND DIRECTION    SW (210)
  HIGHEST GUST SPEED    26   HIGHEST GUST DIRECTION    SW (220)
  AVERAGE WIND SPEED    10.7


SKY COVER
  POSSIBLE SUNSHINE  MM
  AVERAGE SKY COVER 0.5


WEATHER CONDITIONS
 THE FOLLOWING WEATHER WAS RECORDED YESTERDAY.
  LIGHT RAIN
  FOG


RELATIVE HUMIDITY (PERCENT)
 HIGHEST    90          1200 AM
 LOWEST     58           100 PM
 AVERAGE    74

..........................................................


THE MANSFIELD OH CLIMATE NORMALS FOR TODAY
                         NORMAL    RECORD    YEAR
 MAXIMUM TEMPERATURE (F)   82        96      1995
 MINIMUM TEMPERATURE (F)   62        40      1930


SUNRISE AND SUNSET
JULY 15 2016..........SUNRISE   612 AM EDT   SUNSET   900 PM EDT
JULY 16 2016..........SUNRISE   613 AM EDT   SUNSET   859 PM EDT


-  INDICATES NEGATIVE NUMBERS.
R  INDICATES RECORD WAS SET OR TIED.
MM INDICATES DATA IS MISSING.
T  INDICATES TRACE AMOUNT.




$$
