000
CDUS41 KCLE 120545
CLIMFD


CLIMATE REPORT
NATIONAL WEATHER SERVICE CLEVELAND OH
145 AM EDT WED APR 12 2017


...................................

...THE MANSFIELD OH CLIMATE SUMMARY FOR APRIL 11 2017...

CLIMATE NORMAL PERIOD 1981 TO 2010
CLIMATE RECORD PERIOD 1916 TO 2017


WEATHER ITEM   OBSERVED TIME   RECORD YEAR NORMAL DEPARTURE LAST
                VALUE   (LST)  VALUE       VALUE  FROM      YEAR
                                                  NORMAL
..................................................................
TEMPERATURE (F)
 YESTERDAY
  MAXIMUM         68    406 PM  87    1930  58     10       54
  MINIMUM         49   1159 PM  21    1976  37     12       37
                                      1943
  AVERAGE         59                        47     12       46

PRECIPITATION (IN)
  YESTERDAY        0.45                      0.14   0.31     0.59
  MONTH TO DATE    1.98                      1.53   0.45     1.92
  SINCE MAR 1      5.74                      4.92   0.82     6.07
  SINCE JAN 1     13.60                     10.18   3.42    10.97

SNOWFALL (IN)
  YESTERDAY       MM                         0.1   MM        0.0
  MONTH TO DATE    4.3                       1.5    2.8      4.2
  SINCE MAR 1     15.0                       9.3    5.7      7.2
  SINCE JUL 1     36.6                      47.2  -10.6     27.6
  SNOW DEPTH       0

DEGREE DAYS
 HEATING
  YESTERDAY        6                        18    -12       19
  MONTH TO DATE  156                       220    -64      298
  SINCE MAR 1    978                      1085   -107      917
  SINCE JUL 1   4648                      5710  -1062     4689

 COOLING
  YESTERDAY        0                         0      0        0
  MONTH TO DATE    3                         0      3        0
  SINCE MAR 1      3                         1      2        0
  SINCE JAN 1      3                         1      2        0
..................................................................


WIND (MPH)
  HIGHEST WIND SPEED    20   HIGHEST WIND DIRECTION    SW (210)
  HIGHEST GUST SPEED    25   HIGHEST GUST DIRECTION    SW (220)
  AVERAGE WIND SPEED    10.4


SKY COVER
  POSSIBLE SUNSHINE  MM
  AVERAGE SKY COVER 0.6


WEATHER CONDITIONS
 THE FOLLOWING WEATHER WAS RECORDED YESTERDAY.
  THUNDERSTORM
  RAIN
  LIGHT RAIN
  FOG


RELATIVE HUMIDITY (PERCENT)
 HIGHEST   100           800 AM
 LOWEST     45           200 AM
 AVERAGE    73

..........................................................


THE MANSFIELD OH CLIMATE NORMALS FOR TODAY
                         NORMAL    RECORD    YEAR
 MAXIMUM TEMPERATURE (F)   58        85      1930
 MINIMUM TEMPERATURE (F)   37        18      1940


SUNRISE AND SUNSET
APRIL 12 2017.........SUNRISE   655 AM EDT   SUNSET   807 PM EDT
APRIL 13 2017.........SUNRISE   654 AM EDT   SUNSET   808 PM EDT


-  INDICATES NEGATIVE NUMBERS.
R  INDICATES RECORD WAS SET OR TIED.
MM INDICATES DATA IS MISSING.
T  INDICATES TRACE AMOUNT.




$$
