000
CDUS41 KCLE 170527
CLIMFD


CLIMATE REPORT
NATIONAL WEATHER SERVICE CLEVELAND OH
1226 AM EST SAT JAN 17 2015


...................................

...THE MANSFIELD OH CLIMATE SUMMARY FOR JANUARY 16 2015...

CLIMATE NORMAL PERIOD 1981 TO 2010
CLIMATE RECORD PERIOD 1916 TO 2015


WEATHER ITEM   OBSERVED TIME   RECORD YEAR NORMAL DEPARTURE LAST
                VALUE   (LST)  VALUE       VALUE  FROM      YEAR
                                                  NORMAL
..................................................................
TEMPERATURE (F)
 YESTERDAY
  MAXIMUM         31   1219 PM  55    1953  33     -2       29
  MINIMUM         19   1159 PM -18    1982  18      1       17
  AVERAGE         25                        25      0       23

PRECIPITATION (IN)
  YESTERDAY        0.00                      0.09  -0.09     0.04
  MONTH TO DATE    2.23                      1.56   0.67     1.58
  SINCE DEC 1      4.09                      4.85  -0.76     5.76
  SINCE JAN 1      2.23                      1.56   0.67     1.58

SNOWFALL (IN)
  YESTERDAY        0.0                       0.4   -0.4      0.6
  MONTH TO DATE   10.4                       6.9    3.5     11.5
  SINCE DEC 1     10.6                      17.4   -6.8     27.9
  SINCE JUL 1     16.5                      20.1   -3.6     29.5
  SNOW DEPTH       0

DEGREE DAYS
 HEATING
  YESTERDAY       40                        40      0       42
  MONTH TO DATE  735                       632    103      664
  SINCE DEC 1   1698                      1728    -30     1731
  SINCE JUL 1   3086                      3009     77     3063

 COOLING
  YESTERDAY        0                         0      0        0
  MONTH TO DATE    0                         0      0        0
  SINCE DEC 1      0                         0      0        0
  SINCE JAN 1      0                         0      0        0
..................................................................


WIND (MPH)
  HIGHEST WIND SPEED    20   HIGHEST WIND DIRECTION    SW (230)
  HIGHEST GUST SPEED    28   HIGHEST GUST DIRECTION    SW (230)
  AVERAGE WIND SPEED     8.3


SKY COVER
  POSSIBLE SUNSHINE  MM
  AVERAGE SKY COVER 0.8


WEATHER CONDITIONS
 THE FOLLOWING WEATHER WAS RECORDED YESTERDAY.
  FOG
  HAZE


RELATIVE HUMIDITY (PERCENT)
 HIGHEST    85          1000 AM
 LOWEST     63          1200 AM
 AVERAGE    74

..........................................................


THE MANSFIELD OH CLIMATE NORMALS FOR TODAY
                         NORMAL    RECORD    YEAR
 MAXIMUM TEMPERATURE (F)   33        59      1952
 MINIMUM TEMPERATURE (F)   18       -21      1982


SUNRISE AND SUNSET
JANUARY 17 2015.......SUNRISE   751 AM EST   SUNSET   529 PM EST
JANUARY 18 2015.......SUNRISE   751 AM EST   SUNSET   530 PM EST


-  INDICATES NEGATIVE NUMBERS.
R  INDICATES RECORD WAS SET OR TIED.
MM INDICATES DATA IS MISSING.
T  INDICATES TRACE AMOUNT.




$$
