000
CDUS41 KCLE 042112
CLIMFD


CLIMATE REPORT
NATIONAL WEATHER SERVICE CLEVELAND OH
511 PM EDT SAT NOV 4 2017


...................................

...THE MANSFIELD OH CLIMATE SUMMARY FOR NOVEMBER 4 2017...
VALID TODAY AS OF 0500 PM LOCAL TIME.

CLIMATE NORMAL PERIOD 1981 TO 2010
CLIMATE RECORD PERIOD 1916 TO 2017


WEATHER ITEM   OBSERVED TIME   RECORD YEAR NORMAL DEPARTURE LAST
                VALUE   (LST)  VALUE       VALUE  FROM      YEAR
                                                  NORMAL
..................................................................
TEMPERATURE (F)
 TODAY
  MAXIMUM         60    359 PM  77    2015  55      5       58
  MINIMUM         37    613 AM  12    1991  37      0       38
  AVERAGE         49                        46      3       48

PRECIPITATION (IN)
  TODAY            0.00                      0.12  -0.12     0.00
  MONTH TO DATE    0.72                      0.49   0.23     0.04
  SINCE SEP 1      5.25                      6.75  -1.50     7.22
  SINCE JAN 1     41.83                     37.58   4.25    30.85

SNOWFALL (IN)
  TODAY            0.0                       0.0    0.0      0.0
  MONTH TO DATE    0.1                       0.1    0.0      0.0
  SINCE SEP 1      0.1                       0.6   -0.5      0.0
  SINCE JUL 1      0.1                       0.6   -0.5      0.0
  SNOW DEPTH       0

DEGREE DAYS
 HEATING
  TODAY           16                        19     -3       17
  MONTH TO DATE   58                        75    -17       26
  SINCE SEP 1    421                       618   -197      334
  SINCE JUL 1    435                       643   -208      335

 COOLING
  TODAY            0                         0      0        0
  MONTH TO DATE    0                         0      0        6
  SINCE SEP 1    131                        70     61      180
  SINCE JAN 1    748                       632    116     1084
..................................................................


WIND (MPH)
  HIGHEST WIND SPEED    15   HIGHEST WIND DIRECTION    SE (130)
  HIGHEST GUST SPEED    19   HIGHEST GUST DIRECTION    SE (130)


SKY COVER
  POSSIBLE SUNSHINE  MM
  AVERAGE SKY COVER 0.1


WEATHER CONDITIONS
 THE FOLLOWING WEATHER WAS RECORDED TODAY.
  NO SIGNIFICANT WEATHER WAS OBSERVED.


RELATIVE HUMIDITY (PERCENT)
 HIGHEST    92           300 AM
 LOWEST     62           200 PM
 AVERAGE    77

..........................................................


THE MANSFIELD OH CLIMATE NORMALS FOR TOMORROW
                         NORMAL    RECORD    YEAR
 MAXIMUM TEMPERATURE (F)   54        76      2015
 MINIMUM TEMPERATURE (F)   37        13      1991


SUNRISE AND SUNSET
NOVEMBER  4 2017......SUNRISE   804 AM EDT   SUNSET   622 PM EDT
NOVEMBER  5 2017......SUNRISE   706 AM EST   SUNSET   521 PM EST


-  INDICATES NEGATIVE NUMBERS.
R  INDICATES RECORD WAS SET OR TIED.
MM INDICATES DATA IS MISSING.
T  INDICATES TRACE AMOUNT.




$$
