000
CDUS41 KCLE 270530
CLIMFD


CLIMATE REPORT
NATIONAL WEATHER SERVICE CLEVELAND OH
1230 AM EST FRI FEB 27 2015


...................................

...THE MANSFIELD OH CLIMATE SUMMARY FOR FEBRUARY 26 2015...

CLIMATE NORMAL PERIOD 1981 TO 2010
CLIMATE RECORD PERIOD 1916 TO 2015


WEATHER ITEM   OBSERVED TIME   RECORD YEAR NORMAL DEPARTURE LAST
                VALUE   (LST)  VALUE       VALUE  FROM      YEAR
                                                  NORMAL
..................................................................
TEMPERATURE (F)
 YESTERDAY
  MAXIMUM         14    316 PM  71    2000  39    -25       19
                                      1944
  MINIMUM          2   1159 PM  -8    1963  23    -21        9
  AVERAGE          8                        31    -23       14

PRECIPITATION (IN)
  YESTERDAY        0.05                      0.09  -0.04      T
  MONTH TO DATE    1.68                      2.21  -0.53     2.29
  SINCE DEC 1      7.00                      8.37  -1.37     8.49
  SINCE JAN 1      5.14                      5.08   0.06     4.31

SNOWFALL (IN)
  YESTERDAY        1.3                       0.4    0.9       T
  MONTH TO DATE   21.1                      10.6   10.5     15.9
  SINCE DEC 1     46.3                      34.4   11.9     51.9
  SINCE JUL 1     52.2                      37.1   15.1     53.5
  SNOW DEPTH       3

DEGREE DAYS
 HEATING
  YESTERDAY       57                        34     23       51
  MONTH TO DATE 1288                       959    329     1113
  SINCE DEC 1   3571                      3278    293     3603
  SINCE JUL 1   4959                      4559    400     4935

 COOLING
  YESTERDAY        0                         0      0        0
  MONTH TO DATE    0                         0      0        0
  SINCE DEC 1      0                         0      0        0
  SINCE JAN 1      0                         0      0        0
..................................................................


WIND (MPH)
  HIGHEST WIND SPEED    18   HIGHEST WIND DIRECTION     N (10)
  HIGHEST GUST SPEED    24   HIGHEST GUST DIRECTION     N (10)
  AVERAGE WIND SPEED    10.5


SKY COVER
  POSSIBLE SUNSHINE  MM
  AVERAGE SKY COVER 1.0


WEATHER CONDITIONS
 THE FOLLOWING WEATHER WAS RECORDED YESTERDAY.
  LIGHT SNOW
  FOG
  HAZE


RELATIVE HUMIDITY (PERCENT)
 HIGHEST    80           800 AM
 LOWEST     61           100 AM
 AVERAGE    71

..........................................................


THE MANSFIELD OH CLIMATE NORMALS FOR TODAY
                         NORMAL    RECORD    YEAR
 MAXIMUM TEMPERATURE (F)   40        67      1996
 MINIMUM TEMPERATURE (F)   23        -8      1934


SUNRISE AND SUNSET
FEBRUARY 27 2015......SUNRISE   707 AM EST   SUNSET   619 PM EST
FEBRUARY 28 2015......SUNRISE   706 AM EST   SUNSET   620 PM EST


-  INDICATES NEGATIVE NUMBERS.
R  INDICATES RECORD WAS SET OR TIED.
MM INDICATES DATA IS MISSING.
T  INDICATES TRACE AMOUNT.




$$
