000
CDUS41 KCLE 190812 CCA
CLIMFD

CLIMATE REPORT...CORRECTED
NATIONAL WEATHER SERVICE CLEVELAND OH
145 AM EDT THU MAY 19 2016


...................................

...THE MANSFIELD OH CLIMATE SUMMARY FOR MAY 18 2016...

CLIMATE NORMAL PERIOD 1981 TO 2010
CLIMATE RECORD PERIOD 1916 TO 2016


WEATHER ITEM   OBSERVED TIME   RECORD YEAR NORMAL DEPARTURE LAST
                VALUE   (LST)  VALUE       VALUE  FROM      YEAR
                                                  NORMAL
..................................................................
TEMPERATURE (F)
 YESTERDAY
  MAXIMUM         64    247 PM  92    1962  70     -6       78
  MINIMUM         46   1159 PM  30    1941  49     -3       67
  AVERAGE         55                        59     -4       73

PRECIPITATION (IN)
  YESTERDAY        0.02                      0.14  -0.12      T
  MONTH TO DATE    2.88                      2.48   0.40     1.78
  SINCE MAR 1     10.55                     10.01   0.54    10.02
  SINCE JAN 1     15.45                     15.27   0.18    15.18

SNOWFALL (IN)
  YESTERDAY        0.0                       0.0    0.0      0.0
  MONTH TO DATE    0.0                       0.0    0.0      0.0
  SINCE MAR 1      7.2                      10.4   -3.2     10.7
  SINCE JUL 1     27.6                      48.3  -20.7     63.2
  SNOW DEPTH       0

DEGREE DAYS
 HEATING
  YESTERDAY       10                         7      3        0
  MONTH TO DATE  201                       161     40       61
  SINCE MAR 1   1352                      1521   -169     1438
  SINCE JUL 1   5124                      6146  -1022     6510

 COOLING
  YESTERDAY        0                         1     -1        8
  MONTH TO DATE    3                        13    -10       70
  SINCE MAR 1      3                        21    -18       70
  SINCE JAN 1      3                        21    -18       70
..................................................................


WIND (MPH)
  HIGHEST WIND SPEED    18   HIGHEST WIND DIRECTION     N (350)
  HIGHEST GUST SPEED    29   HIGHEST GUST DIRECTION     N (360)
  AVERAGE WIND SPEED     7.4


SKY COVER
  POSSIBLE SUNSHINE  MM
  AVERAGE SKY COVER 0.7


WEATHER CONDITIONS
 THE FOLLOWING WEATHER WAS RECORDED YESTERDAY.
  LIGHT RAIN
  FOG
  HAZE


RELATIVE HUMIDITY (PERCENT)
 HIGHEST    89          1200 AM
 LOWEST     43           600 PM
 AVERAGE    66

..........................................................


THE MANSFIELD OH CLIMATE NORMALS FOR TODAY
                         NORMAL    RECORD    YEAR
 MAXIMUM TEMPERATURE (F)   70        88      1964
 MINIMUM TEMPERATURE (F)   49        32      2002


SUNRISE AND SUNSET
MAY 19 2016...........SUNRISE   609 AM EDT   SUNSET   845 PM EDT
MAY 20 2016...........SUNRISE   608 AM EDT   SUNSET   846 PM EDT


-  INDICATES NEGATIVE NUMBERS.
R  INDICATES RECORD WAS SET OR TIED.
MM INDICATES DATA IS MISSING.
T  INDICATES TRACE AMOUNT.




$$
