000
CDUS41 KCLE 100539
CLIMFD


CLIMATE REPORT
NATIONAL WEATHER SERVICE CLEVELAND OH
138 AM EDT WED SEP 10 2014


...................................

...THE MANSFIELD OH CLIMATE SUMMARY FOR SEPTEMBER 9 2014...

CLIMATE NORMAL PERIOD 1981 TO 2010
CLIMATE RECORD PERIOD 1916 TO 2014


WEATHER ITEM   OBSERVED TIME   RECORD YEAR NORMAL DEPARTURE LAST
                VALUE   (LST)  VALUE       VALUE  FROM      YEAR
                                                  NORMAL
..................................................................
TEMPERATURE (F)
 YESTERDAY
  MAXIMUM         79    409 PM  91    2002  76      3       86
                                      1964
                                      1941
  MINIMUM         63    424 AM  38    1944  55      8       57
  AVERAGE         71                        66      5       72

PRECIPITATION (IN)
  YESTERDAY        0.00                      0.11  -0.11     0.00
  MONTH TO DATE    0.12                      1.06  -0.94     0.48
  SINCE SEP 1      0.12                      1.06  -0.94     0.48
  SINCE JAN 1     29.34                     31.89  -2.55    29.40

SNOWFALL (IN)
  YESTERDAY        0.0                       0.0    0.0      0.0
  MONTH TO DATE    0.0                       0.0    0.0      0.0
  SINCE SEP 1      0.0                       0.0    0.0      0.0
  SINCE JUL 1      0.0                       0.0    0.0      0.0
  SNOW DEPTH       0

DEGREE DAYS
 HEATING
  YESTERDAY        0                         2     -2        0
  MONTH TO DATE    4                        15    -11       10
  SINCE SEP 1      4                        15    -11       10
  SINCE JUL 1     31                        40     -9       38

 COOLING
  YESTERDAY        6                         3      3        7
  MONTH TO DATE   53                        31     22       26
  SINCE SEP 1     53                        31     22       26
  SINCE JAN 1    607                       593     14      668
..................................................................


WIND (MPH)
  HIGHEST WIND SPEED    15   HIGHEST WIND DIRECTION     S (160)
  HIGHEST GUST SPEED    17   HIGHEST GUST DIRECTION     S (170)
  AVERAGE WIND SPEED     6.8


SKY COVER
  POSSIBLE SUNSHINE  MM
  AVERAGE SKY COVER 0.6


WEATHER CONDITIONS
 THE FOLLOWING WEATHER WAS RECORDED YESTERDAY.
  NO SIGNIFICANT WEATHER WAS OBSERVED.


RELATIVE HUMIDITY (PERCENT)
 HIGHEST    93           200 AM
 LOWEST     50           300 PM
 AVERAGE    72

..........................................................


THE MANSFIELD OH CLIMATE NORMALS FOR TODAY
                         NORMAL    RECORD    YEAR
 MAXIMUM TEMPERATURE (F)   76        95      2013
 MINIMUM TEMPERATURE (F)   55        38      1956


SUNRISE AND SUNSET
SEPTEMBER 10 2014.....SUNRISE   706 AM EDT   SUNSET   748 PM EDT
SEPTEMBER 11 2014.....SUNRISE   707 AM EDT   SUNSET   746 PM EDT


-  INDICATES NEGATIVE NUMBERS.
R  INDICATES RECORD WAS SET OR TIED.
MM INDICATES DATA IS MISSING.
T  INDICATES TRACE AMOUNT.




$$
