000
CDUS41 KCLE 120545
CLIMFD


CLIMATE REPORT
NATIONAL WEATHER SERVICE CLEVELAND OH
145 AM EDT MON JUN 12 2017


...................................

...THE MANSFIELD OH CLIMATE SUMMARY FOR JUNE 11 2017...

CLIMATE NORMAL PERIOD 1981 TO 2010
CLIMATE RECORD PERIOD 1916 TO 2017


WEATHER ITEM   OBSERVED TIME   RECORD YEAR NORMAL DEPARTURE LAST
                VALUE   (LST)  VALUE       VALUE  FROM      YEAR
                                                  NORMAL
..................................................................
TEMPERATURE (F)
 YESTERDAY
  MAXIMUM         87    344 PM  94    1933  77     10       92
  MINIMUM         67    120 AM  38    1980  56     11       70
                                      1972
  AVERAGE         77                        67     10       81

PRECIPITATION (IN)
  YESTERDAY        0.00                      0.16  -0.16     0.08
  MONTH TO DATE    0.56                      1.80  -1.24     0.49
  SINCE JUN 1      0.56                      1.80  -1.24     0.49
  SINCE JAN 1     21.71                     19.13   2.58    16.89

SNOWFALL (IN)
  YESTERDAY        0.0                       0.0    0.0      0.0
  MONTH TO DATE    0.0                       0.0    0.0      0.0
  SINCE JUN 1      0.0                       0.0    0.0      0.0
  SINCE JUL 1     36.6                      48.3  -11.7     27.6
  SNOW DEPTH       0

DEGREE DAYS
 HEATING
  YESTERDAY        0                         2     -2        0
  MONTH TO DATE   24                        32     -8       12
  SINCE JUN 1     24                        32     -8       12
  SINCE JUL 1   5020                      6249  -1229     5174

 COOLING
  YESTERDAY       12                         4      8       16
  MONTH TO DATE   35                        35      0       58
  SINCE JUN 1     35                        35      0       58
  SINCE JAN 1     92                        81     11      120
..................................................................


WIND (MPH)
  HIGHEST WIND SPEED    21   HIGHEST WIND DIRECTION     S (200)
  HIGHEST GUST SPEED    28   HIGHEST GUST DIRECTION     S (200)
  AVERAGE WIND SPEED    11.6


SKY COVER
  POSSIBLE SUNSHINE  MM
  AVERAGE SKY COVER 0.0


WEATHER CONDITIONS
 THE FOLLOWING WEATHER WAS RECORDED YESTERDAY.
  NO SIGNIFICANT WEATHER WAS OBSERVED.


RELATIVE HUMIDITY (PERCENT)
 HIGHEST    73          1100 PM
 LOWEST     37           300 PM
 AVERAGE    55

..........................................................


THE MANSFIELD OH CLIMATE NORMALS FOR TODAY
                         NORMAL    RECORD    YEAR
 MAXIMUM TEMPERATURE (F)   77        93      1925
 MINIMUM TEMPERATURE (F)   57        42      1980
                                             1963


SUNRISE AND SUNSET
JUNE 12 2017..........SUNRISE   558 AM EDT   SUNSET   902 PM EDT
JUNE 13 2017..........SUNRISE   558 AM EDT   SUNSET   903 PM EDT


-  INDICATES NEGATIVE NUMBERS.
R  INDICATES RECORD WAS SET OR TIED.
MM INDICATES DATA IS MISSING.
T  INDICATES TRACE AMOUNT.




$$
