000
CDUS41 KCLE 180532
CLIMFD


CLIMATE REPORT
NATIONAL WEATHER SERVICE CLEVELAND OH
1232 AM EST TUE NOV 18 2014


...................................

...THE MANSFIELD OH CLIMATE SUMMARY FOR NOVEMBER 17 2014...

CLIMATE NORMAL PERIOD 1981 TO 2010
CLIMATE RECORD PERIOD 1916 TO 2014


WEATHER ITEM   OBSERVED TIME   RECORD YEAR NORMAL DEPARTURE LAST
                VALUE   (LST)  VALUE       VALUE  FROM      YEAR
                                                  NORMAL
..................................................................
TEMPERATURE (F)
 YESTERDAY
  MAXIMUM         32    514 AM  71    1931  49    -17       61
  MINIMUM         13   1159 PM   6    1933  33    -20       48
  AVERAGE         23                        41    -18       55

PRECIPITATION (IN)
  YESTERDAY        0.32                      0.13   0.19     0.78
  MONTH TO DATE    1.15                      2.14  -0.99     1.91
  SINCE SEP 1      4.45                      8.40  -3.95     9.58
  SINCE JAN 1     33.67                     39.23  -5.56    38.50

SNOWFALL (IN)
  YESTERDAY        3.4                       0.1    3.3      0.0
  MONTH TO DATE    4.4                       0.8    3.6      0.5
  SINCE SEP 1      4.4                       1.3    3.1      0.5
  SINCE JUL 1      4.4                       1.3    3.1      0.5
  SNOW DEPTH       4

DEGREE DAYS
 HEATING
  YESTERDAY       42                        24     18       10
  MONTH TO DATE  445                       359     86      372
  SINCE SEP 1    943                       902     41      860
  SINCE JUL 1    970                       927     43      888

 COOLING
  YESTERDAY        0                         0      0        0
  MONTH TO DATE    0                         0      0        0
  SINCE SEP 1     69                        70     -1       99
  SINCE JAN 1    623                       632     -9      741
..................................................................


WIND (MPH)
  HIGHEST WIND SPEED    24   HIGHEST WIND DIRECTION     W (260)
  HIGHEST GUST SPEED    39   HIGHEST GUST DIRECTION     W (260)
  AVERAGE WIND SPEED    10.4


SKY COVER
  POSSIBLE SUNSHINE  MM
  AVERAGE SKY COVER 1.0


WEATHER CONDITIONS
 THE FOLLOWING WEATHER WAS RECORDED YESTERDAY.
  SNOW
  LIGHT SNOW
  FOG
  HAZE


RELATIVE HUMIDITY (PERCENT)
 HIGHEST   100           100 AM
 LOWEST     68           300 PM
 AVERAGE    84

..........................................................


THE MANSFIELD OH CLIMATE NORMALS FOR TODAY
                         NORMAL    RECORD    YEAR
 MAXIMUM TEMPERATURE (F)   48        71      1971
 MINIMUM TEMPERATURE (F)   32         7      1959


SUNRISE AND SUNSET
NOVEMBER 18 2014......SUNRISE   721 AM EST   SUNSET   510 PM EST
NOVEMBER 19 2014......SUNRISE   722 AM EST   SUNSET   509 PM EST


-  INDICATES NEGATIVE NUMBERS.
R  INDICATES RECORD WAS SET OR TIED.
MM INDICATES DATA IS MISSING.
T  INDICATES TRACE AMOUNT.




$$
