000
CDUS41 KCLE 090545
CLIMFD


CLIMATE REPORT
NATIONAL WEATHER SERVICE CLEVELAND OH
145 AM EDT TUE SEP 9 2014


...................................

...THE MANSFIELD OH CLIMATE SUMMARY FOR SEPTEMBER 8 2014...

CLIMATE NORMAL PERIOD 1981 TO 2010
CLIMATE RECORD PERIOD 1916 TO 2014


WEATHER ITEM   OBSERVED TIME   RECORD YEAR NORMAL DEPARTURE LAST
                VALUE   (LST)  VALUE       VALUE  FROM      YEAR
                                                  NORMAL
..................................................................
TEMPERATURE (F)
 YESTERDAY
  MAXIMUM         78    331 PM  93    1964  76      2       77
                                      1933
  MINIMUM         52    539 AM  33    1956  56     -4       57
  AVERAGE         65                        66     -1       67

PRECIPITATION (IN)
  YESTERDAY        0.00                      0.11  -0.11     0.01
  MONTH TO DATE    0.12                      0.95  -0.83     0.48
  SINCE SEP 1      0.12                      0.95  -0.83     0.48
  SINCE JAN 1     29.34                     31.78  -2.44    29.40

SNOWFALL (IN)
  YESTERDAY        0.0                       0.0    0.0      0.0
  MONTH TO DATE    0.0                       0.0    0.0      0.0
  SINCE SEP 1      0.0                       0.0    0.0      0.0
  SINCE JUL 1      0.0                       0.0    0.0      0.0
  SNOW DEPTH       0

DEGREE DAYS
 HEATING
  YESTERDAY        0                         2     -2        0
  MONTH TO DATE    4                        13     -9       10
  SINCE SEP 1      4                        13     -9       10
  SINCE JUL 1     31                        38     -7       38

 COOLING
  YESTERDAY        0                         3     -3        2
  MONTH TO DATE   47                        28     19       19
  SINCE SEP 1     47                        28     19       19
  SINCE JAN 1    601                       590     11      661
..................................................................


WIND (MPH)
  HIGHEST WIND SPEED    14   HIGHEST WIND DIRECTION    SE (130)
  HIGHEST GUST SPEED    21   HIGHEST GUST DIRECTION     E (110)
  AVERAGE WIND SPEED     6.1


SKY COVER
  POSSIBLE SUNSHINE  MM
  AVERAGE SKY COVER 0.2


WEATHER CONDITIONS
 THE FOLLOWING WEATHER WAS RECORDED YESTERDAY.
  NO SIGNIFICANT WEATHER WAS OBSERVED.


RELATIVE HUMIDITY (PERCENT)
 HIGHEST    89           100 AM
 LOWEST     46           100 PM
 AVERAGE    68

..........................................................


THE MANSFIELD OH CLIMATE NORMALS FOR TODAY
                         NORMAL    RECORD    YEAR
 MAXIMUM TEMPERATURE (F)   76        91      2002
                                             1964
                                             1941
 MINIMUM TEMPERATURE (F)   55        38      1944


SUNRISE AND SUNSET
SEPTEMBER  9 2014.....SUNRISE   705 AM EDT   SUNSET   749 PM EDT
SEPTEMBER 10 2014.....SUNRISE   706 AM EDT   SUNSET   748 PM EDT


-  INDICATES NEGATIVE NUMBERS.
R  INDICATES RECORD WAS SET OR TIED.
MM INDICATES DATA IS MISSING.
T  INDICATES TRACE AMOUNT.




$$
