000
CDUS41 KCLE 072211
CLIMFD


CLIMATE REPORT
NATIONAL WEATHER SERVICE CLEVELAND OH
511 PM EST TUE FEB 7 2017


...................................

...THE MANSFIELD OH CLIMATE SUMMARY FOR FEBRUARY 7 2017...
VALID TODAY AS OF 0500 PM LOCAL TIME.

CLIMATE NORMAL PERIOD 1981 TO 2010
CLIMATE RECORD PERIOD 1916 TO 2017


WEATHER ITEM   OBSERVED TIME   RECORD YEAR NORMAL DEPARTURE LAST
                VALUE   (LST)  VALUE       VALUE  FROM      YEAR
                                                  NORMAL
..................................................................
TEMPERATURE (F)
 TODAY
  MAXIMUM         58R   126 PM  58    1925  35     23       50
  MINIMUM         48   1239 AM  -8    1948  19     29       27
  AVERAGE         53                        27     26       39

PRECIPITATION (IN)
  TODAY            0.65                      0.09   0.56     0.00
  MONTH TO DATE    0.70                      0.60   0.10     0.71
  SINCE DEC 1      9.75                      6.76   2.99     6.41
  SINCE JAN 1      6.61                      3.47   3.14     2.25

SNOWFALL (IN)
  TODAY            0.0                       0.4   -0.4      0.0
  MONTH TO DATE    T                         2.9   -2.9       T
  SINCE DEC 1     17.6                      26.7   -9.1      8.9
  SINCE JUL 1     17.8                      29.4  -11.6      8.9
  SNOW DEPTH       0

DEGREE DAYS
 HEATING
  TODAY           12                        38    -26       26
  MONTH TO DATE  226                       270    -44      202
  SINCE DEC 1   2328                      2589   -261     2074
  SINCE JUL 1   3205                      3870   -665     3014

 COOLING
  TODAY            0                         0      0        0
  MONTH TO DATE    0                         0      0        0
  SINCE DEC 1      0                         0      0        0
  SINCE JAN 1      0                         0      0        0
..................................................................


WIND (MPH)
  HIGHEST WIND SPEED    30   HIGHEST WIND DIRECTION     S (200)
  HIGHEST GUST SPEED    43   HIGHEST GUST DIRECTION     S (200)


SKY COVER
  POSSIBLE SUNSHINE  MM
  AVERAGE SKY COVER 1.0


WEATHER CONDITIONS
 THE FOLLOWING WEATHER WAS RECORDED TODAY.
  HEAVY RAIN
  RAIN
  LIGHT RAIN
  FOG


RELATIVE HUMIDITY (PERCENT)
 HIGHEST   100           100 AM
 LOWEST     80           100 PM
 AVERAGE    90

..........................................................


THE MANSFIELD OH CLIMATE NORMALS FOR TOMORROW
                         NORMAL    RECORD    YEAR
 MAXIMUM TEMPERATURE (F)   35        67      1937
 MINIMUM TEMPERATURE (F)   19        -9      1977


SUNRISE AND SUNSET
FEBRUARY  7 2017......SUNRISE   734 AM EST   SUNSET   555 PM EST
FEBRUARY  8 2017......SUNRISE   732 AM EST   SUNSET   557 PM EST


-  INDICATES NEGATIVE NUMBERS.
R  INDICATES RECORD WAS SET OR TIED.
MM INDICATES DATA IS MISSING.
T  INDICATES TRACE AMOUNT.




$$
