000
CDUS41 KCLE 060527
CLIMFD


CLIMATE REPORT
NATIONAL WEATHER SERVICE CLEVELAND OH
1226 AM EST MON FEB 6 2017


...................................

...THE MANSFIELD OH CLIMATE SUMMARY FOR FEBRUARY 5 2017...

CLIMATE NORMAL PERIOD 1981 TO 2010
CLIMATE RECORD PERIOD 1916 TO 2017


WEATHER ITEM   OBSERVED TIME   RECORD YEAR NORMAL DEPARTURE LAST
                VALUE   (LST)  VALUE       VALUE  FROM      YEAR
                                                  NORMAL
..................................................................
TEMPERATURE (F)
 YESTERDAY
  MAXIMUM         44    259 PM  60    1938  34     10       37
  MINIMUM         28   1159 PM -17    1918  19      9       18
  AVERAGE         36                        27      9       28

PRECIPITATION (IN)
  YESTERDAY        0.00                      0.09  -0.09     0.00
  MONTH TO DATE    T                         0.43  -0.43     0.71
  SINCE DEC 1      9.05                      6.59   2.46     6.41
  SINCE JAN 1      5.91                      3.30   2.61     2.25

SNOWFALL (IN)
  YESTERDAY        0.0                       0.4   -0.4      0.0
  MONTH TO DATE    T                         2.1   -2.1       T
  SINCE DEC 1     17.6                      25.9   -8.3      8.9
  SINCE JUL 1     17.8                      28.6  -10.8      8.9
  SNOW DEPTH       0

DEGREE DAYS
 HEATING
  YESTERDAY       29                        38     -9       37
  MONTH TO DATE  187                       194     -7      142
  SINCE DEC 1   2289                      2513   -224     2014
  SINCE JUL 1   3166                      3794   -628     2954

 COOLING
  YESTERDAY        0                         0      0        0
  MONTH TO DATE    0                         0      0        0
  SINCE DEC 1      0                         0      0        0
  SINCE JAN 1      0                         0      0        0
..................................................................


WIND (MPH)
  HIGHEST WIND SPEED    23   HIGHEST WIND DIRECTION    SW (230)
  HIGHEST GUST SPEED    31   HIGHEST GUST DIRECTION    SW (220)
  AVERAGE WIND SPEED    11.5


SKY COVER
  POSSIBLE SUNSHINE  MM
  AVERAGE SKY COVER 0.6


WEATHER CONDITIONS
 THE FOLLOWING WEATHER WAS RECORDED YESTERDAY.
  NO SIGNIFICANT WEATHER WAS OBSERVED.


RELATIVE HUMIDITY (PERCENT)
 HIGHEST    78           900 PM
 LOWEST     38           500 AM
 AVERAGE    58

..........................................................


THE MANSFIELD OH CLIMATE NORMALS FOR TODAY
                         NORMAL    RECORD    YEAR
 MAXIMUM TEMPERATURE (F)   34        57      1938
 MINIMUM TEMPERATURE (F)   19        -7      1948


SUNRISE AND SUNSET
FEBRUARY  6 2017......SUNRISE   735 AM EST   SUNSET   554 PM EST
FEBRUARY  7 2017......SUNRISE   734 AM EST   SUNSET   555 PM EST


-  INDICATES NEGATIVE NUMBERS.
R  INDICATES RECORD WAS SET OR TIED.
MM INDICATES DATA IS MISSING.
T  INDICATES TRACE AMOUNT.




$$
