000
CDUS41 KCLE 140545
CLIMFD


CLIMATE REPORT
NATIONAL WEATHER SERVICE CLEVELAND OH
145 AM EDT THU AUG 14 2014


...................................

...THE MANSFIELD OH CLIMATE SUMMARY FOR AUGUST 13 2014...

CLIMATE NORMAL PERIOD 1981 TO 2010
CLIMATE RECORD PERIOD 1916 TO 2014


WEATHER ITEM   OBSERVED TIME   RECORD YEAR NORMAL DEPARTURE LAST
                VALUE   (LST)  VALUE       VALUE  FROM      YEAR
                                                  NORMAL
..................................................................
TEMPERATURE (F)
 YESTERDAY
  MAXIMUM         74    552 PM  98    1936  80     -6       73
  MINIMUM         57    606 AM  41    1957  61     -4       53
  AVERAGE         66                        70     -4       63

PRECIPITATION (IN)
  YESTERDAY        0.01                      0.15  -0.14     0.00
  MONTH TO DATE    2.58                      1.83   0.75     1.42
  SINCE JUN 1     11.80                     10.96   0.84    14.59
  SINCE JAN 1     28.13                     28.29  -0.16    28.46

SNOWFALL (IN)
  YESTERDAY        0.0                       0.0    0.0      0.0
  MONTH TO DATE    0.0                       0.0    0.0      0.0
  SINCE JUN 1      0.0                       0.0    0.0      0.0
  SINCE JUL 1      0.0                       0.0    0.0      0.0
  SNOW DEPTH       0

DEGREE DAYS
 HEATING
  YESTERDAY        0                         0      0        2
  MONTH TO DATE    0                         0      0        5
  SINCE JUN 1     41                        61    -20       54
  SINCE JUL 1     17                         8      9       15

 COOLING
  YESTERDAY        1                         6     -5        0
  MONTH TO DATE   58                        78    -20       58
  SINCE JUN 1    364                       422    -58      444
  SINCE JAN 1    427                       468    -41      539
..................................................................


WIND (MPH)
  HIGHEST WIND SPEED    17   HIGHEST WIND DIRECTION    NW (320)
  HIGHEST GUST SPEED    22   HIGHEST GUST DIRECTION    NW (310)
  AVERAGE WIND SPEED     6.9


SKY COVER
  POSSIBLE SUNSHINE  MM
  AVERAGE SKY COVER 0.7


WEATHER CONDITIONS
 THE FOLLOWING WEATHER WAS RECORDED YESTERDAY.
  LIGHT RAIN
  FOG


RELATIVE HUMIDITY (PERCENT)
 HIGHEST   100          1200 AM
 LOWEST     46           200 PM
 AVERAGE    73

..........................................................


THE MANSFIELD OH CLIMATE NORMALS FOR TODAY
                         NORMAL    RECORD    YEAR
 MAXIMUM TEMPERATURE (F)   80        92      1944
 MINIMUM TEMPERATURE (F)   60        42      1946


SUNRISE AND SUNSET
AUGUST 14 2014........SUNRISE   639 AM EDT   SUNSET   830 PM EDT
AUGUST 15 2014........SUNRISE   640 AM EDT   SUNSET   828 PM EDT


-  INDICATES NEGATIVE NUMBERS.
R  INDICATES RECORD WAS SET OR TIED.
MM INDICATES DATA IS MISSING.
T  INDICATES TRACE AMOUNT.




$$
