000
CDUS41 KCLE 062210
CLIMFD


CLIMATE REPORT
NATIONAL WEATHER SERVICE CLEVELAND OH
510 PM EST MON FEB 6 2017


...................................

...THE MANSFIELD OH CLIMATE SUMMARY FOR FEBRUARY 6 2017...
VALID TODAY AS OF 0500 PM LOCAL TIME.

CLIMATE NORMAL PERIOD 1981 TO 2010
CLIMATE RECORD PERIOD 1916 TO 2017


WEATHER ITEM   OBSERVED TIME   RECORD YEAR NORMAL DEPARTURE LAST
                VALUE   (LST)  VALUE       VALUE  FROM      YEAR
                                                  NORMAL
..................................................................
TEMPERATURE (F)
 TODAY
  MAXIMUM         54    406 PM  57    1938  34     20       39
  MINIMUM         21    556 AM  -7    1948  19      2       22
  AVERAGE         38                        27     11       31

PRECIPITATION (IN)
  TODAY            0.00                      0.08  -0.08     0.00
  MONTH TO DATE    T                         0.51  -0.51     0.71
  SINCE DEC 1      9.05                      6.67   2.38     6.41
  SINCE JAN 1      5.91                      3.38   2.53     2.25

SNOWFALL (IN)
  TODAY            0.0                       0.4   -0.4      0.0
  MONTH TO DATE    T                         2.5   -2.5       T
  SINCE DEC 1     17.6                      26.3   -8.7      8.9
  SINCE JUL 1     17.8                      29.0  -11.2      8.9
  SNOW DEPTH       0

DEGREE DAYS
 HEATING
  TODAY           27                        38    -11       34
  MONTH TO DATE  214                       232    -18      176
  SINCE DEC 1   2316                      2551   -235     2048
  SINCE JUL 1   3193                      3832   -639     2988

 COOLING
  TODAY            0                         0      0        0
  MONTH TO DATE    0                         0      0        0
  SINCE DEC 1      0                         0      0        0
  SINCE JAN 1      0                         0      0        0
..................................................................


WIND (MPH)
  HIGHEST WIND SPEED    21   HIGHEST WIND DIRECTION     S (200)
  HIGHEST GUST SPEED    24   HIGHEST GUST DIRECTION     S (200)


SKY COVER
  POSSIBLE SUNSHINE  MM
  AVERAGE SKY COVER 0.0


WEATHER CONDITIONS
 THE FOLLOWING WEATHER WAS RECORDED TODAY.
  FOG
  HAZE


RELATIVE HUMIDITY (PERCENT)
 HIGHEST    96           500 AM
 LOWEST     52           100 PM
 AVERAGE    74

..........................................................


THE MANSFIELD OH CLIMATE NORMALS FOR TOMORROW
                         NORMAL    RECORD    YEAR
 MAXIMUM TEMPERATURE (F)   35        58      1925
 MINIMUM TEMPERATURE (F)   19        -8      1948


SUNRISE AND SUNSET
FEBRUARY  6 2017......SUNRISE   735 AM EST   SUNSET   554 PM EST
FEBRUARY  7 2017......SUNRISE   734 AM EST   SUNSET   555 PM EST


-  INDICATES NEGATIVE NUMBERS.
R  INDICATES RECORD WAS SET OR TIED.
MM INDICATES DATA IS MISSING.
T  INDICATES TRACE AMOUNT.




$$
