000
CDUS41 KCLE 090529
CLIMFD


CLIMATE REPORT
NATIONAL WEATHER SERVICE CLEVELAND OH
1228 AM EST TUE DEC 9 2014


...................................

...THE MANSFIELD OH CLIMATE SUMMARY FOR DECEMBER 8 2014...

CLIMATE NORMAL PERIOD 1981 TO 2010
CLIMATE RECORD PERIOD 1916 TO 2014


WEATHER ITEM   OBSERVED TIME   RECORD YEAR NORMAL DEPARTURE LAST
                VALUE   (LST)  VALUE       VALUE  FROM      YEAR
                                                  NORMAL
..................................................................
TEMPERATURE (F)
 YESTERDAY
  MAXIMUM         44   1259 PM  66    1966  39      5       29
  MINIMUM         33    734 AM   1    2005  25      8       13
  AVERAGE         39                        32      7       21

PRECIPITATION (IN)
  YESTERDAY        0.00                      0.11  -0.11      T
  MONTH TO DATE    0.98                      0.88   0.10     0.37
  SINCE DEC 1      0.98                      0.88   0.10     0.37
  SINCE JAN 1     35.64                     41.78  -6.14    39.21

SNOWFALL (IN)
  YESTERDAY        0.0                       0.3   -0.3       T
  MONTH TO DATE    T                         2.0   -2.0      4.5
  SINCE DEC 1      T                         2.0   -2.0      4.5
  SINCE JUL 1      5.9                       4.7    1.2      6.1
  SNOW DEPTH       0

DEGREE DAYS
 HEATING
  YESTERDAY       26                        33     -7       44
  MONTH TO DATE  248                       254     -6      236
  SINCE DEC 1    248                       254     -6      236
  SINCE JUL 1   1636                      1535    101     1568

 COOLING
  YESTERDAY        0                         0      0        0
  MONTH TO DATE    0                         0      0        0
  SINCE DEC 1      0                         0      0        0
  SINCE JAN 1    623                       632     -9      741
..................................................................


WIND (MPH)
  HIGHEST WIND SPEED    26   HIGHEST WIND DIRECTION     S (160)
  HIGHEST GUST SPEED    39   HIGHEST GUST DIRECTION    SE (150)
  AVERAGE WIND SPEED    14.8


SKY COVER
  POSSIBLE SUNSHINE  MM
  AVERAGE SKY COVER 0.2


WEATHER CONDITIONS
 THE FOLLOWING WEATHER WAS RECORDED YESTERDAY.
  NO SIGNIFICANT WEATHER WAS OBSERVED.


RELATIVE HUMIDITY (PERCENT)
 HIGHEST    59           800 PM
 LOWEST     32          1100 AM
 AVERAGE    46

..........................................................


THE MANSFIELD OH CLIMATE NORMALS FOR TODAY
                         NORMAL    RECORD    YEAR
 MAXIMUM TEMPERATURE (F)   38        60      1952
                                             1946
 MINIMUM TEMPERATURE (F)   25        -9      1917


SUNRISE AND SUNSET
DECEMBER  9 2014......SUNRISE   743 AM EST   SUNSET   502 PM EST
DECEMBER 10 2014......SUNRISE   743 AM EST   SUNSET   502 PM EST


-  INDICATES NEGATIVE NUMBERS.
R  INDICATES RECORD WAS SET OR TIED.
MM INDICATES DATA IS MISSING.
T  INDICATES TRACE AMOUNT.




$$
