000
CDUS41 KCLE 222114
CLIMFD


CLIMATE REPORT
NATIONAL WEATHER SERVICE CLEVELAND OH
512 PM EDT SAT AUG 22 2015


...................................

...THE MANSFIELD OH CLIMATE SUMMARY FOR AUGUST 22 2015...
VALID TODAY AS OF 0500 PM LOCAL TIME.

CLIMATE NORMAL PERIOD 1981 TO 2010
CLIMATE RECORD PERIOD 1916 TO 2015


WEATHER ITEM   OBSERVED TIME   RECORD YEAR NORMAL DEPARTURE LAST
                VALUE   (LST)  VALUE       VALUE  FROM      YEAR
                                                  NORMAL
..................................................................
TEMPERATURE (F)
 TODAY
  MAXIMUM         80    336 PM 101    1936  80      0       84
  MINIMUM         53    547 AM  37    1940  60     -7       69
  AVERAGE         67                        70     -3       77

PRECIPITATION (IN)
  TODAY            0.00                      0.13  -0.13     0.02
  MONTH TO DATE    0.97                      3.13  -2.16     3.54
  SINCE JUN 1      9.90                     12.26  -2.36    12.76
  SINCE JAN 1     27.69                     29.59  -1.90    29.09

SNOWFALL (IN)
  TODAY            0.0                       0.0    0.0      0.0
  MONTH TO DATE    0.0                       0.0    0.0      0.0
  SINCE JUN 1      0.0                       0.0    0.0      0.0
  SINCE JUL 1      0.0                       0.0    0.0      0.0
  SNOW DEPTH       0

DEGREE DAYS
 HEATING
  TODAY            0                         1     -1        0
  MONTH TO DATE    0                         3     -3       10
  SINCE JUN 1     36                        64    -28       51
  SINCE JUL 1      3                        11     -8       27

 COOLING
  TODAY            2                         5     -3       12
  MONTH TO DATE  135                       128      7      112
  SINCE JUN 1    480                       472      8      418
  SINCE JAN 1    598                       518     80      481
..................................................................


WIND (MPH)
  HIGHEST WIND SPEED    13   HIGHEST WIND DIRECTION     E (100)
  HIGHEST GUST SPEED    19   HIGHEST GUST DIRECTION     E (110)


SKY COVER
  POSSIBLE SUNSHINE  MM
  AVERAGE SKY COVER 0.0


WEATHER CONDITIONS
 THE FOLLOWING WEATHER WAS RECORDED TODAY.
  NO SIGNIFICANT WEATHER WAS OBSERVED.


RELATIVE HUMIDITY (PERCENT)
 HIGHEST    86           700 AM
 LOWEST     35           200 PM
 AVERAGE    61

..........................................................


THE MANSFIELD OH CLIMATE NORMALS FOR TOMORROW
                         NORMAL    RECORD    YEAR
 MAXIMUM TEMPERATURE (F)   80        97      1936
 MINIMUM TEMPERATURE (F)   59        41      1946
                                             1923


SUNRISE AND SUNSET
AUGUST 22 2015........SUNRISE   647 AM EDT   SUNSET   818 PM EDT
AUGUST 23 2015........SUNRISE   648 AM EDT   SUNSET   817 PM EDT


-  INDICATES NEGATIVE NUMBERS.
R  INDICATES RECORD WAS SET OR TIED.
MM INDICATES DATA IS MISSING.
T  INDICATES TRACE AMOUNT.




$$
