000
CDUS41 KCLE 090545
CLIMFD


CLIMATE REPORT
NATIONAL WEATHER SERVICE CLEVELAND OH
145 AM EDT WED AUG 9 2017


...................................

...THE MANSFIELD OH CLIMATE SUMMARY FOR AUGUST 8 2017...

CLIMATE NORMAL PERIOD 1981 TO 2010
CLIMATE RECORD PERIOD 1916 TO 2017


WEATHER ITEM   OBSERVED TIME   RECORD YEAR NORMAL DEPARTURE LAST
                VALUE   (LST)  VALUE       VALUE  FROM      YEAR
                                                  NORMAL
..................................................................
TEMPERATURE (F)
 YESTERDAY
  MAXIMUM         78    333 PM  94    1941  81     -3       86
                                      1934
                                      1931
  MINIMUM         57    547 AM  46    1989  61     -4       64
                                      1957
  AVERAGE         68                        71     -3       75

PRECIPITATION (IN)
  YESTERDAY        0.00                      0.15  -0.15     0.00
  MONTH TO DATE    1.51                      1.11   0.40     0.31
  SINCE JUN 1     14.12                     10.24   3.88     4.15
  SINCE JAN 1     35.27                     27.57   7.70    20.55

SNOWFALL (IN)
  YESTERDAY        0.0                       0.0    0.0      0.0
  MONTH TO DATE    0.0                       0.0    0.0      0.0
  SINCE JUN 1      0.0                       0.0    0.0      0.0
  SINCE JUL 1      0.0                       0.0    0.0      0.0
  SNOW DEPTH       0

DEGREE DAYS
 HEATING
  YESTERDAY        0                         0      0        0
  MONTH TO DATE    0                         0      0        0
  SINCE JUN 1     33                        61    -28       14
  SINCE JUL 1      0                         8     -8        1

 COOLING
  YESTERDAY        3                         6     -3       10
  MONTH TO DATE   38                        48    -10       90
  SINCE JUN 1    453                       392     61      590
  SINCE JAN 1    510                       438     72      652
..................................................................


WIND (MPH)
  HIGHEST WIND SPEED    14   HIGHEST WIND DIRECTION     N (340)
  HIGHEST GUST SPEED    18   HIGHEST GUST DIRECTION     N (340)
  AVERAGE WIND SPEED     5.7


SKY COVER
  POSSIBLE SUNSHINE  MM
  AVERAGE SKY COVER 0.2


WEATHER CONDITIONS
 THE FOLLOWING WEATHER WAS RECORDED YESTERDAY.
  NO SIGNIFICANT WEATHER WAS OBSERVED.


RELATIVE HUMIDITY (PERCENT)
 HIGHEST   100           200 AM
 LOWEST     43           500 PM
 AVERAGE    72

..........................................................


THE MANSFIELD OH CLIMATE NORMALS FOR TODAY
                         NORMAL    RECORD    YEAR
 MAXIMUM TEMPERATURE (F)   81        99      1934
 MINIMUM TEMPERATURE (F)   61        44      1945


SUNRISE AND SUNSET
AUGUST  9 2017........SUNRISE   635 AM EDT   SUNSET   836 PM EDT
AUGUST 10 2017........SUNRISE   635 AM EDT   SUNSET   835 PM EDT


-  INDICATES NEGATIVE NUMBERS.
R  INDICATES RECORD WAS SET OR TIED.
MM INDICATES DATA IS MISSING.
T  INDICATES TRACE AMOUNT.




$$
