000
CDUS41 KCLE 222111
CLIMFD


CLIMATE REPORT
NATIONAL WEATHER SERVICE CLEVELAND OH
511 PM EDT MON JUN 22 2015


...................................

...THE MANSFIELD OH CLIMATE SUMMARY FOR JUNE 22 2015...
VALID TODAY AS OF 0500 PM LOCAL TIME.

CLIMATE NORMAL PERIOD 1981 TO 2010
CLIMATE RECORD PERIOD 1916 TO 2015


WEATHER ITEM   OBSERVED TIME   RECORD YEAR NORMAL DEPARTURE LAST
                VALUE   (LST)  VALUE       VALUE  FROM      YEAR
                                                  NORMAL
..................................................................
TEMPERATURE (F)
 TODAY
  MAXIMUM         85    254 PM  95    1988  80      5       81
  MINIMUM         62    531 AM  38    1992  59      3       58
  AVERAGE         74                        70      4       70

PRECIPITATION (IN)
  TODAY            0.00                      0.16  -0.16     0.02
  MONTH TO DATE    4.57                      3.56   1.01     4.88
  SINCE JUN 1      4.57                      3.56   1.01     4.88
  SINCE JAN 1     22.36                     20.89   1.47    21.21

SNOWFALL (IN)
  TODAY            0.0                       0.0    0.0      0.0
  MONTH TO DATE    0.0                       0.0    0.0      0.0
  SINCE JUN 1      0.0                       0.0    0.0      0.0
  SINCE JUL 1     63.2                      48.3   14.9     65.4
  SNOW DEPTH       0

DEGREE DAYS
 HEATING
  TODAY            0                         1     -1        0
  MONTH TO DATE   28                        47    -19       24
  SINCE JUN 1     28                        47    -19       24
  SINCE JUL 1   6597                      6264    333     6715

 COOLING
  TODAY            9                         6      3        5
  MONTH TO DATE  134                        87     47       86
  SINCE JUN 1    134                        87     47       86
  SINCE JAN 1    252                       133    119      149
..................................................................


WIND (MPH)
  HIGHEST WIND SPEED    21   HIGHEST WIND DIRECTION     S (200)
  HIGHEST GUST SPEED    27   HIGHEST GUST DIRECTION     S (200)


SKY COVER
  POSSIBLE SUNSHINE  MM
  AVERAGE SKY COVER 0.2


WEATHER CONDITIONS
 THE FOLLOWING WEATHER WAS RECORDED TODAY.
  FOG


RELATIVE HUMIDITY (PERCENT)
 HIGHEST   100           300 AM
 LOWEST     62          1000 AM
 AVERAGE    81

..........................................................


THE MANSFIELD OH CLIMATE NORMALS FOR TOMORROW
                         NORMAL    RECORD    YEAR
 MAXIMUM TEMPERATURE (F)   80        91      1964
 MINIMUM TEMPERATURE (F)   59        41      1918


SUNRISE AND SUNSET
JUNE 22 2015..........SUNRISE   559 AM EDT   SUNSET   905 PM EDT
JUNE 23 2015..........SUNRISE   559 AM EDT   SUNSET   905 PM EDT


-  INDICATES NEGATIVE NUMBERS.
R  INDICATES RECORD WAS SET OR TIED.
MM INDICATES DATA IS MISSING.
T  INDICATES TRACE AMOUNT.




$$
