000
CDUS41 KCLE 072113
CLIMFD


CLIMATE REPORT
NATIONAL WEATHER SERVICE CLEVELAND OH
511 PM EDT THU SEP 7 2017


...................................

...THE MANSFIELD OH CLIMATE SUMMARY FOR SEPTEMBER 7 2017...
VALID TODAY AS OF 0500 PM LOCAL TIME.

CLIMATE NORMAL PERIOD 1981 TO 2010
CLIMATE RECORD PERIOD 1916 TO 2017


WEATHER ITEM   OBSERVED TIME   RECORD YEAR NORMAL DEPARTURE LAST
                VALUE   (LST)  VALUE       VALUE  FROM      YEAR
                                                  NORMAL
..................................................................
TEMPERATURE (F)
 TODAY
  MAXIMUM         65    310 PM  95    1939  77    -12       91
  MINIMUM         47    132 AM  42    1988  56     -9       74
                                      1962
                                      1956
  AVERAGE         56                        66    -10       83

PRECIPITATION (IN)
  TODAY            0.13                      0.11   0.02     0.00
  MONTH TO DATE    1.14                      0.84   0.30     0.00
  SINCE SEP 1      1.14                      0.84   0.30     0.00
  SINCE JAN 1     37.72                     31.67   6.05    23.63

SNOWFALL (IN)
  TODAY            0.0                       0.0    0.0      0.0
  MONTH TO DATE    0.0                       0.0    0.0      0.0
  SINCE SEP 1      0.0                       0.0    0.0      0.0
  SINCE JUL 1      0.0                       0.0    0.0      0.0
  SNOW DEPTH       0

DEGREE DAYS
 HEATING
  TODAY            9                         2      7        0
  MONTH TO DATE   35                        11     24        0
  SINCE SEP 1     35                        11     24        0
  SINCE JUL 1     49                        36     13        1

 COOLING
  TODAY            0                         3     -3       18
  MONTH TO DATE    6                        25    -19       44
  SINCE SEP 1      6                        25    -19       44
  SINCE JAN 1    623                       587     36      948
..................................................................


WIND (MPH)
  HIGHEST WIND SPEED    20   HIGHEST WIND DIRECTION     W (280)
  HIGHEST GUST SPEED    32   HIGHEST GUST DIRECTION     W (280)


SKY COVER
  POSSIBLE SUNSHINE  MM
  AVERAGE SKY COVER 0.7


WEATHER CONDITIONS
 THE FOLLOWING WEATHER WAS RECORDED TODAY.
  THUNDERSTORM
  HEAVY RAIN
  FOG


RELATIVE HUMIDITY (PERCENT)
 HIGHEST   100           200 AM
 LOWEST     56           300 PM
 AVERAGE    78

..........................................................


THE MANSFIELD OH CLIMATE NORMALS FOR TOMORROW
                         NORMAL    RECORD    YEAR
 MAXIMUM TEMPERATURE (F)   76        93      1964
                                             1933
 MINIMUM TEMPERATURE (F)   56        33      1956


SUNRISE AND SUNSET
SEPTEMBER  7 2017.....SUNRISE   703 AM EDT   SUNSET   752 PM EDT
SEPTEMBER  8 2017.....SUNRISE   704 AM EDT   SUNSET   750 PM EDT


-  INDICATES NEGATIVE NUMBERS.
R  INDICATES RECORD WAS SET OR TIED.
MM INDICATES DATA IS MISSING.
T  INDICATES TRACE AMOUNT.




$$
