000
CDUS41 KCLE 090532
CLIMFD


CLIMATE REPORT
NATIONAL WEATHER SERVICE CLEVELAND OH
1231 AM EST MON JAN 9 2017


...................................

...THE MANSFIELD OH CLIMATE SUMMARY FOR JANUARY 8 2017...

CLIMATE NORMAL PERIOD 1981 TO 2010
CLIMATE RECORD PERIOD 1916 TO 2017


WEATHER ITEM   OBSERVED TIME   RECORD YEAR NORMAL DEPARTURE LAST
                VALUE   (LST)  VALUE       VALUE  FROM      YEAR
                                                  NORMAL
..................................................................
TEMPERATURE (F)
 YESTERDAY
  MAXIMUM         15    209 PM  63    1937  33    -18       45
  MINIMUM          5    821 AM -10    1968  18    -13       24
  AVERAGE         10                        26    -16       35

PRECIPITATION (IN)
  YESTERDAY        T                         0.09  -0.09     0.16
  MONTH TO DATE    0.97                      0.81   0.16     0.17
  SINCE DEC 1      4.11                      4.10   0.01     4.33
  SINCE JAN 1      0.97                      0.81   0.16     0.17

SNOWFALL (IN)
  YESTERDAY        T                         0.5   -0.5      0.0
  MONTH TO DATE    2.0                       3.5   -1.5      0.1
  SINCE DEC 1     13.0                      14.0   -1.0      0.3
  SINCE JUL 1     13.2                      16.7   -3.5      0.3
  SNOW DEPTH       2

DEGREE DAYS
 HEATING
  YESTERDAY       55                        39     16       30
  MONTH TO DATE  335                       312     23      297
  SINCE DEC 1   1443                      1408     35      977
  SINCE JUL 1   2320                      2689   -369     1917

 COOLING
  YESTERDAY        0                         0      0        0
  MONTH TO DATE    0                         0      0        0
  SINCE DEC 1      0                         0      0        0
  SINCE JAN 1      0                         0      0        0
..................................................................


WIND (MPH)
  HIGHEST WIND SPEED    16   HIGHEST WIND DIRECTION     W (280)
  HIGHEST GUST SPEED    22   HIGHEST GUST DIRECTION     W (290)
  AVERAGE WIND SPEED     8.3


SKY COVER
  POSSIBLE SUNSHINE  MM
  AVERAGE SKY COVER 0.5


WEATHER CONDITIONS
 THE FOLLOWING WEATHER WAS RECORDED YESTERDAY.
  LIGHT SNOW
  FOG


RELATIVE HUMIDITY (PERCENT)
 HIGHEST    83           200 AM
 LOWEST     51           100 PM
 AVERAGE    67

..........................................................


THE MANSFIELD OH CLIMATE NORMALS FOR TODAY
                         NORMAL    RECORD    YEAR
 MAXIMUM TEMPERATURE (F)   33        61      1946
                                             1937
 MINIMUM TEMPERATURE (F)   18       -15      1940


SUNRISE AND SUNSET
JANUARY  9 2017.......SUNRISE   754 AM EST   SUNSET   521 PM EST
JANUARY 10 2017.......SUNRISE   754 AM EST   SUNSET   522 PM EST


-  INDICATES NEGATIVE NUMBERS.
R  INDICATES RECORD WAS SET OR TIED.
MM INDICATES DATA IS MISSING.
T  INDICATES TRACE AMOUNT.




$$
