000
CDUS41 KCLE 060530
CLIMFD


CLIMATE REPORT
NATIONAL WEATHER SERVICE CLEVELAND OH
1226 AM EST MON NOV 6 2017


...................................

...THE MANSFIELD OH CLIMATE SUMMARY FOR NOVEMBER 5 2017...

CLIMATE NORMAL PERIOD 1981 TO 2010
CLIMATE RECORD PERIOD 1916 TO 2017


WEATHER ITEM   OBSERVED TIME   RECORD YEAR NORMAL DEPARTURE LAST
                VALUE   (LST)  VALUE       VALUE  FROM      YEAR
                                                  NORMAL
..................................................................
TEMPERATURE (F)
 YESTERDAY
  MAXIMUM         67    459 PM  76    2015  54     13       61
  MINIMUM         58    616 PM  13    1991  37     21       35
  AVERAGE         63                        46     17       48

PRECIPITATION (IN)
  YESTERDAY        1.84                      0.13   1.71     0.00
  MONTH TO DATE    2.56                      0.62   1.94     0.04
  SINCE SEP 1      7.09                      6.88   0.21     7.22
  SINCE JAN 1     43.67                     37.71   5.96    30.85

SNOWFALL (IN)
  YESTERDAY        0.0                       0.1   -0.1      0.0
  MONTH TO DATE    0.1                       0.2   -0.1      0.0
  SINCE SEP 1      0.1                       0.7   -0.6      0.0
  SINCE JUL 1      0.1                       0.7   -0.6      0.0
  SNOW DEPTH       0

DEGREE DAYS
 HEATING
  YESTERDAY        2                        20    -18       17
  MONTH TO DATE   60                        95    -35       43
  SINCE SEP 1    423                       638   -215      351
  SINCE JUL 1    437                       663   -226      352

 COOLING
  YESTERDAY        0                         0      0        0
  MONTH TO DATE    0                         0      0        6
  SINCE SEP 1    131                        70     61      180
  SINCE JAN 1    748                       632    116     1084
..................................................................


WIND (MPH)
  HIGHEST WIND SPEED    24   HIGHEST WIND DIRECTION    NW (310)
  HIGHEST GUST SPEED    33   HIGHEST GUST DIRECTION     S (180)
  AVERAGE WIND SPEED    14.3


SKY COVER
  POSSIBLE SUNSHINE  MM
  AVERAGE SKY COVER 0.9


WEATHER CONDITIONS
 THE FOLLOWING WEATHER WAS RECORDED YESTERDAY.
  THUNDERSTORM
  HEAVY RAIN
  RAIN
  LIGHT RAIN
  FOG


RELATIVE HUMIDITY (PERCENT)
 HIGHEST   100           300 AM
 LOWEST     87          1200 AM
 AVERAGE    94

..........................................................


THE MANSFIELD OH CLIMATE NORMALS FOR TODAY
                         NORMAL    RECORD    YEAR
 MAXIMUM TEMPERATURE (F)   54        72      1975
                                             1938
 MINIMUM TEMPERATURE (F)   36        16      1944


SUNRISE AND SUNSET
NOVEMBER  6 2017......SUNRISE   707 AM EST   SUNSET   520 PM EST
NOVEMBER  7 2017......SUNRISE   708 AM EST   SUNSET   519 PM EST


-  INDICATES NEGATIVE NUMBERS.
R  INDICATES RECORD WAS SET OR TIED.
MM INDICATES DATA IS MISSING.
T  INDICATES TRACE AMOUNT.




$$
